{"id":18409,"date":"2025-12-12T18:01:15","date_gmt":"2025-12-12T17:01:15","guid":{"rendered":"https:\/\/test.ecbeaute.com\/?post_type=product&#038;p=18409"},"modified":"2025-12-12T18:01:20","modified_gmt":"2025-12-12T17:01:20","slug":"biokera-shampoing-scalp-care-cuir-chevelu-sensible-1000-ml","status":"publish","type":"product","link":"https:\/\/paracherkaoui.ma\/index.php\/produit\/biokera-shampoing-scalp-care-cuir-chevelu-sensible-1000-ml\/","title":{"rendered":"BIOKERA SHAMPOING SCALP CARE CUIR CHEVELU SENSIBLE 1000 ML"},"content":{"rendered":"<p>Description:<br \/>\nshampooing qui nettoie en douceur les cheveux de la contamination du s\u00e9bum et des pellicules qui obstrue le follicule pileux, r\u00e9tablissant l\u2019\u00e9quilibre du cuir chevelu.Parmi ses principaux atouts figurent le\u00a0miel issu de l\u2019apiculture biologique et l\u2019huile de graines de Chia.L\u2019ingr\u00e9dient principal de ce shampooing est le miel de certification biologique, r\u00e9colt\u00e9 par les abeilles dans les fleurs des r\u00e9gions \u00e9loign\u00e9es, \u00e0 au moins 3 km des centres de population ou des zones d\u2019activit\u00e9 industrielle.\u00a0Il poss\u00e8de des propri\u00e9t\u00e9s hydratantes, anti-inflammatoires, antioxydantes, antimicrobiennes et stimulantes pour le syst\u00e8me immunitaire.\u00a0Ses multiples avantages permettent de purifier les cheveux et le cuir chevelu, en r\u00e9tablissant son \u00e9quilibre naturel.L\u2019huile de graine de chia fournit la nutrition et le soin aux cheveux pour se maintenir sain et fort pour plus longtemps.Il ne contient pas de sulfates ou de parabens.<br \/>\nConseils d&rsquo;utilisation :<br \/>\nHumidifiez les cheveux avec de l\u2019eau ti\u00e8de et appliquez le shampooing, en \u00e9talant bien, en effectuant un premier lavage.\u00a0Rincez et r\u00e9p\u00e9tez l\u2019application.\u00a0Laisser quelques minutes de temps d\u2019exposition et rincer \u00e0 l\u2019eau.<\/p>\n","protected":false},"excerpt":{"rendered":"<p>Description: shampooing qui nettoie en douceur les cheveux de la contamination du s\u00e9bum et des pellicules qui obstrue le follicule<\/p>\n","protected":false},"featured_media":18466,"comment_status":"open","ping_status":"closed","template":"","meta":[],"product_brand":[191],"product_cat":[316],"product_tag":[],"class_list":{"0":"post-18409","1":"product","2":"type-product","3":"status-publish","4":"has-post-thumbnail","6":"product_brand-biokera","7":"product_cat-shampoings-soins-des-cheveux-cheveux","9":"first","10":"instock","11":"sale","12":"shipping-taxable","13":"purchasable","14":"product-type-simple"},"yoast_head":"<!-- This site is optimized with the Yoast SEO plugin v26.6 - https:\/\/yoast.com\/wordpress\/plugins\/seo\/ -->\r\n<title>BIOKERA SHAMPOING SCALP CARE CUIR CHEVELU SENSIBLE 1000 ML - Paracherkaoui.ma<\/title>\r\n<meta name=\"robots\" content=\"index, follow, max-snippet:-1, max-image-preview:large, max-video-preview:-1\" \/>\r\n<link rel=\"canonical\" href=\"https:\/\/paracherkaoui.ma\/index.php\/produit\/biokera-shampoing-scalp-care-cuir-chevelu-sensible-1000-ml\/\" \/>\r\n<meta property=\"og:locale\" content=\"fr_FR\" \/>\r\n<meta property=\"og:type\" content=\"article\" \/>\r\n<meta property=\"og:title\" content=\"BIOKERA SHAMPOING SCALP CARE CUIR CHEVELU SENSIBLE 1000 ML - Paracherkaoui.ma\" \/>\r\n<meta property=\"og:description\" content=\"Description: shampooing qui nettoie en douceur les cheveux de la contamination du s\u00e9bum et des pellicules qui obstrue le follicule\" \/>\r\n<meta property=\"og:url\" content=\"https:\/\/paracherkaoui.ma\/index.php\/produit\/biokera-shampoing-scalp-care-cuir-chevelu-sensible-1000-ml\/\" \/>\r\n<meta property=\"og:site_name\" content=\"Paracherkaoui.ma\" \/>\r\n<meta property=\"article:modified_time\" content=\"2025-12-12T17:01:20+00:00\" \/>\r\n<meta property=\"og:image\" content=\"https:\/\/paracherkaoui.ma\/wp-content\/uploads\/2025\/12\/biokera-biokera-shampoing-scalp-care-cuir-chevelu-sensible-1000-ml-shampoings-usage-frequent.jpg\" \/>\r\n\t<meta property=\"og:image:width\" content=\"700\" \/>\r\n\t<meta property=\"og:image:height\" content=\"700\" \/>\r\n\t<meta property=\"og:image:type\" content=\"image\/jpeg\" \/>\r\n<meta name=\"twitter:card\" content=\"summary_large_image\" \/>\r\n<meta name=\"twitter:label1\" content=\"Dur\u00e9e de lecture estim\u00e9e\" \/>\n\t<meta name=\"twitter:data1\" content=\"1 minute\" \/>\r\n<script type=\"application\/ld+json\" class=\"yoast-schema-graph\">{\"@context\":\"https:\/\/schema.org\",\"@graph\":[{\"@type\":\"WebPage\",\"@id\":\"https:\/\/paracherkaoui.ma\/index.php\/produit\/biokera-shampoing-scalp-care-cuir-chevelu-sensible-1000-ml\/\",\"url\":\"https:\/\/paracherkaoui.ma\/index.php\/produit\/biokera-shampoing-scalp-care-cuir-chevelu-sensible-1000-ml\/\",\"name\":\"BIOKERA SHAMPOING SCALP CARE CUIR CHEVELU SENSIBLE 1000 ML - Paracherkaoui.ma\",\"isPartOf\":{\"@id\":\"https:\/\/paracherkaoui.ma\/#website\"},\"primaryImageOfPage\":{\"@id\":\"https:\/\/paracherkaoui.ma\/index.php\/produit\/biokera-shampoing-scalp-care-cuir-chevelu-sensible-1000-ml\/#primaryimage\"},\"image\":{\"@id\":\"https:\/\/paracherkaoui.ma\/index.php\/produit\/biokera-shampoing-scalp-care-cuir-chevelu-sensible-1000-ml\/#primaryimage\"},\"thumbnailUrl\":\"https:\/\/paracherkaoui.ma\/wp-content\/uploads\/2025\/12\/biokera-biokera-shampoing-scalp-care-cuir-chevelu-sensible-1000-ml-shampoings-usage-frequent.jpg\",\"datePublished\":\"2025-12-12T17:01:15+00:00\",\"dateModified\":\"2025-12-12T17:01:20+00:00\",\"breadcrumb\":{\"@id\":\"https:\/\/paracherkaoui.ma\/index.php\/produit\/biokera-shampoing-scalp-care-cuir-chevelu-sensible-1000-ml\/#breadcrumb\"},\"inLanguage\":\"fr-FR\",\"potentialAction\":[{\"@type\":\"ReadAction\",\"target\":[\"https:\/\/paracherkaoui.ma\/index.php\/produit\/biokera-shampoing-scalp-care-cuir-chevelu-sensible-1000-ml\/\"]}]},{\"@type\":\"ImageObject\",\"inLanguage\":\"fr-FR\",\"@id\":\"https:\/\/paracherkaoui.ma\/index.php\/produit\/biokera-shampoing-scalp-care-cuir-chevelu-sensible-1000-ml\/#primaryimage\",\"url\":\"https:\/\/paracherkaoui.ma\/wp-content\/uploads\/2025\/12\/biokera-biokera-shampoing-scalp-care-cuir-chevelu-sensible-1000-ml-shampoings-usage-frequent.jpg\",\"contentUrl\":\"https:\/\/paracherkaoui.ma\/wp-content\/uploads\/2025\/12\/biokera-biokera-shampoing-scalp-care-cuir-chevelu-sensible-1000-ml-shampoings-usage-frequent.jpg\",\"width\":700,\"height\":700},{\"@type\":\"BreadcrumbList\",\"@id\":\"https:\/\/paracherkaoui.ma\/index.php\/produit\/biokera-shampoing-scalp-care-cuir-chevelu-sensible-1000-ml\/#breadcrumb\",\"itemListElement\":[{\"@type\":\"ListItem\",\"position\":1,\"name\":\"Accueil\",\"item\":\"https:\/\/paracherkaoui.ma\/\"},{\"@type\":\"ListItem\",\"position\":2,\"name\":\"Boutique\",\"item\":\"https:\/\/paracherkaoui.ma\/index.php\/boutique\/\"},{\"@type\":\"ListItem\",\"position\":3,\"name\":\"BIOKERA SHAMPOING SCALP CARE CUIR CHEVELU SENSIBLE 1000 ML\"}]},{\"@type\":\"WebSite\",\"@id\":\"https:\/\/paracherkaoui.ma\/#website\",\"url\":\"https:\/\/paracherkaoui.ma\/\",\"name\":\"Paracherkaoui.ma\",\"description\":\"Achetez en ligne sur Paracherkaoui.ma\",\"potentialAction\":[{\"@type\":\"SearchAction\",\"target\":{\"@type\":\"EntryPoint\",\"urlTemplate\":\"https:\/\/paracherkaoui.ma\/?s={search_term_string}\"},\"query-input\":{\"@type\":\"PropertyValueSpecification\",\"valueRequired\":true,\"valueName\":\"search_term_string\"}}],\"inLanguage\":\"fr-FR\"}]}<\/script>\r\n<!-- \/ Yoast SEO plugin. -->","yoast_head_json":{"title":"BIOKERA SHAMPOING SCALP CARE CUIR CHEVELU SENSIBLE 1000 ML - Paracherkaoui.ma","robots":{"index":"index","follow":"follow","max-snippet":"max-snippet:-1","max-image-preview":"max-image-preview:large","max-video-preview":"max-video-preview:-1"},"canonical":"https:\/\/paracherkaoui.ma\/index.php\/produit\/biokera-shampoing-scalp-care-cuir-chevelu-sensible-1000-ml\/","og_locale":"fr_FR","og_type":"article","og_title":"BIOKERA SHAMPOING SCALP CARE CUIR CHEVELU SENSIBLE 1000 ML - Paracherkaoui.ma","og_description":"Description: shampooing qui nettoie en douceur les cheveux de la contamination du s\u00e9bum et des pellicules qui obstrue le follicule","og_url":"https:\/\/paracherkaoui.ma\/index.php\/produit\/biokera-shampoing-scalp-care-cuir-chevelu-sensible-1000-ml\/","og_site_name":"Paracherkaoui.ma","article_modified_time":"2025-12-12T17:01:20+00:00","og_image":[{"width":700,"height":700,"url":"https:\/\/paracherkaoui.ma\/wp-content\/uploads\/2025\/12\/biokera-biokera-shampoing-scalp-care-cuir-chevelu-sensible-1000-ml-shampoings-usage-frequent.jpg","type":"image\/jpeg"}],"twitter_card":"summary_large_image","twitter_misc":{"Dur\u00e9e de lecture estim\u00e9e":"1 minute"},"schema":{"@context":"https:\/\/schema.org","@graph":[{"@type":"WebPage","@id":"https:\/\/paracherkaoui.ma\/index.php\/produit\/biokera-shampoing-scalp-care-cuir-chevelu-sensible-1000-ml\/","url":"https:\/\/paracherkaoui.ma\/index.php\/produit\/biokera-shampoing-scalp-care-cuir-chevelu-sensible-1000-ml\/","name":"BIOKERA SHAMPOING SCALP CARE CUIR CHEVELU SENSIBLE 1000 ML - Paracherkaoui.ma","isPartOf":{"@id":"https:\/\/paracherkaoui.ma\/#website"},"primaryImageOfPage":{"@id":"https:\/\/paracherkaoui.ma\/index.php\/produit\/biokera-shampoing-scalp-care-cuir-chevelu-sensible-1000-ml\/#primaryimage"},"image":{"@id":"https:\/\/paracherkaoui.ma\/index.php\/produit\/biokera-shampoing-scalp-care-cuir-chevelu-sensible-1000-ml\/#primaryimage"},"thumbnailUrl":"https:\/\/paracherkaoui.ma\/wp-content\/uploads\/2025\/12\/biokera-biokera-shampoing-scalp-care-cuir-chevelu-sensible-1000-ml-shampoings-usage-frequent.jpg","datePublished":"2025-12-12T17:01:15+00:00","dateModified":"2025-12-12T17:01:20+00:00","breadcrumb":{"@id":"https:\/\/paracherkaoui.ma\/index.php\/produit\/biokera-shampoing-scalp-care-cuir-chevelu-sensible-1000-ml\/#breadcrumb"},"inLanguage":"fr-FR","potentialAction":[{"@type":"ReadAction","target":["https:\/\/paracherkaoui.ma\/index.php\/produit\/biokera-shampoing-scalp-care-cuir-chevelu-sensible-1000-ml\/"]}]},{"@type":"ImageObject","inLanguage":"fr-FR","@id":"https:\/\/paracherkaoui.ma\/index.php\/produit\/biokera-shampoing-scalp-care-cuir-chevelu-sensible-1000-ml\/#primaryimage","url":"https:\/\/paracherkaoui.ma\/wp-content\/uploads\/2025\/12\/biokera-biokera-shampoing-scalp-care-cuir-chevelu-sensible-1000-ml-shampoings-usage-frequent.jpg","contentUrl":"https:\/\/paracherkaoui.ma\/wp-content\/uploads\/2025\/12\/biokera-biokera-shampoing-scalp-care-cuir-chevelu-sensible-1000-ml-shampoings-usage-frequent.jpg","width":700,"height":700},{"@type":"BreadcrumbList","@id":"https:\/\/paracherkaoui.ma\/index.php\/produit\/biokera-shampoing-scalp-care-cuir-chevelu-sensible-1000-ml\/#breadcrumb","itemListElement":[{"@type":"ListItem","position":1,"name":"Accueil","item":"https:\/\/paracherkaoui.ma\/"},{"@type":"ListItem","position":2,"name":"Boutique","item":"https:\/\/paracherkaoui.ma\/index.php\/boutique\/"},{"@type":"ListItem","position":3,"name":"BIOKERA SHAMPOING SCALP CARE CUIR CHEVELU SENSIBLE 1000 ML"}]},{"@type":"WebSite","@id":"https:\/\/paracherkaoui.ma\/#website","url":"https:\/\/paracherkaoui.ma\/","name":"Paracherkaoui.ma","description":"Achetez en ligne sur Paracherkaoui.ma","potentialAction":[{"@type":"SearchAction","target":{"@type":"EntryPoint","urlTemplate":"https:\/\/paracherkaoui.ma\/?s={search_term_string}"},"query-input":{"@type":"PropertyValueSpecification","valueRequired":true,"valueName":"search_term_string"}}],"inLanguage":"fr-FR"}]}},"_links":{"self":[{"href":"https:\/\/paracherkaoui.ma\/index.php\/wp-json\/wp\/v2\/product\/18409","targetHints":{"allow":["GET"]}}],"collection":[{"href":"https:\/\/paracherkaoui.ma\/index.php\/wp-json\/wp\/v2\/product"}],"about":[{"href":"https:\/\/paracherkaoui.ma\/index.php\/wp-json\/wp\/v2\/types\/product"}],"replies":[{"embeddable":true,"href":"https:\/\/paracherkaoui.ma\/index.php\/wp-json\/wp\/v2\/comments?post=18409"}],"version-history":[{"count":1,"href":"https:\/\/paracherkaoui.ma\/index.php\/wp-json\/wp\/v2\/product\/18409\/revisions"}],"predecessor-version":[{"id":18467,"href":"https:\/\/paracherkaoui.ma\/index.php\/wp-json\/wp\/v2\/product\/18409\/revisions\/18467"}],"wp:featuredmedia":[{"embeddable":true,"href":"https:\/\/paracherkaoui.ma\/index.php\/wp-json\/wp\/v2\/media\/18466"}],"wp:attachment":[{"href":"https:\/\/paracherkaoui.ma\/index.php\/wp-json\/wp\/v2\/media?parent=18409"}],"wp:term":[{"taxonomy":"product_brand","embeddable":true,"href":"https:\/\/paracherkaoui.ma\/index.php\/wp-json\/wp\/v2\/product_brand?post=18409"},{"taxonomy":"product_cat","embeddable":true,"href":"https:\/\/paracherkaoui.ma\/index.php\/wp-json\/wp\/v2\/product_cat?post=18409"},{"taxonomy":"product_tag","embeddable":true,"href":"https:\/\/paracherkaoui.ma\/index.php\/wp-json\/wp\/v2\/product_tag?post=18409"}],"curies":[{"name":"wp","href":"https:\/\/api.w.org\/{rel}","templated":true}]}}