{"id":18168,"date":"2025-12-12T18:00:47","date_gmt":"2025-12-12T17:00:47","guid":{"rendered":"https:\/\/test.ecbeaute.com\/?post_type=product&#038;p=18168"},"modified":"2025-12-12T18:00:51","modified_gmt":"2025-12-12T17:00:51","slug":"erayba-bio-smooth-bs12-smoothing-shampoing-1000-ml","status":"publish","type":"product","link":"https:\/\/paracherkaoui.ma\/index.php\/produit\/erayba-bio-smooth-bs12-smoothing-shampoing-1000-ml\/","title":{"rendered":"ERAYBA BIO SMOOTH BS12 SMOOTHING SHAMPOING 1000 ML"},"content":{"rendered":"<p>Shampoing lissant sans frisottis avec une riche source d\u2019acides amin\u00e9s et d\u2019ingr\u00e9dients actifs naturels.Compl\u00e9ment de Soin pour traitement lissant.<br \/>\nCheveux radieux hydrat\u00e9s. Pour tous types de cheveux. Soin Prot\u00e9in\u00e9 Effet Lissant aux Acides Amin\u00e9s, Prot\u00e9in\u00e9s de bl\u00e9 et Fruits d\u2019a\u00e7ai.Ne change pas la couleur des cheveux.Adapt\u00e9 aux enfants et femmes enceintes.<\/p>\n","protected":false},"excerpt":{"rendered":"<p>Shampoing lissant sans frisottis avec une riche source d\u2019acides amin\u00e9s et d\u2019ingr\u00e9dients actifs naturels.Compl\u00e9ment de Soin pour traitement lissant. Cheveux<\/p>\n","protected":false},"featured_media":18218,"comment_status":"open","ping_status":"closed","template":"","meta":[],"product_brand":[193],"product_cat":[316],"product_tag":[],"class_list":{"0":"post-18168","1":"product","2":"type-product","3":"status-publish","4":"has-post-thumbnail","6":"product_brand-erayba","7":"product_cat-shampoings-soins-des-cheveux-cheveux","9":"first","10":"instock","11":"sale","12":"shipping-taxable","13":"purchasable","14":"product-type-simple"},"yoast_head":"<!-- This site is optimized with the Yoast SEO plugin v26.6 - https:\/\/yoast.com\/wordpress\/plugins\/seo\/ -->\r\n<title>ERAYBA BIO SMOOTH BS12 SMOOTHING SHAMPOING 1000 ML - Paracherkaoui.ma<\/title>\r\n<meta name=\"robots\" content=\"index, follow, max-snippet:-1, max-image-preview:large, max-video-preview:-1\" \/>\r\n<link rel=\"canonical\" href=\"https:\/\/paracherkaoui.ma\/index.php\/produit\/erayba-bio-smooth-bs12-smoothing-shampoing-1000-ml\/\" \/>\r\n<meta property=\"og:locale\" content=\"fr_FR\" \/>\r\n<meta property=\"og:type\" content=\"article\" \/>\r\n<meta property=\"og:title\" content=\"ERAYBA BIO SMOOTH BS12 SMOOTHING SHAMPOING 1000 ML - Paracherkaoui.ma\" \/>\r\n<meta property=\"og:description\" content=\"Shampoing lissant sans frisottis avec une riche source d\u2019acides amin\u00e9s et d\u2019ingr\u00e9dients actifs naturels.Compl\u00e9ment de Soin pour traitement lissant. Cheveux\" \/>\r\n<meta property=\"og:url\" content=\"https:\/\/paracherkaoui.ma\/index.php\/produit\/erayba-bio-smooth-bs12-smoothing-shampoing-1000-ml\/\" \/>\r\n<meta property=\"og:site_name\" content=\"Paracherkaoui.ma\" \/>\r\n<meta property=\"article:modified_time\" content=\"2025-12-12T17:00:51+00:00\" \/>\r\n<meta property=\"og:image\" content=\"https:\/\/paracherkaoui.ma\/wp-content\/uploads\/2025\/12\/erayba-erayba-bio-smooth-bs12-smoothing-shampoing-1000-ml-shampoing-cheveux-secs.jpg\" \/>\r\n\t<meta property=\"og:image:width\" content=\"700\" \/>\r\n\t<meta property=\"og:image:height\" content=\"700\" \/>\r\n\t<meta property=\"og:image:type\" content=\"image\/jpeg\" \/>\r\n<meta name=\"twitter:card\" content=\"summary_large_image\" \/>\r\n<script type=\"application\/ld+json\" class=\"yoast-schema-graph\">{\"@context\":\"https:\/\/schema.org\",\"@graph\":[{\"@type\":\"WebPage\",\"@id\":\"https:\/\/paracherkaoui.ma\/index.php\/produit\/erayba-bio-smooth-bs12-smoothing-shampoing-1000-ml\/\",\"url\":\"https:\/\/paracherkaoui.ma\/index.php\/produit\/erayba-bio-smooth-bs12-smoothing-shampoing-1000-ml\/\",\"name\":\"ERAYBA BIO SMOOTH BS12 SMOOTHING SHAMPOING 1000 ML - Paracherkaoui.ma\",\"isPartOf\":{\"@id\":\"https:\/\/paracherkaoui.ma\/#website\"},\"primaryImageOfPage\":{\"@id\":\"https:\/\/paracherkaoui.ma\/index.php\/produit\/erayba-bio-smooth-bs12-smoothing-shampoing-1000-ml\/#primaryimage\"},\"image\":{\"@id\":\"https:\/\/paracherkaoui.ma\/index.php\/produit\/erayba-bio-smooth-bs12-smoothing-shampoing-1000-ml\/#primaryimage\"},\"thumbnailUrl\":\"https:\/\/paracherkaoui.ma\/wp-content\/uploads\/2025\/12\/erayba-erayba-bio-smooth-bs12-smoothing-shampoing-1000-ml-shampoing-cheveux-secs.jpg\",\"datePublished\":\"2025-12-12T17:00:47+00:00\",\"dateModified\":\"2025-12-12T17:00:51+00:00\",\"breadcrumb\":{\"@id\":\"https:\/\/paracherkaoui.ma\/index.php\/produit\/erayba-bio-smooth-bs12-smoothing-shampoing-1000-ml\/#breadcrumb\"},\"inLanguage\":\"fr-FR\",\"potentialAction\":[{\"@type\":\"ReadAction\",\"target\":[\"https:\/\/paracherkaoui.ma\/index.php\/produit\/erayba-bio-smooth-bs12-smoothing-shampoing-1000-ml\/\"]}]},{\"@type\":\"ImageObject\",\"inLanguage\":\"fr-FR\",\"@id\":\"https:\/\/paracherkaoui.ma\/index.php\/produit\/erayba-bio-smooth-bs12-smoothing-shampoing-1000-ml\/#primaryimage\",\"url\":\"https:\/\/paracherkaoui.ma\/wp-content\/uploads\/2025\/12\/erayba-erayba-bio-smooth-bs12-smoothing-shampoing-1000-ml-shampoing-cheveux-secs.jpg\",\"contentUrl\":\"https:\/\/paracherkaoui.ma\/wp-content\/uploads\/2025\/12\/erayba-erayba-bio-smooth-bs12-smoothing-shampoing-1000-ml-shampoing-cheveux-secs.jpg\",\"width\":700,\"height\":700},{\"@type\":\"BreadcrumbList\",\"@id\":\"https:\/\/paracherkaoui.ma\/index.php\/produit\/erayba-bio-smooth-bs12-smoothing-shampoing-1000-ml\/#breadcrumb\",\"itemListElement\":[{\"@type\":\"ListItem\",\"position\":1,\"name\":\"Accueil\",\"item\":\"https:\/\/paracherkaoui.ma\/\"},{\"@type\":\"ListItem\",\"position\":2,\"name\":\"Boutique\",\"item\":\"https:\/\/paracherkaoui.ma\/index.php\/boutique\/\"},{\"@type\":\"ListItem\",\"position\":3,\"name\":\"ERAYBA BIO SMOOTH BS12 SMOOTHING SHAMPOING 1000 ML\"}]},{\"@type\":\"WebSite\",\"@id\":\"https:\/\/paracherkaoui.ma\/#website\",\"url\":\"https:\/\/paracherkaoui.ma\/\",\"name\":\"Paracherkaoui.ma\",\"description\":\"Achetez en ligne sur Paracherkaoui.ma\",\"potentialAction\":[{\"@type\":\"SearchAction\",\"target\":{\"@type\":\"EntryPoint\",\"urlTemplate\":\"https:\/\/paracherkaoui.ma\/?s={search_term_string}\"},\"query-input\":{\"@type\":\"PropertyValueSpecification\",\"valueRequired\":true,\"valueName\":\"search_term_string\"}}],\"inLanguage\":\"fr-FR\"}]}<\/script>\r\n<!-- \/ Yoast SEO plugin. -->","yoast_head_json":{"title":"ERAYBA BIO SMOOTH BS12 SMOOTHING SHAMPOING 1000 ML - Paracherkaoui.ma","robots":{"index":"index","follow":"follow","max-snippet":"max-snippet:-1","max-image-preview":"max-image-preview:large","max-video-preview":"max-video-preview:-1"},"canonical":"https:\/\/paracherkaoui.ma\/index.php\/produit\/erayba-bio-smooth-bs12-smoothing-shampoing-1000-ml\/","og_locale":"fr_FR","og_type":"article","og_title":"ERAYBA BIO SMOOTH BS12 SMOOTHING SHAMPOING 1000 ML - Paracherkaoui.ma","og_description":"Shampoing lissant sans frisottis avec une riche source d\u2019acides amin\u00e9s et d\u2019ingr\u00e9dients actifs naturels.Compl\u00e9ment de Soin pour traitement lissant. Cheveux","og_url":"https:\/\/paracherkaoui.ma\/index.php\/produit\/erayba-bio-smooth-bs12-smoothing-shampoing-1000-ml\/","og_site_name":"Paracherkaoui.ma","article_modified_time":"2025-12-12T17:00:51+00:00","og_image":[{"width":700,"height":700,"url":"https:\/\/paracherkaoui.ma\/wp-content\/uploads\/2025\/12\/erayba-erayba-bio-smooth-bs12-smoothing-shampoing-1000-ml-shampoing-cheveux-secs.jpg","type":"image\/jpeg"}],"twitter_card":"summary_large_image","schema":{"@context":"https:\/\/schema.org","@graph":[{"@type":"WebPage","@id":"https:\/\/paracherkaoui.ma\/index.php\/produit\/erayba-bio-smooth-bs12-smoothing-shampoing-1000-ml\/","url":"https:\/\/paracherkaoui.ma\/index.php\/produit\/erayba-bio-smooth-bs12-smoothing-shampoing-1000-ml\/","name":"ERAYBA BIO SMOOTH BS12 SMOOTHING SHAMPOING 1000 ML - Paracherkaoui.ma","isPartOf":{"@id":"https:\/\/paracherkaoui.ma\/#website"},"primaryImageOfPage":{"@id":"https:\/\/paracherkaoui.ma\/index.php\/produit\/erayba-bio-smooth-bs12-smoothing-shampoing-1000-ml\/#primaryimage"},"image":{"@id":"https:\/\/paracherkaoui.ma\/index.php\/produit\/erayba-bio-smooth-bs12-smoothing-shampoing-1000-ml\/#primaryimage"},"thumbnailUrl":"https:\/\/paracherkaoui.ma\/wp-content\/uploads\/2025\/12\/erayba-erayba-bio-smooth-bs12-smoothing-shampoing-1000-ml-shampoing-cheveux-secs.jpg","datePublished":"2025-12-12T17:00:47+00:00","dateModified":"2025-12-12T17:00:51+00:00","breadcrumb":{"@id":"https:\/\/paracherkaoui.ma\/index.php\/produit\/erayba-bio-smooth-bs12-smoothing-shampoing-1000-ml\/#breadcrumb"},"inLanguage":"fr-FR","potentialAction":[{"@type":"ReadAction","target":["https:\/\/paracherkaoui.ma\/index.php\/produit\/erayba-bio-smooth-bs12-smoothing-shampoing-1000-ml\/"]}]},{"@type":"ImageObject","inLanguage":"fr-FR","@id":"https:\/\/paracherkaoui.ma\/index.php\/produit\/erayba-bio-smooth-bs12-smoothing-shampoing-1000-ml\/#primaryimage","url":"https:\/\/paracherkaoui.ma\/wp-content\/uploads\/2025\/12\/erayba-erayba-bio-smooth-bs12-smoothing-shampoing-1000-ml-shampoing-cheveux-secs.jpg","contentUrl":"https:\/\/paracherkaoui.ma\/wp-content\/uploads\/2025\/12\/erayba-erayba-bio-smooth-bs12-smoothing-shampoing-1000-ml-shampoing-cheveux-secs.jpg","width":700,"height":700},{"@type":"BreadcrumbList","@id":"https:\/\/paracherkaoui.ma\/index.php\/produit\/erayba-bio-smooth-bs12-smoothing-shampoing-1000-ml\/#breadcrumb","itemListElement":[{"@type":"ListItem","position":1,"name":"Accueil","item":"https:\/\/paracherkaoui.ma\/"},{"@type":"ListItem","position":2,"name":"Boutique","item":"https:\/\/paracherkaoui.ma\/index.php\/boutique\/"},{"@type":"ListItem","position":3,"name":"ERAYBA BIO SMOOTH BS12 SMOOTHING SHAMPOING 1000 ML"}]},{"@type":"WebSite","@id":"https:\/\/paracherkaoui.ma\/#website","url":"https:\/\/paracherkaoui.ma\/","name":"Paracherkaoui.ma","description":"Achetez en ligne sur Paracherkaoui.ma","potentialAction":[{"@type":"SearchAction","target":{"@type":"EntryPoint","urlTemplate":"https:\/\/paracherkaoui.ma\/?s={search_term_string}"},"query-input":{"@type":"PropertyValueSpecification","valueRequired":true,"valueName":"search_term_string"}}],"inLanguage":"fr-FR"}]}},"_links":{"self":[{"href":"https:\/\/paracherkaoui.ma\/index.php\/wp-json\/wp\/v2\/product\/18168","targetHints":{"allow":["GET"]}}],"collection":[{"href":"https:\/\/paracherkaoui.ma\/index.php\/wp-json\/wp\/v2\/product"}],"about":[{"href":"https:\/\/paracherkaoui.ma\/index.php\/wp-json\/wp\/v2\/types\/product"}],"replies":[{"embeddable":true,"href":"https:\/\/paracherkaoui.ma\/index.php\/wp-json\/wp\/v2\/comments?post=18168"}],"version-history":[{"count":1,"href":"https:\/\/paracherkaoui.ma\/index.php\/wp-json\/wp\/v2\/product\/18168\/revisions"}],"predecessor-version":[{"id":18219,"href":"https:\/\/paracherkaoui.ma\/index.php\/wp-json\/wp\/v2\/product\/18168\/revisions\/18219"}],"wp:featuredmedia":[{"embeddable":true,"href":"https:\/\/paracherkaoui.ma\/index.php\/wp-json\/wp\/v2\/media\/18218"}],"wp:attachment":[{"href":"https:\/\/paracherkaoui.ma\/index.php\/wp-json\/wp\/v2\/media?parent=18168"}],"wp:term":[{"taxonomy":"product_brand","embeddable":true,"href":"https:\/\/paracherkaoui.ma\/index.php\/wp-json\/wp\/v2\/product_brand?post=18168"},{"taxonomy":"product_cat","embeddable":true,"href":"https:\/\/paracherkaoui.ma\/index.php\/wp-json\/wp\/v2\/product_cat?post=18168"},{"taxonomy":"product_tag","embeddable":true,"href":"https:\/\/paracherkaoui.ma\/index.php\/wp-json\/wp\/v2\/product_tag?post=18168"}],"curies":[{"name":"wp","href":"https:\/\/api.w.org\/{rel}","templated":true}]}}