{"id":17979,"date":"2025-12-12T18:00:31","date_gmt":"2025-12-12T17:00:31","guid":{"rendered":"https:\/\/test.ecbeaute.com\/?post_type=product&#038;p=17979"},"modified":"2025-12-12T18:00:33","modified_gmt":"2025-12-12T17:00:33","slug":"phyto-curls-shampoing-hydratation-boucles-250-ml","status":"publish","type":"product","link":"https:\/\/paracherkaoui.ma\/index.php\/produit\/phyto-curls-shampoing-hydratation-boucles-250-ml\/","title":{"rendered":"PHYTO CURLS SHAMPOING HYDRATATION BOUCLES 250 ML"},"content":{"rendered":"<p>D\u00e9couvrez le PHYTO CURLS SHAMPOING HYDRATATION BOUCLES 250 ML, le soin indispensable pour vos cheveux ondul\u00e9s et boucl\u00e9s. Formul\u00e9 sans silicones, sulfates, colorants ni PEG, ce shampooing prend soin de vos boucles en douceur tout en les nourrissant en profondeur. Sa texture l\u00e9g\u00e8re et sa formule respectueuse de la fibre capillaire nettoient d\u00e9licatement tout en \u00e9liminant les r\u00e9sidus de produits coiffants.<br \/>\nLe secret de son efficacit\u00e9 r\u00e9side dans son Hydra Curl Complex, qui gaine la fibre capillaire pour des boucles parfaitement d\u00e9finies et \u00e9clatantes. Ce complexe unique agit au c\u0153ur de la fibre capillaire pour red\u00e9finir vos boucles, tout en offrant une hydratation durable. Gr\u00e2ce \u00e0 l&rsquo;extraction de mauve blanche, vos cheveux sont visiblement plus brillants, jusqu\u2019\u00e0 deux fois plus lumineux*, pour un effet naturel et une brillance \u00e9clatante.<br \/>\nSans agents agressifs, ce shampooing est le soin id\u00e9al pour les cheveux boucl\u00e9s et ondul\u00e9s, car il nourrit intens\u00e9ment et pr\u00e9serve l\u2019\u00e9lasticit\u00e9 de vos boucles sans les alourdir. R\u00e9sultat : des boucles hydrat\u00e9es, souples, et pleines de vie, pr\u00eates \u00e0 \u00eatre sublim\u00e9es. Offrez \u00e0 vos cheveux la douceur et la brillance qu&rsquo;ils m\u00e9ritent avec PHYTO CURLS SHAMPOING.<br \/>\nConseils d&rsquo;utilisation :<br \/>\nHumidifiez vos cheveux et appliquez une petite quantit\u00e9 de shampooing.<br \/>\nComposition :<br \/>\nAQUA \/ WATER \/ EAU. SODIUM LAUROYL SARCOSINATE. ERYTHRITOL. COCAMIDOPROPYL BETAINE. DECYL GLUCOSIDE. GLYCERIN. ACRYLATES COPOLYMER. CITRIC ACID. GUAR HYDROXYPROPYLTRIMONIUM CHLORIDE. PCA GLYCERYL OLEATE. COCO-GLUCOSIDE. GLYCERYL OLEATE. CHLORPHENESIN. POLYQUATERNIUM-22. GLYCOL DISTEARATE. SODIUM BENZOATE. PARFUM \/ FRAGRANCE. SODIUM HYDROXIDE. DISODIUM LAURYL SULFOSUCCINATE. GLYCERYL LAURATE. TRISODIUM ETHYLENEDIAMINE DISUCCINATE. LINALOOL. ALTHAEA OFFICINALIS ROOT EXTRACT. BENZYL ALCOHOL. BENZOIC ACID. DEHYDROACETIC ACID. TOCOPHEROL. HYDROGENATED VEGETABLE GLYCERIDES CITRATE.<\/p>\n","protected":false},"excerpt":{"rendered":"<p>D\u00e9couvrez le PHYTO CURLS SHAMPOING HYDRATATION BOUCLES 250 ML, le soin indispensable pour vos cheveux ondul\u00e9s et boucl\u00e9s. Formul\u00e9 sans<\/p>\n","protected":false},"featured_media":18015,"comment_status":"open","ping_status":"closed","template":"","meta":[],"product_brand":[233],"product_cat":[316],"product_tag":[],"class_list":{"0":"post-17979","1":"product","2":"type-product","3":"status-publish","4":"has-post-thumbnail","6":"product_brand-phyto","7":"product_cat-shampoings-soins-des-cheveux-cheveux","9":"first","10":"instock","11":"shipping-taxable","12":"purchasable","13":"product-type-simple"},"yoast_head":"<!-- This site is optimized with the Yoast SEO plugin v26.6 - https:\/\/yoast.com\/wordpress\/plugins\/seo\/ -->\r\n<title>PHYTO CURLS SHAMPOING HYDRATATION BOUCLES 250 ML - Paracherkaoui.ma<\/title>\r\n<meta name=\"robots\" content=\"index, follow, max-snippet:-1, max-image-preview:large, max-video-preview:-1\" \/>\r\n<link rel=\"canonical\" href=\"https:\/\/paracherkaoui.ma\/index.php\/produit\/phyto-curls-shampoing-hydratation-boucles-250-ml\/\" \/>\r\n<meta property=\"og:locale\" content=\"fr_FR\" \/>\r\n<meta property=\"og:type\" content=\"article\" \/>\r\n<meta property=\"og:title\" content=\"PHYTO CURLS SHAMPOING HYDRATATION BOUCLES 250 ML - Paracherkaoui.ma\" \/>\r\n<meta property=\"og:description\" content=\"D\u00e9couvrez le PHYTO CURLS SHAMPOING HYDRATATION BOUCLES 250 ML, le soin indispensable pour vos cheveux ondul\u00e9s et boucl\u00e9s. Formul\u00e9 sans\" \/>\r\n<meta property=\"og:url\" content=\"https:\/\/paracherkaoui.ma\/index.php\/produit\/phyto-curls-shampoing-hydratation-boucles-250-ml\/\" \/>\r\n<meta property=\"og:site_name\" content=\"Paracherkaoui.ma\" \/>\r\n<meta property=\"article:modified_time\" content=\"2025-12-12T17:00:33+00:00\" \/>\r\n<meta property=\"og:image\" content=\"https:\/\/paracherkaoui.ma\/wp-content\/uploads\/2025\/12\/phyto-curls-shampoing-hydratation-boucles-250-ml.jpg\" \/>\r\n\t<meta property=\"og:image:width\" content=\"700\" \/>\r\n\t<meta property=\"og:image:height\" content=\"700\" \/>\r\n\t<meta property=\"og:image:type\" content=\"image\/jpeg\" \/>\r\n<meta name=\"twitter:card\" content=\"summary_large_image\" \/>\r\n<meta name=\"twitter:label1\" content=\"Dur\u00e9e de lecture estim\u00e9e\" \/>\n\t<meta name=\"twitter:data1\" content=\"1 minute\" \/>\r\n<script type=\"application\/ld+json\" class=\"yoast-schema-graph\">{\"@context\":\"https:\/\/schema.org\",\"@graph\":[{\"@type\":\"WebPage\",\"@id\":\"https:\/\/paracherkaoui.ma\/index.php\/produit\/phyto-curls-shampoing-hydratation-boucles-250-ml\/\",\"url\":\"https:\/\/paracherkaoui.ma\/index.php\/produit\/phyto-curls-shampoing-hydratation-boucles-250-ml\/\",\"name\":\"PHYTO CURLS SHAMPOING HYDRATATION BOUCLES 250 ML - Paracherkaoui.ma\",\"isPartOf\":{\"@id\":\"https:\/\/paracherkaoui.ma\/#website\"},\"primaryImageOfPage\":{\"@id\":\"https:\/\/paracherkaoui.ma\/index.php\/produit\/phyto-curls-shampoing-hydratation-boucles-250-ml\/#primaryimage\"},\"image\":{\"@id\":\"https:\/\/paracherkaoui.ma\/index.php\/produit\/phyto-curls-shampoing-hydratation-boucles-250-ml\/#primaryimage\"},\"thumbnailUrl\":\"https:\/\/paracherkaoui.ma\/wp-content\/uploads\/2025\/12\/phyto-curls-shampoing-hydratation-boucles-250-ml.jpg\",\"datePublished\":\"2025-12-12T17:00:31+00:00\",\"dateModified\":\"2025-12-12T17:00:33+00:00\",\"breadcrumb\":{\"@id\":\"https:\/\/paracherkaoui.ma\/index.php\/produit\/phyto-curls-shampoing-hydratation-boucles-250-ml\/#breadcrumb\"},\"inLanguage\":\"fr-FR\",\"potentialAction\":[{\"@type\":\"ReadAction\",\"target\":[\"https:\/\/paracherkaoui.ma\/index.php\/produit\/phyto-curls-shampoing-hydratation-boucles-250-ml\/\"]}]},{\"@type\":\"ImageObject\",\"inLanguage\":\"fr-FR\",\"@id\":\"https:\/\/paracherkaoui.ma\/index.php\/produit\/phyto-curls-shampoing-hydratation-boucles-250-ml\/#primaryimage\",\"url\":\"https:\/\/paracherkaoui.ma\/wp-content\/uploads\/2025\/12\/phyto-curls-shampoing-hydratation-boucles-250-ml.jpg\",\"contentUrl\":\"https:\/\/paracherkaoui.ma\/wp-content\/uploads\/2025\/12\/phyto-curls-shampoing-hydratation-boucles-250-ml.jpg\",\"width\":700,\"height\":700},{\"@type\":\"BreadcrumbList\",\"@id\":\"https:\/\/paracherkaoui.ma\/index.php\/produit\/phyto-curls-shampoing-hydratation-boucles-250-ml\/#breadcrumb\",\"itemListElement\":[{\"@type\":\"ListItem\",\"position\":1,\"name\":\"Accueil\",\"item\":\"https:\/\/paracherkaoui.ma\/\"},{\"@type\":\"ListItem\",\"position\":2,\"name\":\"Boutique\",\"item\":\"https:\/\/paracherkaoui.ma\/index.php\/boutique\/\"},{\"@type\":\"ListItem\",\"position\":3,\"name\":\"PHYTO CURLS SHAMPOING HYDRATATION BOUCLES 250 ML\"}]},{\"@type\":\"WebSite\",\"@id\":\"https:\/\/paracherkaoui.ma\/#website\",\"url\":\"https:\/\/paracherkaoui.ma\/\",\"name\":\"Paracherkaoui.ma\",\"description\":\"Achetez en ligne sur Paracherkaoui.ma\",\"potentialAction\":[{\"@type\":\"SearchAction\",\"target\":{\"@type\":\"EntryPoint\",\"urlTemplate\":\"https:\/\/paracherkaoui.ma\/?s={search_term_string}\"},\"query-input\":{\"@type\":\"PropertyValueSpecification\",\"valueRequired\":true,\"valueName\":\"search_term_string\"}}],\"inLanguage\":\"fr-FR\"}]}<\/script>\r\n<!-- \/ Yoast SEO plugin. -->","yoast_head_json":{"title":"PHYTO CURLS SHAMPOING HYDRATATION BOUCLES 250 ML - Paracherkaoui.ma","robots":{"index":"index","follow":"follow","max-snippet":"max-snippet:-1","max-image-preview":"max-image-preview:large","max-video-preview":"max-video-preview:-1"},"canonical":"https:\/\/paracherkaoui.ma\/index.php\/produit\/phyto-curls-shampoing-hydratation-boucles-250-ml\/","og_locale":"fr_FR","og_type":"article","og_title":"PHYTO CURLS SHAMPOING HYDRATATION BOUCLES 250 ML - Paracherkaoui.ma","og_description":"D\u00e9couvrez le PHYTO CURLS SHAMPOING HYDRATATION BOUCLES 250 ML, le soin indispensable pour vos cheveux ondul\u00e9s et boucl\u00e9s. Formul\u00e9 sans","og_url":"https:\/\/paracherkaoui.ma\/index.php\/produit\/phyto-curls-shampoing-hydratation-boucles-250-ml\/","og_site_name":"Paracherkaoui.ma","article_modified_time":"2025-12-12T17:00:33+00:00","og_image":[{"width":700,"height":700,"url":"https:\/\/paracherkaoui.ma\/wp-content\/uploads\/2025\/12\/phyto-curls-shampoing-hydratation-boucles-250-ml.jpg","type":"image\/jpeg"}],"twitter_card":"summary_large_image","twitter_misc":{"Dur\u00e9e de lecture estim\u00e9e":"1 minute"},"schema":{"@context":"https:\/\/schema.org","@graph":[{"@type":"WebPage","@id":"https:\/\/paracherkaoui.ma\/index.php\/produit\/phyto-curls-shampoing-hydratation-boucles-250-ml\/","url":"https:\/\/paracherkaoui.ma\/index.php\/produit\/phyto-curls-shampoing-hydratation-boucles-250-ml\/","name":"PHYTO CURLS SHAMPOING HYDRATATION BOUCLES 250 ML - Paracherkaoui.ma","isPartOf":{"@id":"https:\/\/paracherkaoui.ma\/#website"},"primaryImageOfPage":{"@id":"https:\/\/paracherkaoui.ma\/index.php\/produit\/phyto-curls-shampoing-hydratation-boucles-250-ml\/#primaryimage"},"image":{"@id":"https:\/\/paracherkaoui.ma\/index.php\/produit\/phyto-curls-shampoing-hydratation-boucles-250-ml\/#primaryimage"},"thumbnailUrl":"https:\/\/paracherkaoui.ma\/wp-content\/uploads\/2025\/12\/phyto-curls-shampoing-hydratation-boucles-250-ml.jpg","datePublished":"2025-12-12T17:00:31+00:00","dateModified":"2025-12-12T17:00:33+00:00","breadcrumb":{"@id":"https:\/\/paracherkaoui.ma\/index.php\/produit\/phyto-curls-shampoing-hydratation-boucles-250-ml\/#breadcrumb"},"inLanguage":"fr-FR","potentialAction":[{"@type":"ReadAction","target":["https:\/\/paracherkaoui.ma\/index.php\/produit\/phyto-curls-shampoing-hydratation-boucles-250-ml\/"]}]},{"@type":"ImageObject","inLanguage":"fr-FR","@id":"https:\/\/paracherkaoui.ma\/index.php\/produit\/phyto-curls-shampoing-hydratation-boucles-250-ml\/#primaryimage","url":"https:\/\/paracherkaoui.ma\/wp-content\/uploads\/2025\/12\/phyto-curls-shampoing-hydratation-boucles-250-ml.jpg","contentUrl":"https:\/\/paracherkaoui.ma\/wp-content\/uploads\/2025\/12\/phyto-curls-shampoing-hydratation-boucles-250-ml.jpg","width":700,"height":700},{"@type":"BreadcrumbList","@id":"https:\/\/paracherkaoui.ma\/index.php\/produit\/phyto-curls-shampoing-hydratation-boucles-250-ml\/#breadcrumb","itemListElement":[{"@type":"ListItem","position":1,"name":"Accueil","item":"https:\/\/paracherkaoui.ma\/"},{"@type":"ListItem","position":2,"name":"Boutique","item":"https:\/\/paracherkaoui.ma\/index.php\/boutique\/"},{"@type":"ListItem","position":3,"name":"PHYTO CURLS SHAMPOING HYDRATATION BOUCLES 250 ML"}]},{"@type":"WebSite","@id":"https:\/\/paracherkaoui.ma\/#website","url":"https:\/\/paracherkaoui.ma\/","name":"Paracherkaoui.ma","description":"Achetez en ligne sur Paracherkaoui.ma","potentialAction":[{"@type":"SearchAction","target":{"@type":"EntryPoint","urlTemplate":"https:\/\/paracherkaoui.ma\/?s={search_term_string}"},"query-input":{"@type":"PropertyValueSpecification","valueRequired":true,"valueName":"search_term_string"}}],"inLanguage":"fr-FR"}]}},"_links":{"self":[{"href":"https:\/\/paracherkaoui.ma\/index.php\/wp-json\/wp\/v2\/product\/17979","targetHints":{"allow":["GET"]}}],"collection":[{"href":"https:\/\/paracherkaoui.ma\/index.php\/wp-json\/wp\/v2\/product"}],"about":[{"href":"https:\/\/paracherkaoui.ma\/index.php\/wp-json\/wp\/v2\/types\/product"}],"replies":[{"embeddable":true,"href":"https:\/\/paracherkaoui.ma\/index.php\/wp-json\/wp\/v2\/comments?post=17979"}],"version-history":[{"count":1,"href":"https:\/\/paracherkaoui.ma\/index.php\/wp-json\/wp\/v2\/product\/17979\/revisions"}],"predecessor-version":[{"id":18016,"href":"https:\/\/paracherkaoui.ma\/index.php\/wp-json\/wp\/v2\/product\/17979\/revisions\/18016"}],"wp:featuredmedia":[{"embeddable":true,"href":"https:\/\/paracherkaoui.ma\/index.php\/wp-json\/wp\/v2\/media\/18015"}],"wp:attachment":[{"href":"https:\/\/paracherkaoui.ma\/index.php\/wp-json\/wp\/v2\/media?parent=17979"}],"wp:term":[{"taxonomy":"product_brand","embeddable":true,"href":"https:\/\/paracherkaoui.ma\/index.php\/wp-json\/wp\/v2\/product_brand?post=17979"},{"taxonomy":"product_cat","embeddable":true,"href":"https:\/\/paracherkaoui.ma\/index.php\/wp-json\/wp\/v2\/product_cat?post=17979"},{"taxonomy":"product_tag","embeddable":true,"href":"https:\/\/paracherkaoui.ma\/index.php\/wp-json\/wp\/v2\/product_tag?post=17979"}],"curies":[{"name":"wp","href":"https:\/\/api.w.org\/{rel}","templated":true}]}}