{"id":17897,"date":"2025-12-12T18:00:26","date_gmt":"2025-12-12T17:00:26","guid":{"rendered":"https:\/\/test.ecbeaute.com\/?post_type=product&#038;p=17897"},"modified":"2025-12-12T18:00:28","modified_gmt":"2025-12-12T17:00:28","slug":"phyto-couleur-shampooing-anti-degorgement-500-ml","status":"publish","type":"product","link":"https:\/\/paracherkaoui.ma\/index.php\/produit\/phyto-couleur-shampooing-anti-degorgement-500-ml\/","title":{"rendered":"PHYTO COULEUR SHAMPOOING ANTI-DEGORGEMENT 500 ML"},"content":{"rendered":"<p>Gardez l&rsquo;\u00e9clat de votre couleur intact avec le Shampoing COULEUR, sp\u00e9cialement formul\u00e9 pour nettoyer en douceur et pr\u00e9server l&rsquo;intensit\u00e9 de votre couleur jusqu&rsquo;\u00e0 12 shampooings*. Ce shampoing exceptionnel offre une protection prolong\u00e9e \u00e0 vos cheveux color\u00e9s, les laissant doux, brillants et toujours aussi vibrants.<br \/>\nCaract\u00e9ristiques principales :<br \/>\nProtection de la couleur : Le Shampoing COULEUR nettoie d\u00e9licatement vos cheveux tout en pr\u00e9servant l\u2019intensit\u00e9 et l\u2019\u00e9clat de votre couleur. Apr\u00e8s 12 shampooings*, votre couleur reste aussi lumineuse et \u00e9clatante qu&rsquo;au premier jour.<br \/>\nPr\u00e9vention du d\u00e9gorgement : Au c\u0153ur de cette formule innovante se trouve un complexe de peptides de riz. Ce complexe limite le d\u00e9gorgement des pigments, assurant ainsi une tenue longue dur\u00e9e de votre couleur et un maintien de son \u00e9clat.<br \/>\nProtection antioxydante : Les tanins de tara et les jeunes pousses de tournesol, riches en antioxydants, apportent une protection efficace \u00e0 la couleur de vos cheveux contre les agressions ext\u00e9rieures. Ils aident \u00e0 maintenir la vivacit\u00e9 de votre couleur en prot\u00e9geant les cheveux des radicaux libres.<br \/>\nBrillance \u00e9clatante : L&rsquo;extraction de mauve blanche incluse dans la formule rend vos cheveux deux fois plus brillants. La mauve blanche revitalise et illumine les cheveux, leur conf\u00e9rant un \u00e9clat naturel et une douceur incomparable.<br \/>\nFormule saine et respectueuse : Ce shampoing est formul\u00e9 sans silicones, sans tensio-actifs sulfat\u00e9s et sans colorants. Il respecte la sant\u00e9 de votre cuir chevelu et de vos cheveux, offrant une solution naturelle et efficace pour des cheveux color\u00e9s en pleine sant\u00e9.<br \/>\nCONSEILS D&rsquo;UTILISATION :<br \/>\nAppliquez une quantit\u00e9 g\u00e9n\u00e9reuse de shampoing COULEUR sur cheveux mouill\u00e9s. Massez doucement le cuir chevelu et les cheveux pour faire mousser. Profitez de ce moment pour d\u00e9tendre votre cuir chevelu avec des mouvements circulaires.<\/p>\n","protected":false},"excerpt":{"rendered":"<p>Gardez l&rsquo;\u00e9clat de votre couleur intact avec le Shampoing COULEUR, sp\u00e9cialement formul\u00e9 pour nettoyer en douceur et pr\u00e9server l&rsquo;intensit\u00e9 de<\/p>\n","protected":false},"featured_media":17937,"comment_status":"open","ping_status":"closed","template":"","meta":[],"product_brand":[233],"product_cat":[316],"product_tag":[],"class_list":{"0":"post-17897","1":"product","2":"type-product","3":"status-publish","4":"has-post-thumbnail","6":"product_brand-phyto","7":"product_cat-shampoings-soins-des-cheveux-cheveux","9":"first","10":"instock","11":"shipping-taxable","12":"purchasable","13":"product-type-simple"},"yoast_head":"<!-- This site is optimized with the Yoast SEO plugin v26.6 - https:\/\/yoast.com\/wordpress\/plugins\/seo\/ -->\r\n<title>PHYTO COULEUR SHAMPOOING ANTI-DEGORGEMENT 500 ML - Paracherkaoui.ma<\/title>\r\n<meta name=\"robots\" content=\"index, follow, max-snippet:-1, max-image-preview:large, max-video-preview:-1\" \/>\r\n<link rel=\"canonical\" href=\"https:\/\/paracherkaoui.ma\/index.php\/produit\/phyto-couleur-shampooing-anti-degorgement-500-ml\/\" \/>\r\n<meta property=\"og:locale\" content=\"fr_FR\" \/>\r\n<meta property=\"og:type\" content=\"article\" \/>\r\n<meta property=\"og:title\" content=\"PHYTO COULEUR SHAMPOOING ANTI-DEGORGEMENT 500 ML - Paracherkaoui.ma\" \/>\r\n<meta property=\"og:description\" content=\"Gardez l&rsquo;\u00e9clat de votre couleur intact avec le Shampoing COULEUR, sp\u00e9cialement formul\u00e9 pour nettoyer en douceur et pr\u00e9server l&rsquo;intensit\u00e9 de\" \/>\r\n<meta property=\"og:url\" content=\"https:\/\/paracherkaoui.ma\/index.php\/produit\/phyto-couleur-shampooing-anti-degorgement-500-ml\/\" \/>\r\n<meta property=\"og:site_name\" content=\"Paracherkaoui.ma\" \/>\r\n<meta property=\"article:modified_time\" content=\"2025-12-12T17:00:28+00:00\" \/>\r\n<meta property=\"og:image\" content=\"https:\/\/paracherkaoui.ma\/wp-content\/uploads\/2025\/12\/phyto-phyto-couleur-shampooing-anti-degorgement-500-ml-shampoing-cheveux-colores.jpg\" \/>\r\n\t<meta property=\"og:image:width\" content=\"700\" \/>\r\n\t<meta property=\"og:image:height\" content=\"700\" \/>\r\n\t<meta property=\"og:image:type\" content=\"image\/jpeg\" \/>\r\n<meta name=\"twitter:card\" content=\"summary_large_image\" \/>\r\n<meta name=\"twitter:label1\" content=\"Dur\u00e9e de lecture estim\u00e9e\" \/>\n\t<meta name=\"twitter:data1\" content=\"1 minute\" \/>\r\n<script type=\"application\/ld+json\" class=\"yoast-schema-graph\">{\"@context\":\"https:\/\/schema.org\",\"@graph\":[{\"@type\":\"WebPage\",\"@id\":\"https:\/\/paracherkaoui.ma\/index.php\/produit\/phyto-couleur-shampooing-anti-degorgement-500-ml\/\",\"url\":\"https:\/\/paracherkaoui.ma\/index.php\/produit\/phyto-couleur-shampooing-anti-degorgement-500-ml\/\",\"name\":\"PHYTO COULEUR SHAMPOOING ANTI-DEGORGEMENT 500 ML - Paracherkaoui.ma\",\"isPartOf\":{\"@id\":\"https:\/\/paracherkaoui.ma\/#website\"},\"primaryImageOfPage\":{\"@id\":\"https:\/\/paracherkaoui.ma\/index.php\/produit\/phyto-couleur-shampooing-anti-degorgement-500-ml\/#primaryimage\"},\"image\":{\"@id\":\"https:\/\/paracherkaoui.ma\/index.php\/produit\/phyto-couleur-shampooing-anti-degorgement-500-ml\/#primaryimage\"},\"thumbnailUrl\":\"https:\/\/paracherkaoui.ma\/wp-content\/uploads\/2025\/12\/phyto-phyto-couleur-shampooing-anti-degorgement-500-ml-shampoing-cheveux-colores.jpg\",\"datePublished\":\"2025-12-12T17:00:26+00:00\",\"dateModified\":\"2025-12-12T17:00:28+00:00\",\"breadcrumb\":{\"@id\":\"https:\/\/paracherkaoui.ma\/index.php\/produit\/phyto-couleur-shampooing-anti-degorgement-500-ml\/#breadcrumb\"},\"inLanguage\":\"fr-FR\",\"potentialAction\":[{\"@type\":\"ReadAction\",\"target\":[\"https:\/\/paracherkaoui.ma\/index.php\/produit\/phyto-couleur-shampooing-anti-degorgement-500-ml\/\"]}]},{\"@type\":\"ImageObject\",\"inLanguage\":\"fr-FR\",\"@id\":\"https:\/\/paracherkaoui.ma\/index.php\/produit\/phyto-couleur-shampooing-anti-degorgement-500-ml\/#primaryimage\",\"url\":\"https:\/\/paracherkaoui.ma\/wp-content\/uploads\/2025\/12\/phyto-phyto-couleur-shampooing-anti-degorgement-500-ml-shampoing-cheveux-colores.jpg\",\"contentUrl\":\"https:\/\/paracherkaoui.ma\/wp-content\/uploads\/2025\/12\/phyto-phyto-couleur-shampooing-anti-degorgement-500-ml-shampoing-cheveux-colores.jpg\",\"width\":700,\"height\":700},{\"@type\":\"BreadcrumbList\",\"@id\":\"https:\/\/paracherkaoui.ma\/index.php\/produit\/phyto-couleur-shampooing-anti-degorgement-500-ml\/#breadcrumb\",\"itemListElement\":[{\"@type\":\"ListItem\",\"position\":1,\"name\":\"Accueil\",\"item\":\"https:\/\/paracherkaoui.ma\/\"},{\"@type\":\"ListItem\",\"position\":2,\"name\":\"Boutique\",\"item\":\"https:\/\/paracherkaoui.ma\/index.php\/boutique\/\"},{\"@type\":\"ListItem\",\"position\":3,\"name\":\"PHYTO COULEUR SHAMPOOING ANTI-DEGORGEMENT 500 ML\"}]},{\"@type\":\"WebSite\",\"@id\":\"https:\/\/paracherkaoui.ma\/#website\",\"url\":\"https:\/\/paracherkaoui.ma\/\",\"name\":\"Paracherkaoui.ma\",\"description\":\"Achetez en ligne sur Paracherkaoui.ma\",\"potentialAction\":[{\"@type\":\"SearchAction\",\"target\":{\"@type\":\"EntryPoint\",\"urlTemplate\":\"https:\/\/paracherkaoui.ma\/?s={search_term_string}\"},\"query-input\":{\"@type\":\"PropertyValueSpecification\",\"valueRequired\":true,\"valueName\":\"search_term_string\"}}],\"inLanguage\":\"fr-FR\"}]}<\/script>\r\n<!-- \/ Yoast SEO plugin. -->","yoast_head_json":{"title":"PHYTO COULEUR SHAMPOOING ANTI-DEGORGEMENT 500 ML - Paracherkaoui.ma","robots":{"index":"index","follow":"follow","max-snippet":"max-snippet:-1","max-image-preview":"max-image-preview:large","max-video-preview":"max-video-preview:-1"},"canonical":"https:\/\/paracherkaoui.ma\/index.php\/produit\/phyto-couleur-shampooing-anti-degorgement-500-ml\/","og_locale":"fr_FR","og_type":"article","og_title":"PHYTO COULEUR SHAMPOOING ANTI-DEGORGEMENT 500 ML - Paracherkaoui.ma","og_description":"Gardez l&rsquo;\u00e9clat de votre couleur intact avec le Shampoing COULEUR, sp\u00e9cialement formul\u00e9 pour nettoyer en douceur et pr\u00e9server l&rsquo;intensit\u00e9 de","og_url":"https:\/\/paracherkaoui.ma\/index.php\/produit\/phyto-couleur-shampooing-anti-degorgement-500-ml\/","og_site_name":"Paracherkaoui.ma","article_modified_time":"2025-12-12T17:00:28+00:00","og_image":[{"width":700,"height":700,"url":"https:\/\/paracherkaoui.ma\/wp-content\/uploads\/2025\/12\/phyto-phyto-couleur-shampooing-anti-degorgement-500-ml-shampoing-cheveux-colores.jpg","type":"image\/jpeg"}],"twitter_card":"summary_large_image","twitter_misc":{"Dur\u00e9e de lecture estim\u00e9e":"1 minute"},"schema":{"@context":"https:\/\/schema.org","@graph":[{"@type":"WebPage","@id":"https:\/\/paracherkaoui.ma\/index.php\/produit\/phyto-couleur-shampooing-anti-degorgement-500-ml\/","url":"https:\/\/paracherkaoui.ma\/index.php\/produit\/phyto-couleur-shampooing-anti-degorgement-500-ml\/","name":"PHYTO COULEUR SHAMPOOING ANTI-DEGORGEMENT 500 ML - Paracherkaoui.ma","isPartOf":{"@id":"https:\/\/paracherkaoui.ma\/#website"},"primaryImageOfPage":{"@id":"https:\/\/paracherkaoui.ma\/index.php\/produit\/phyto-couleur-shampooing-anti-degorgement-500-ml\/#primaryimage"},"image":{"@id":"https:\/\/paracherkaoui.ma\/index.php\/produit\/phyto-couleur-shampooing-anti-degorgement-500-ml\/#primaryimage"},"thumbnailUrl":"https:\/\/paracherkaoui.ma\/wp-content\/uploads\/2025\/12\/phyto-phyto-couleur-shampooing-anti-degorgement-500-ml-shampoing-cheveux-colores.jpg","datePublished":"2025-12-12T17:00:26+00:00","dateModified":"2025-12-12T17:00:28+00:00","breadcrumb":{"@id":"https:\/\/paracherkaoui.ma\/index.php\/produit\/phyto-couleur-shampooing-anti-degorgement-500-ml\/#breadcrumb"},"inLanguage":"fr-FR","potentialAction":[{"@type":"ReadAction","target":["https:\/\/paracherkaoui.ma\/index.php\/produit\/phyto-couleur-shampooing-anti-degorgement-500-ml\/"]}]},{"@type":"ImageObject","inLanguage":"fr-FR","@id":"https:\/\/paracherkaoui.ma\/index.php\/produit\/phyto-couleur-shampooing-anti-degorgement-500-ml\/#primaryimage","url":"https:\/\/paracherkaoui.ma\/wp-content\/uploads\/2025\/12\/phyto-phyto-couleur-shampooing-anti-degorgement-500-ml-shampoing-cheveux-colores.jpg","contentUrl":"https:\/\/paracherkaoui.ma\/wp-content\/uploads\/2025\/12\/phyto-phyto-couleur-shampooing-anti-degorgement-500-ml-shampoing-cheveux-colores.jpg","width":700,"height":700},{"@type":"BreadcrumbList","@id":"https:\/\/paracherkaoui.ma\/index.php\/produit\/phyto-couleur-shampooing-anti-degorgement-500-ml\/#breadcrumb","itemListElement":[{"@type":"ListItem","position":1,"name":"Accueil","item":"https:\/\/paracherkaoui.ma\/"},{"@type":"ListItem","position":2,"name":"Boutique","item":"https:\/\/paracherkaoui.ma\/index.php\/boutique\/"},{"@type":"ListItem","position":3,"name":"PHYTO COULEUR SHAMPOOING ANTI-DEGORGEMENT 500 ML"}]},{"@type":"WebSite","@id":"https:\/\/paracherkaoui.ma\/#website","url":"https:\/\/paracherkaoui.ma\/","name":"Paracherkaoui.ma","description":"Achetez en ligne sur Paracherkaoui.ma","potentialAction":[{"@type":"SearchAction","target":{"@type":"EntryPoint","urlTemplate":"https:\/\/paracherkaoui.ma\/?s={search_term_string}"},"query-input":{"@type":"PropertyValueSpecification","valueRequired":true,"valueName":"search_term_string"}}],"inLanguage":"fr-FR"}]}},"_links":{"self":[{"href":"https:\/\/paracherkaoui.ma\/index.php\/wp-json\/wp\/v2\/product\/17897","targetHints":{"allow":["GET"]}}],"collection":[{"href":"https:\/\/paracherkaoui.ma\/index.php\/wp-json\/wp\/v2\/product"}],"about":[{"href":"https:\/\/paracherkaoui.ma\/index.php\/wp-json\/wp\/v2\/types\/product"}],"replies":[{"embeddable":true,"href":"https:\/\/paracherkaoui.ma\/index.php\/wp-json\/wp\/v2\/comments?post=17897"}],"version-history":[{"count":1,"href":"https:\/\/paracherkaoui.ma\/index.php\/wp-json\/wp\/v2\/product\/17897\/revisions"}],"predecessor-version":[{"id":17938,"href":"https:\/\/paracherkaoui.ma\/index.php\/wp-json\/wp\/v2\/product\/17897\/revisions\/17938"}],"wp:featuredmedia":[{"embeddable":true,"href":"https:\/\/paracherkaoui.ma\/index.php\/wp-json\/wp\/v2\/media\/17937"}],"wp:attachment":[{"href":"https:\/\/paracherkaoui.ma\/index.php\/wp-json\/wp\/v2\/media?parent=17897"}],"wp:term":[{"taxonomy":"product_brand","embeddable":true,"href":"https:\/\/paracherkaoui.ma\/index.php\/wp-json\/wp\/v2\/product_brand?post=17897"},{"taxonomy":"product_cat","embeddable":true,"href":"https:\/\/paracherkaoui.ma\/index.php\/wp-json\/wp\/v2\/product_cat?post=17897"},{"taxonomy":"product_tag","embeddable":true,"href":"https:\/\/paracherkaoui.ma\/index.php\/wp-json\/wp\/v2\/product_tag?post=17897"}],"curies":[{"name":"wp","href":"https:\/\/api.w.org\/{rel}","templated":true}]}}