{"id":17816,"date":"2025-12-12T18:00:20","date_gmt":"2025-12-12T17:00:20","guid":{"rendered":"https:\/\/test.ecbeaute.com\/?post_type=product&#038;p=17816"},"modified":"2025-12-12T18:00:24","modified_gmt":"2025-12-12T17:00:24","slug":"hd-cosmetics-keroseb-shampoing-cheveux-gras-125-ml","status":"publish","type":"product","link":"https:\/\/paracherkaoui.ma\/index.php\/produit\/hd-cosmetics-keroseb-shampoing-cheveux-gras-125-ml\/","title":{"rendered":"HD COSMETICS KEROSEB SHAMPOING CHEVEUX GRAS 125 ML"},"content":{"rendered":"<p>Le shampooing HD Cosmetic Efficiency Keroseb est id\u00e9al pour les cuirs chevelus sujets \u00e0 la s\u00e9borrh\u00e9ique ou \u00e0 l&rsquo;exc\u00e8s de s\u00e9bum, c&rsquo;est-\u00e0-dire ceux qui souffrent de beaucoup de pellicules et de desquamation.<br \/>\nGr\u00e2ce \u00e0 ses ingr\u00e9dients cl\u00e9s, le shampooing HD Cosmetic Efficiency Keroseb parvient \u00e0 traiter les pellicules et les pellicules g\u00eanantes.<br \/>\nPiroctone olamine Agent antibact\u00e9rien, anti-inflammatoire et antimicrobien.<br \/>\nAcide salicylique Nettoyant en profondeur, r\u00e9gulateur de s\u00e9bum.<br \/>\nConseils d&rsquo;utilisation:<br \/>\nAppliquer matin et soir apr\u00e8s le nettoyage du visage sur la peau du visage en accordant une attention particuli\u00e8re au front, aux sourcils et \u00e0 la zone p\u00e9rinasale. Il est recommand\u00e9 de l&rsquo;associer au Shampooing KEROSEB en cas de tendances s\u00e9borrh\u00e9iques et desquamations du cuir chevelu. Usage externe.<\/p>\n","protected":false},"excerpt":{"rendered":"<p>Le shampooing HD Cosmetic Efficiency Keroseb est id\u00e9al pour les cuirs chevelus sujets \u00e0 la s\u00e9borrh\u00e9ique ou \u00e0 l&rsquo;exc\u00e8s de<\/p>\n","protected":false},"featured_media":17867,"comment_status":"open","ping_status":"closed","template":"","meta":[],"product_brand":[320],"product_cat":[316],"product_tag":[],"class_list":{"0":"post-17816","1":"product","2":"type-product","3":"status-publish","4":"has-post-thumbnail","6":"product_brand-hd-cosmetics-effeciency","7":"product_cat-shampoings-soins-des-cheveux-cheveux","9":"first","10":"instock","11":"sale","12":"shipping-taxable","13":"purchasable","14":"product-type-simple"},"yoast_head":"<!-- This site is optimized with the Yoast SEO plugin v26.6 - https:\/\/yoast.com\/wordpress\/plugins\/seo\/ -->\r\n<title>HD COSMETICS KEROSEB SHAMPOING CHEVEUX GRAS 125 ML - Paracherkaoui.ma<\/title>\r\n<meta name=\"robots\" content=\"index, follow, max-snippet:-1, max-image-preview:large, max-video-preview:-1\" \/>\r\n<link rel=\"canonical\" href=\"https:\/\/paracherkaoui.ma\/index.php\/produit\/hd-cosmetics-keroseb-shampoing-cheveux-gras-125-ml\/\" \/>\r\n<meta property=\"og:locale\" content=\"fr_FR\" \/>\r\n<meta property=\"og:type\" content=\"article\" \/>\r\n<meta property=\"og:title\" content=\"HD COSMETICS KEROSEB SHAMPOING CHEVEUX GRAS 125 ML - Paracherkaoui.ma\" \/>\r\n<meta property=\"og:description\" content=\"Le shampooing HD Cosmetic Efficiency Keroseb est id\u00e9al pour les cuirs chevelus sujets \u00e0 la s\u00e9borrh\u00e9ique ou \u00e0 l&rsquo;exc\u00e8s de\" \/>\r\n<meta property=\"og:url\" content=\"https:\/\/paracherkaoui.ma\/index.php\/produit\/hd-cosmetics-keroseb-shampoing-cheveux-gras-125-ml\/\" \/>\r\n<meta property=\"og:site_name\" content=\"Paracherkaoui.ma\" \/>\r\n<meta property=\"article:modified_time\" content=\"2025-12-12T17:00:24+00:00\" \/>\r\n<meta property=\"og:image\" content=\"https:\/\/paracherkaoui.ma\/wp-content\/uploads\/2025\/12\/hd-cosmetics-effeciency-hd-cosmetics-keroseb-shampoing-cheveux-gras-125-ml-shampoing-cheveux-gras.jpg\" \/>\r\n\t<meta property=\"og:image:width\" content=\"700\" \/>\r\n\t<meta property=\"og:image:height\" content=\"700\" \/>\r\n\t<meta property=\"og:image:type\" content=\"image\/jpeg\" \/>\r\n<meta name=\"twitter:card\" content=\"summary_large_image\" \/>\r\n<meta name=\"twitter:label1\" content=\"Dur\u00e9e de lecture estim\u00e9e\" \/>\n\t<meta name=\"twitter:data1\" content=\"1 minute\" \/>\r\n<script type=\"application\/ld+json\" class=\"yoast-schema-graph\">{\"@context\":\"https:\/\/schema.org\",\"@graph\":[{\"@type\":\"WebPage\",\"@id\":\"https:\/\/paracherkaoui.ma\/index.php\/produit\/hd-cosmetics-keroseb-shampoing-cheveux-gras-125-ml\/\",\"url\":\"https:\/\/paracherkaoui.ma\/index.php\/produit\/hd-cosmetics-keroseb-shampoing-cheveux-gras-125-ml\/\",\"name\":\"HD COSMETICS KEROSEB SHAMPOING CHEVEUX GRAS 125 ML - Paracherkaoui.ma\",\"isPartOf\":{\"@id\":\"https:\/\/paracherkaoui.ma\/#website\"},\"primaryImageOfPage\":{\"@id\":\"https:\/\/paracherkaoui.ma\/index.php\/produit\/hd-cosmetics-keroseb-shampoing-cheveux-gras-125-ml\/#primaryimage\"},\"image\":{\"@id\":\"https:\/\/paracherkaoui.ma\/index.php\/produit\/hd-cosmetics-keroseb-shampoing-cheveux-gras-125-ml\/#primaryimage\"},\"thumbnailUrl\":\"https:\/\/paracherkaoui.ma\/wp-content\/uploads\/2025\/12\/hd-cosmetics-effeciency-hd-cosmetics-keroseb-shampoing-cheveux-gras-125-ml-shampoing-cheveux-gras.jpg\",\"datePublished\":\"2025-12-12T17:00:20+00:00\",\"dateModified\":\"2025-12-12T17:00:24+00:00\",\"breadcrumb\":{\"@id\":\"https:\/\/paracherkaoui.ma\/index.php\/produit\/hd-cosmetics-keroseb-shampoing-cheveux-gras-125-ml\/#breadcrumb\"},\"inLanguage\":\"fr-FR\",\"potentialAction\":[{\"@type\":\"ReadAction\",\"target\":[\"https:\/\/paracherkaoui.ma\/index.php\/produit\/hd-cosmetics-keroseb-shampoing-cheveux-gras-125-ml\/\"]}]},{\"@type\":\"ImageObject\",\"inLanguage\":\"fr-FR\",\"@id\":\"https:\/\/paracherkaoui.ma\/index.php\/produit\/hd-cosmetics-keroseb-shampoing-cheveux-gras-125-ml\/#primaryimage\",\"url\":\"https:\/\/paracherkaoui.ma\/wp-content\/uploads\/2025\/12\/hd-cosmetics-effeciency-hd-cosmetics-keroseb-shampoing-cheveux-gras-125-ml-shampoing-cheveux-gras.jpg\",\"contentUrl\":\"https:\/\/paracherkaoui.ma\/wp-content\/uploads\/2025\/12\/hd-cosmetics-effeciency-hd-cosmetics-keroseb-shampoing-cheveux-gras-125-ml-shampoing-cheveux-gras.jpg\",\"width\":700,\"height\":700},{\"@type\":\"BreadcrumbList\",\"@id\":\"https:\/\/paracherkaoui.ma\/index.php\/produit\/hd-cosmetics-keroseb-shampoing-cheveux-gras-125-ml\/#breadcrumb\",\"itemListElement\":[{\"@type\":\"ListItem\",\"position\":1,\"name\":\"Accueil\",\"item\":\"https:\/\/paracherkaoui.ma\/\"},{\"@type\":\"ListItem\",\"position\":2,\"name\":\"Boutique\",\"item\":\"https:\/\/paracherkaoui.ma\/index.php\/boutique\/\"},{\"@type\":\"ListItem\",\"position\":3,\"name\":\"HD COSMETICS KEROSEB SHAMPOING CHEVEUX GRAS 125 ML\"}]},{\"@type\":\"WebSite\",\"@id\":\"https:\/\/paracherkaoui.ma\/#website\",\"url\":\"https:\/\/paracherkaoui.ma\/\",\"name\":\"Paracherkaoui.ma\",\"description\":\"Achetez en ligne sur Paracherkaoui.ma\",\"potentialAction\":[{\"@type\":\"SearchAction\",\"target\":{\"@type\":\"EntryPoint\",\"urlTemplate\":\"https:\/\/paracherkaoui.ma\/?s={search_term_string}\"},\"query-input\":{\"@type\":\"PropertyValueSpecification\",\"valueRequired\":true,\"valueName\":\"search_term_string\"}}],\"inLanguage\":\"fr-FR\"}]}<\/script>\r\n<!-- \/ Yoast SEO plugin. -->","yoast_head_json":{"title":"HD COSMETICS KEROSEB SHAMPOING CHEVEUX GRAS 125 ML - Paracherkaoui.ma","robots":{"index":"index","follow":"follow","max-snippet":"max-snippet:-1","max-image-preview":"max-image-preview:large","max-video-preview":"max-video-preview:-1"},"canonical":"https:\/\/paracherkaoui.ma\/index.php\/produit\/hd-cosmetics-keroseb-shampoing-cheveux-gras-125-ml\/","og_locale":"fr_FR","og_type":"article","og_title":"HD COSMETICS KEROSEB SHAMPOING CHEVEUX GRAS 125 ML - Paracherkaoui.ma","og_description":"Le shampooing HD Cosmetic Efficiency Keroseb est id\u00e9al pour les cuirs chevelus sujets \u00e0 la s\u00e9borrh\u00e9ique ou \u00e0 l&rsquo;exc\u00e8s de","og_url":"https:\/\/paracherkaoui.ma\/index.php\/produit\/hd-cosmetics-keroseb-shampoing-cheveux-gras-125-ml\/","og_site_name":"Paracherkaoui.ma","article_modified_time":"2025-12-12T17:00:24+00:00","og_image":[{"width":700,"height":700,"url":"https:\/\/paracherkaoui.ma\/wp-content\/uploads\/2025\/12\/hd-cosmetics-effeciency-hd-cosmetics-keroseb-shampoing-cheveux-gras-125-ml-shampoing-cheveux-gras.jpg","type":"image\/jpeg"}],"twitter_card":"summary_large_image","twitter_misc":{"Dur\u00e9e de lecture estim\u00e9e":"1 minute"},"schema":{"@context":"https:\/\/schema.org","@graph":[{"@type":"WebPage","@id":"https:\/\/paracherkaoui.ma\/index.php\/produit\/hd-cosmetics-keroseb-shampoing-cheveux-gras-125-ml\/","url":"https:\/\/paracherkaoui.ma\/index.php\/produit\/hd-cosmetics-keroseb-shampoing-cheveux-gras-125-ml\/","name":"HD COSMETICS KEROSEB SHAMPOING CHEVEUX GRAS 125 ML - Paracherkaoui.ma","isPartOf":{"@id":"https:\/\/paracherkaoui.ma\/#website"},"primaryImageOfPage":{"@id":"https:\/\/paracherkaoui.ma\/index.php\/produit\/hd-cosmetics-keroseb-shampoing-cheveux-gras-125-ml\/#primaryimage"},"image":{"@id":"https:\/\/paracherkaoui.ma\/index.php\/produit\/hd-cosmetics-keroseb-shampoing-cheveux-gras-125-ml\/#primaryimage"},"thumbnailUrl":"https:\/\/paracherkaoui.ma\/wp-content\/uploads\/2025\/12\/hd-cosmetics-effeciency-hd-cosmetics-keroseb-shampoing-cheveux-gras-125-ml-shampoing-cheveux-gras.jpg","datePublished":"2025-12-12T17:00:20+00:00","dateModified":"2025-12-12T17:00:24+00:00","breadcrumb":{"@id":"https:\/\/paracherkaoui.ma\/index.php\/produit\/hd-cosmetics-keroseb-shampoing-cheveux-gras-125-ml\/#breadcrumb"},"inLanguage":"fr-FR","potentialAction":[{"@type":"ReadAction","target":["https:\/\/paracherkaoui.ma\/index.php\/produit\/hd-cosmetics-keroseb-shampoing-cheveux-gras-125-ml\/"]}]},{"@type":"ImageObject","inLanguage":"fr-FR","@id":"https:\/\/paracherkaoui.ma\/index.php\/produit\/hd-cosmetics-keroseb-shampoing-cheveux-gras-125-ml\/#primaryimage","url":"https:\/\/paracherkaoui.ma\/wp-content\/uploads\/2025\/12\/hd-cosmetics-effeciency-hd-cosmetics-keroseb-shampoing-cheveux-gras-125-ml-shampoing-cheveux-gras.jpg","contentUrl":"https:\/\/paracherkaoui.ma\/wp-content\/uploads\/2025\/12\/hd-cosmetics-effeciency-hd-cosmetics-keroseb-shampoing-cheveux-gras-125-ml-shampoing-cheveux-gras.jpg","width":700,"height":700},{"@type":"BreadcrumbList","@id":"https:\/\/paracherkaoui.ma\/index.php\/produit\/hd-cosmetics-keroseb-shampoing-cheveux-gras-125-ml\/#breadcrumb","itemListElement":[{"@type":"ListItem","position":1,"name":"Accueil","item":"https:\/\/paracherkaoui.ma\/"},{"@type":"ListItem","position":2,"name":"Boutique","item":"https:\/\/paracherkaoui.ma\/index.php\/boutique\/"},{"@type":"ListItem","position":3,"name":"HD COSMETICS KEROSEB SHAMPOING CHEVEUX GRAS 125 ML"}]},{"@type":"WebSite","@id":"https:\/\/paracherkaoui.ma\/#website","url":"https:\/\/paracherkaoui.ma\/","name":"Paracherkaoui.ma","description":"Achetez en ligne sur Paracherkaoui.ma","potentialAction":[{"@type":"SearchAction","target":{"@type":"EntryPoint","urlTemplate":"https:\/\/paracherkaoui.ma\/?s={search_term_string}"},"query-input":{"@type":"PropertyValueSpecification","valueRequired":true,"valueName":"search_term_string"}}],"inLanguage":"fr-FR"}]}},"_links":{"self":[{"href":"https:\/\/paracherkaoui.ma\/index.php\/wp-json\/wp\/v2\/product\/17816","targetHints":{"allow":["GET"]}}],"collection":[{"href":"https:\/\/paracherkaoui.ma\/index.php\/wp-json\/wp\/v2\/product"}],"about":[{"href":"https:\/\/paracherkaoui.ma\/index.php\/wp-json\/wp\/v2\/types\/product"}],"replies":[{"embeddable":true,"href":"https:\/\/paracherkaoui.ma\/index.php\/wp-json\/wp\/v2\/comments?post=17816"}],"version-history":[{"count":1,"href":"https:\/\/paracherkaoui.ma\/index.php\/wp-json\/wp\/v2\/product\/17816\/revisions"}],"predecessor-version":[{"id":17868,"href":"https:\/\/paracherkaoui.ma\/index.php\/wp-json\/wp\/v2\/product\/17816\/revisions\/17868"}],"wp:featuredmedia":[{"embeddable":true,"href":"https:\/\/paracherkaoui.ma\/index.php\/wp-json\/wp\/v2\/media\/17867"}],"wp:attachment":[{"href":"https:\/\/paracherkaoui.ma\/index.php\/wp-json\/wp\/v2\/media?parent=17816"}],"wp:term":[{"taxonomy":"product_brand","embeddable":true,"href":"https:\/\/paracherkaoui.ma\/index.php\/wp-json\/wp\/v2\/product_brand?post=17816"},{"taxonomy":"product_cat","embeddable":true,"href":"https:\/\/paracherkaoui.ma\/index.php\/wp-json\/wp\/v2\/product_cat?post=17816"},{"taxonomy":"product_tag","embeddable":true,"href":"https:\/\/paracherkaoui.ma\/index.php\/wp-json\/wp\/v2\/product_tag?post=17816"}],"curies":[{"name":"wp","href":"https:\/\/api.w.org\/{rel}","templated":true}]}}