{"id":17741,"date":"2025-12-12T17:59:58","date_gmt":"2025-12-12T16:59:58","guid":{"rendered":"https:\/\/test.ecbeaute.com\/?post_type=product&#038;p=17741"},"modified":"2025-12-12T18:00:01","modified_gmt":"2025-12-12T17:00:01","slug":"dermedic-capilarte-shampooing-traitant-stimulant-la-croissance-des-cheveux-300ml","status":"publish","type":"product","link":"https:\/\/paracherkaoui.ma\/index.php\/produit\/dermedic-capilarte-shampooing-traitant-stimulant-la-croissance-des-cheveux-300ml\/","title":{"rendered":"DERMEDIC CAPILARTE SHAMPOOING TRAITANT STIMULANT LA CROISSANCE DES CHEVEUX 300ML"},"content":{"rendered":"<p>Le shampooing Dermedic Capilarte stimulant et renouvelant la croissance des cheveux est un outil sp\u00e9cial pour les femmes et les hommes confront\u00e9s au probl\u00e8me de l\u2019augmentation de la chute pr\u00e9matur\u00e9e des cheveux de diverses \u00e9tiologies, notamment hormonales et g\u00e9n\u00e9tiques<\/p>\n","protected":false},"excerpt":{"rendered":"<p>Le shampooing Dermedic Capilarte stimulant et renouvelant la croissance des cheveux est un outil sp\u00e9cial pour les femmes et les<\/p>\n","protected":false},"featured_media":17765,"comment_status":"open","ping_status":"closed","template":"","meta":[],"product_brand":[299],"product_cat":[316],"product_tag":[],"class_list":{"0":"post-17741","1":"product","2":"type-product","3":"status-publish","4":"has-post-thumbnail","6":"product_brand-dermedic","7":"product_cat-shampoings-soins-des-cheveux-cheveux","9":"first","10":"instock","11":"sale","12":"shipping-taxable","13":"purchasable","14":"product-type-simple"},"yoast_head":"<!-- This site is optimized with the Yoast SEO plugin v26.6 - https:\/\/yoast.com\/wordpress\/plugins\/seo\/ -->\r\n<title>DERMEDIC CAPILARTE SHAMPOOING TRAITANT STIMULANT LA CROISSANCE DES CHEVEUX 300ML - Paracherkaoui.ma<\/title>\r\n<meta name=\"robots\" content=\"index, follow, max-snippet:-1, max-image-preview:large, max-video-preview:-1\" \/>\r\n<link rel=\"canonical\" href=\"https:\/\/paracherkaoui.ma\/index.php\/produit\/dermedic-capilarte-shampooing-traitant-stimulant-la-croissance-des-cheveux-300ml\/\" \/>\r\n<meta property=\"og:locale\" content=\"fr_FR\" \/>\r\n<meta property=\"og:type\" content=\"article\" \/>\r\n<meta property=\"og:title\" content=\"DERMEDIC CAPILARTE SHAMPOOING TRAITANT STIMULANT LA CROISSANCE DES CHEVEUX 300ML - Paracherkaoui.ma\" \/>\r\n<meta property=\"og:description\" content=\"Le shampooing Dermedic Capilarte stimulant et renouvelant la croissance des cheveux est un outil sp\u00e9cial pour les femmes et les\" \/>\r\n<meta property=\"og:url\" content=\"https:\/\/paracherkaoui.ma\/index.php\/produit\/dermedic-capilarte-shampooing-traitant-stimulant-la-croissance-des-cheveux-300ml\/\" \/>\r\n<meta property=\"og:site_name\" content=\"Paracherkaoui.ma\" \/>\r\n<meta property=\"article:modified_time\" content=\"2025-12-12T17:00:01+00:00\" \/>\r\n<meta property=\"og:image\" content=\"https:\/\/paracherkaoui.ma\/wp-content\/uploads\/2025\/12\/dermedic-dermedic-capilarte-shampooing-traitant-stimulant-la-croissance-des-cheveux-300ml-shampoings-anti-chute.jpg\" \/>\r\n\t<meta property=\"og:image:width\" content=\"700\" \/>\r\n\t<meta property=\"og:image:height\" content=\"700\" \/>\r\n\t<meta property=\"og:image:type\" content=\"image\/jpeg\" \/>\r\n<meta name=\"twitter:card\" content=\"summary_large_image\" \/>\r\n<script type=\"application\/ld+json\" class=\"yoast-schema-graph\">{\"@context\":\"https:\/\/schema.org\",\"@graph\":[{\"@type\":\"WebPage\",\"@id\":\"https:\/\/paracherkaoui.ma\/index.php\/produit\/dermedic-capilarte-shampooing-traitant-stimulant-la-croissance-des-cheveux-300ml\/\",\"url\":\"https:\/\/paracherkaoui.ma\/index.php\/produit\/dermedic-capilarte-shampooing-traitant-stimulant-la-croissance-des-cheveux-300ml\/\",\"name\":\"DERMEDIC CAPILARTE SHAMPOOING TRAITANT STIMULANT LA CROISSANCE DES CHEVEUX 300ML - Paracherkaoui.ma\",\"isPartOf\":{\"@id\":\"https:\/\/paracherkaoui.ma\/#website\"},\"primaryImageOfPage\":{\"@id\":\"https:\/\/paracherkaoui.ma\/index.php\/produit\/dermedic-capilarte-shampooing-traitant-stimulant-la-croissance-des-cheveux-300ml\/#primaryimage\"},\"image\":{\"@id\":\"https:\/\/paracherkaoui.ma\/index.php\/produit\/dermedic-capilarte-shampooing-traitant-stimulant-la-croissance-des-cheveux-300ml\/#primaryimage\"},\"thumbnailUrl\":\"https:\/\/paracherkaoui.ma\/wp-content\/uploads\/2025\/12\/dermedic-dermedic-capilarte-shampooing-traitant-stimulant-la-croissance-des-cheveux-300ml-shampoings-anti-chute.jpg\",\"datePublished\":\"2025-12-12T16:59:58+00:00\",\"dateModified\":\"2025-12-12T17:00:01+00:00\",\"breadcrumb\":{\"@id\":\"https:\/\/paracherkaoui.ma\/index.php\/produit\/dermedic-capilarte-shampooing-traitant-stimulant-la-croissance-des-cheveux-300ml\/#breadcrumb\"},\"inLanguage\":\"fr-FR\",\"potentialAction\":[{\"@type\":\"ReadAction\",\"target\":[\"https:\/\/paracherkaoui.ma\/index.php\/produit\/dermedic-capilarte-shampooing-traitant-stimulant-la-croissance-des-cheveux-300ml\/\"]}]},{\"@type\":\"ImageObject\",\"inLanguage\":\"fr-FR\",\"@id\":\"https:\/\/paracherkaoui.ma\/index.php\/produit\/dermedic-capilarte-shampooing-traitant-stimulant-la-croissance-des-cheveux-300ml\/#primaryimage\",\"url\":\"https:\/\/paracherkaoui.ma\/wp-content\/uploads\/2025\/12\/dermedic-dermedic-capilarte-shampooing-traitant-stimulant-la-croissance-des-cheveux-300ml-shampoings-anti-chute.jpg\",\"contentUrl\":\"https:\/\/paracherkaoui.ma\/wp-content\/uploads\/2025\/12\/dermedic-dermedic-capilarte-shampooing-traitant-stimulant-la-croissance-des-cheveux-300ml-shampoings-anti-chute.jpg\",\"width\":700,\"height\":700},{\"@type\":\"BreadcrumbList\",\"@id\":\"https:\/\/paracherkaoui.ma\/index.php\/produit\/dermedic-capilarte-shampooing-traitant-stimulant-la-croissance-des-cheveux-300ml\/#breadcrumb\",\"itemListElement\":[{\"@type\":\"ListItem\",\"position\":1,\"name\":\"Accueil\",\"item\":\"https:\/\/paracherkaoui.ma\/\"},{\"@type\":\"ListItem\",\"position\":2,\"name\":\"Boutique\",\"item\":\"https:\/\/paracherkaoui.ma\/index.php\/boutique\/\"},{\"@type\":\"ListItem\",\"position\":3,\"name\":\"DERMEDIC CAPILARTE SHAMPOOING TRAITANT STIMULANT LA CROISSANCE DES CHEVEUX 300ML\"}]},{\"@type\":\"WebSite\",\"@id\":\"https:\/\/paracherkaoui.ma\/#website\",\"url\":\"https:\/\/paracherkaoui.ma\/\",\"name\":\"Paracherkaoui.ma\",\"description\":\"Achetez en ligne sur Paracherkaoui.ma\",\"potentialAction\":[{\"@type\":\"SearchAction\",\"target\":{\"@type\":\"EntryPoint\",\"urlTemplate\":\"https:\/\/paracherkaoui.ma\/?s={search_term_string}\"},\"query-input\":{\"@type\":\"PropertyValueSpecification\",\"valueRequired\":true,\"valueName\":\"search_term_string\"}}],\"inLanguage\":\"fr-FR\"}]}<\/script>\r\n<!-- \/ Yoast SEO plugin. -->","yoast_head_json":{"title":"DERMEDIC CAPILARTE SHAMPOOING TRAITANT STIMULANT LA CROISSANCE DES CHEVEUX 300ML - Paracherkaoui.ma","robots":{"index":"index","follow":"follow","max-snippet":"max-snippet:-1","max-image-preview":"max-image-preview:large","max-video-preview":"max-video-preview:-1"},"canonical":"https:\/\/paracherkaoui.ma\/index.php\/produit\/dermedic-capilarte-shampooing-traitant-stimulant-la-croissance-des-cheveux-300ml\/","og_locale":"fr_FR","og_type":"article","og_title":"DERMEDIC CAPILARTE SHAMPOOING TRAITANT STIMULANT LA CROISSANCE DES CHEVEUX 300ML - Paracherkaoui.ma","og_description":"Le shampooing Dermedic Capilarte stimulant et renouvelant la croissance des cheveux est un outil sp\u00e9cial pour les femmes et les","og_url":"https:\/\/paracherkaoui.ma\/index.php\/produit\/dermedic-capilarte-shampooing-traitant-stimulant-la-croissance-des-cheveux-300ml\/","og_site_name":"Paracherkaoui.ma","article_modified_time":"2025-12-12T17:00:01+00:00","og_image":[{"width":700,"height":700,"url":"https:\/\/paracherkaoui.ma\/wp-content\/uploads\/2025\/12\/dermedic-dermedic-capilarte-shampooing-traitant-stimulant-la-croissance-des-cheveux-300ml-shampoings-anti-chute.jpg","type":"image\/jpeg"}],"twitter_card":"summary_large_image","schema":{"@context":"https:\/\/schema.org","@graph":[{"@type":"WebPage","@id":"https:\/\/paracherkaoui.ma\/index.php\/produit\/dermedic-capilarte-shampooing-traitant-stimulant-la-croissance-des-cheveux-300ml\/","url":"https:\/\/paracherkaoui.ma\/index.php\/produit\/dermedic-capilarte-shampooing-traitant-stimulant-la-croissance-des-cheveux-300ml\/","name":"DERMEDIC CAPILARTE SHAMPOOING TRAITANT STIMULANT LA CROISSANCE DES CHEVEUX 300ML - Paracherkaoui.ma","isPartOf":{"@id":"https:\/\/paracherkaoui.ma\/#website"},"primaryImageOfPage":{"@id":"https:\/\/paracherkaoui.ma\/index.php\/produit\/dermedic-capilarte-shampooing-traitant-stimulant-la-croissance-des-cheveux-300ml\/#primaryimage"},"image":{"@id":"https:\/\/paracherkaoui.ma\/index.php\/produit\/dermedic-capilarte-shampooing-traitant-stimulant-la-croissance-des-cheveux-300ml\/#primaryimage"},"thumbnailUrl":"https:\/\/paracherkaoui.ma\/wp-content\/uploads\/2025\/12\/dermedic-dermedic-capilarte-shampooing-traitant-stimulant-la-croissance-des-cheveux-300ml-shampoings-anti-chute.jpg","datePublished":"2025-12-12T16:59:58+00:00","dateModified":"2025-12-12T17:00:01+00:00","breadcrumb":{"@id":"https:\/\/paracherkaoui.ma\/index.php\/produit\/dermedic-capilarte-shampooing-traitant-stimulant-la-croissance-des-cheveux-300ml\/#breadcrumb"},"inLanguage":"fr-FR","potentialAction":[{"@type":"ReadAction","target":["https:\/\/paracherkaoui.ma\/index.php\/produit\/dermedic-capilarte-shampooing-traitant-stimulant-la-croissance-des-cheveux-300ml\/"]}]},{"@type":"ImageObject","inLanguage":"fr-FR","@id":"https:\/\/paracherkaoui.ma\/index.php\/produit\/dermedic-capilarte-shampooing-traitant-stimulant-la-croissance-des-cheveux-300ml\/#primaryimage","url":"https:\/\/paracherkaoui.ma\/wp-content\/uploads\/2025\/12\/dermedic-dermedic-capilarte-shampooing-traitant-stimulant-la-croissance-des-cheveux-300ml-shampoings-anti-chute.jpg","contentUrl":"https:\/\/paracherkaoui.ma\/wp-content\/uploads\/2025\/12\/dermedic-dermedic-capilarte-shampooing-traitant-stimulant-la-croissance-des-cheveux-300ml-shampoings-anti-chute.jpg","width":700,"height":700},{"@type":"BreadcrumbList","@id":"https:\/\/paracherkaoui.ma\/index.php\/produit\/dermedic-capilarte-shampooing-traitant-stimulant-la-croissance-des-cheveux-300ml\/#breadcrumb","itemListElement":[{"@type":"ListItem","position":1,"name":"Accueil","item":"https:\/\/paracherkaoui.ma\/"},{"@type":"ListItem","position":2,"name":"Boutique","item":"https:\/\/paracherkaoui.ma\/index.php\/boutique\/"},{"@type":"ListItem","position":3,"name":"DERMEDIC CAPILARTE SHAMPOOING TRAITANT STIMULANT LA CROISSANCE DES CHEVEUX 300ML"}]},{"@type":"WebSite","@id":"https:\/\/paracherkaoui.ma\/#website","url":"https:\/\/paracherkaoui.ma\/","name":"Paracherkaoui.ma","description":"Achetez en ligne sur Paracherkaoui.ma","potentialAction":[{"@type":"SearchAction","target":{"@type":"EntryPoint","urlTemplate":"https:\/\/paracherkaoui.ma\/?s={search_term_string}"},"query-input":{"@type":"PropertyValueSpecification","valueRequired":true,"valueName":"search_term_string"}}],"inLanguage":"fr-FR"}]}},"_links":{"self":[{"href":"https:\/\/paracherkaoui.ma\/index.php\/wp-json\/wp\/v2\/product\/17741","targetHints":{"allow":["GET"]}}],"collection":[{"href":"https:\/\/paracherkaoui.ma\/index.php\/wp-json\/wp\/v2\/product"}],"about":[{"href":"https:\/\/paracherkaoui.ma\/index.php\/wp-json\/wp\/v2\/types\/product"}],"replies":[{"embeddable":true,"href":"https:\/\/paracherkaoui.ma\/index.php\/wp-json\/wp\/v2\/comments?post=17741"}],"version-history":[{"count":1,"href":"https:\/\/paracherkaoui.ma\/index.php\/wp-json\/wp\/v2\/product\/17741\/revisions"}],"predecessor-version":[{"id":17766,"href":"https:\/\/paracherkaoui.ma\/index.php\/wp-json\/wp\/v2\/product\/17741\/revisions\/17766"}],"wp:featuredmedia":[{"embeddable":true,"href":"https:\/\/paracherkaoui.ma\/index.php\/wp-json\/wp\/v2\/media\/17765"}],"wp:attachment":[{"href":"https:\/\/paracherkaoui.ma\/index.php\/wp-json\/wp\/v2\/media?parent=17741"}],"wp:term":[{"taxonomy":"product_brand","embeddable":true,"href":"https:\/\/paracherkaoui.ma\/index.php\/wp-json\/wp\/v2\/product_brand?post=17741"},{"taxonomy":"product_cat","embeddable":true,"href":"https:\/\/paracherkaoui.ma\/index.php\/wp-json\/wp\/v2\/product_cat?post=17741"},{"taxonomy":"product_tag","embeddable":true,"href":"https:\/\/paracherkaoui.ma\/index.php\/wp-json\/wp\/v2\/product_tag?post=17741"}],"curies":[{"name":"wp","href":"https:\/\/api.w.org\/{rel}","templated":true}]}}