{"id":17575,"date":"2025-12-12T17:59:43","date_gmt":"2025-12-12T16:59:43","guid":{"rendered":"https:\/\/test.ecbeaute.com\/?post_type=product&#038;p=17575"},"modified":"2025-12-12T17:59:46","modified_gmt":"2025-12-12T16:59:46","slug":"forcapil-shampoing-fortifiant-keratine-provitamine-b5-200-ml","status":"publish","type":"product","link":"https:\/\/paracherkaoui.ma\/index.php\/produit\/forcapil-shampoing-fortifiant-keratine-provitamine-b5-200-ml\/","title":{"rendered":"FORCAPIL SHAMPOING FORTIFIANT KERATINE + PROVITAMINE B5 200 ML"},"content":{"rendered":"<p>Forcapil Shampooing fortifiant K\u00e9ratine des Laboratoires Arkopharma est un soin capillaire con\u00e7u sp\u00e9cifiquement pour r\u00e9parer et fortifier vos cheveux.<\/p>\n<p>Les cheveux subissent au quotidien les assauts des brosses de tous poils, des peignes et autres outils de coiffage, mais \u00e9galement de la pollution qui viennent les fragiliser. Les laboratoires Arkopharma ont mis au point le shampooing \u00e0 la k\u00e9ratine Forcapil sp\u00e9cifiquement pour venir en aide aux cheveux ab\u00eem\u00e9s par ces agressions quotidiennes.<\/p>\n<p>Les cheveux sont principalement compos\u00e9s de k\u00e9ratine qui leur conf\u00e8re solidit\u00e9 et protection. Lorsque cette protection n&rsquo;est plus aussi efficace et que vos cheveux sont secs et cassants, le shampooing fortifiant Forcapil est la solution id\u00e9ale. Sa formule contient de la k\u00e9ratine hydrolis\u00e9e similaire \u00e0 98 % \u00e0 celle produite naturellement par le cheveu. Cet apport en k\u00e9ratine va venir renforcer la fibre capillaire et lui redonner force, vitalit\u00e9 et protection.<\/p>\n<p>En outre,\u00a0Forcapil Shampooing K\u00e9ratine contient de la provitamine B5 (panth\u00e9nol) connue pour ses bienfaits sur les cheveux. En effet, la provitamine B5 va r\u00e9parer le cheveu, le renforcer, participer \u00e0 sa bonne hydratation et lui redonner de la brillance.<\/p>\n<p>Avec le shampooing \u00e0 la k\u00e9ratine Forcapil, vos cheveux retrouvent force vitalit\u00e9, protection et \u00e9clat.<\/p>\n<p>Forcapil Shampoing K\u00e9ratine est compos\u00e9 \u00e0 88 % d&rsquo;ingr\u00e9dients d&rsquo;origine naturelle.<\/p>\n","protected":false},"excerpt":{"rendered":"<p>Forcapil Shampooing fortifiant K\u00e9ratine des Laboratoires Arkopharma est un soin capillaire con\u00e7u sp\u00e9cifiquement pour r\u00e9parer et fortifier vos cheveux. Les<\/p>\n","protected":false},"featured_media":17611,"comment_status":"open","ping_status":"closed","template":"","meta":[],"product_brand":[264],"product_cat":[316],"product_tag":[],"class_list":{"0":"post-17575","1":"product","2":"type-product","3":"status-publish","4":"has-post-thumbnail","6":"product_brand-forcapil","7":"product_cat-shampoings-soins-des-cheveux-cheveux","9":"first","10":"instock","11":"sale","12":"shipping-taxable","13":"purchasable","14":"product-type-simple"},"yoast_head":"<!-- This site is optimized with the Yoast SEO plugin v26.6 - https:\/\/yoast.com\/wordpress\/plugins\/seo\/ -->\r\n<title>FORCAPIL SHAMPOING FORTIFIANT KERATINE + PROVITAMINE B5 200 ML - Paracherkaoui.ma<\/title>\r\n<meta name=\"robots\" content=\"index, follow, max-snippet:-1, max-image-preview:large, max-video-preview:-1\" \/>\r\n<link rel=\"canonical\" href=\"https:\/\/paracherkaoui.ma\/index.php\/produit\/forcapil-shampoing-fortifiant-keratine-provitamine-b5-200-ml\/\" \/>\r\n<meta property=\"og:locale\" content=\"fr_FR\" \/>\r\n<meta property=\"og:type\" content=\"article\" \/>\r\n<meta property=\"og:title\" content=\"FORCAPIL SHAMPOING FORTIFIANT KERATINE + PROVITAMINE B5 200 ML - Paracherkaoui.ma\" \/>\r\n<meta property=\"og:description\" content=\"Forcapil Shampooing fortifiant K\u00e9ratine des Laboratoires Arkopharma est un soin capillaire con\u00e7u sp\u00e9cifiquement pour r\u00e9parer et fortifier vos cheveux. Les\" \/>\r\n<meta property=\"og:url\" content=\"https:\/\/paracherkaoui.ma\/index.php\/produit\/forcapil-shampoing-fortifiant-keratine-provitamine-b5-200-ml\/\" \/>\r\n<meta property=\"og:site_name\" content=\"Paracherkaoui.ma\" \/>\r\n<meta property=\"article:modified_time\" content=\"2025-12-12T16:59:46+00:00\" \/>\r\n<meta property=\"og:image\" content=\"https:\/\/paracherkaoui.ma\/wp-content\/uploads\/2025\/12\/forcapil-shampoing-fortifiant-keratine-provitamine-b5-200-ml.jpg\" \/>\r\n\t<meta property=\"og:image:width\" content=\"700\" \/>\r\n\t<meta property=\"og:image:height\" content=\"700\" \/>\r\n\t<meta property=\"og:image:type\" content=\"image\/jpeg\" \/>\r\n<meta name=\"twitter:card\" content=\"summary_large_image\" \/>\r\n<meta name=\"twitter:label1\" content=\"Dur\u00e9e de lecture estim\u00e9e\" \/>\n\t<meta name=\"twitter:data1\" content=\"1 minute\" \/>\r\n<script type=\"application\/ld+json\" class=\"yoast-schema-graph\">{\"@context\":\"https:\/\/schema.org\",\"@graph\":[{\"@type\":\"WebPage\",\"@id\":\"https:\/\/paracherkaoui.ma\/index.php\/produit\/forcapil-shampoing-fortifiant-keratine-provitamine-b5-200-ml\/\",\"url\":\"https:\/\/paracherkaoui.ma\/index.php\/produit\/forcapil-shampoing-fortifiant-keratine-provitamine-b5-200-ml\/\",\"name\":\"FORCAPIL SHAMPOING FORTIFIANT KERATINE + PROVITAMINE B5 200 ML - Paracherkaoui.ma\",\"isPartOf\":{\"@id\":\"https:\/\/paracherkaoui.ma\/#website\"},\"primaryImageOfPage\":{\"@id\":\"https:\/\/paracherkaoui.ma\/index.php\/produit\/forcapil-shampoing-fortifiant-keratine-provitamine-b5-200-ml\/#primaryimage\"},\"image\":{\"@id\":\"https:\/\/paracherkaoui.ma\/index.php\/produit\/forcapil-shampoing-fortifiant-keratine-provitamine-b5-200-ml\/#primaryimage\"},\"thumbnailUrl\":\"https:\/\/paracherkaoui.ma\/wp-content\/uploads\/2025\/12\/forcapil-shampoing-fortifiant-keratine-provitamine-b5-200-ml.jpg\",\"datePublished\":\"2025-12-12T16:59:43+00:00\",\"dateModified\":\"2025-12-12T16:59:46+00:00\",\"breadcrumb\":{\"@id\":\"https:\/\/paracherkaoui.ma\/index.php\/produit\/forcapil-shampoing-fortifiant-keratine-provitamine-b5-200-ml\/#breadcrumb\"},\"inLanguage\":\"fr-FR\",\"potentialAction\":[{\"@type\":\"ReadAction\",\"target\":[\"https:\/\/paracherkaoui.ma\/index.php\/produit\/forcapil-shampoing-fortifiant-keratine-provitamine-b5-200-ml\/\"]}]},{\"@type\":\"ImageObject\",\"inLanguage\":\"fr-FR\",\"@id\":\"https:\/\/paracherkaoui.ma\/index.php\/produit\/forcapil-shampoing-fortifiant-keratine-provitamine-b5-200-ml\/#primaryimage\",\"url\":\"https:\/\/paracherkaoui.ma\/wp-content\/uploads\/2025\/12\/forcapil-shampoing-fortifiant-keratine-provitamine-b5-200-ml.jpg\",\"contentUrl\":\"https:\/\/paracherkaoui.ma\/wp-content\/uploads\/2025\/12\/forcapil-shampoing-fortifiant-keratine-provitamine-b5-200-ml.jpg\",\"width\":700,\"height\":700},{\"@type\":\"BreadcrumbList\",\"@id\":\"https:\/\/paracherkaoui.ma\/index.php\/produit\/forcapil-shampoing-fortifiant-keratine-provitamine-b5-200-ml\/#breadcrumb\",\"itemListElement\":[{\"@type\":\"ListItem\",\"position\":1,\"name\":\"Accueil\",\"item\":\"https:\/\/paracherkaoui.ma\/\"},{\"@type\":\"ListItem\",\"position\":2,\"name\":\"Boutique\",\"item\":\"https:\/\/paracherkaoui.ma\/index.php\/boutique\/\"},{\"@type\":\"ListItem\",\"position\":3,\"name\":\"FORCAPIL SHAMPOING FORTIFIANT KERATINE + PROVITAMINE B5 200 ML\"}]},{\"@type\":\"WebSite\",\"@id\":\"https:\/\/paracherkaoui.ma\/#website\",\"url\":\"https:\/\/paracherkaoui.ma\/\",\"name\":\"Paracherkaoui.ma\",\"description\":\"Achetez en ligne sur Paracherkaoui.ma\",\"potentialAction\":[{\"@type\":\"SearchAction\",\"target\":{\"@type\":\"EntryPoint\",\"urlTemplate\":\"https:\/\/paracherkaoui.ma\/?s={search_term_string}\"},\"query-input\":{\"@type\":\"PropertyValueSpecification\",\"valueRequired\":true,\"valueName\":\"search_term_string\"}}],\"inLanguage\":\"fr-FR\"}]}<\/script>\r\n<!-- \/ Yoast SEO plugin. -->","yoast_head_json":{"title":"FORCAPIL SHAMPOING FORTIFIANT KERATINE + PROVITAMINE B5 200 ML - Paracherkaoui.ma","robots":{"index":"index","follow":"follow","max-snippet":"max-snippet:-1","max-image-preview":"max-image-preview:large","max-video-preview":"max-video-preview:-1"},"canonical":"https:\/\/paracherkaoui.ma\/index.php\/produit\/forcapil-shampoing-fortifiant-keratine-provitamine-b5-200-ml\/","og_locale":"fr_FR","og_type":"article","og_title":"FORCAPIL SHAMPOING FORTIFIANT KERATINE + PROVITAMINE B5 200 ML - Paracherkaoui.ma","og_description":"Forcapil Shampooing fortifiant K\u00e9ratine des Laboratoires Arkopharma est un soin capillaire con\u00e7u sp\u00e9cifiquement pour r\u00e9parer et fortifier vos cheveux. Les","og_url":"https:\/\/paracherkaoui.ma\/index.php\/produit\/forcapil-shampoing-fortifiant-keratine-provitamine-b5-200-ml\/","og_site_name":"Paracherkaoui.ma","article_modified_time":"2025-12-12T16:59:46+00:00","og_image":[{"width":700,"height":700,"url":"https:\/\/paracherkaoui.ma\/wp-content\/uploads\/2025\/12\/forcapil-shampoing-fortifiant-keratine-provitamine-b5-200-ml.jpg","type":"image\/jpeg"}],"twitter_card":"summary_large_image","twitter_misc":{"Dur\u00e9e de lecture estim\u00e9e":"1 minute"},"schema":{"@context":"https:\/\/schema.org","@graph":[{"@type":"WebPage","@id":"https:\/\/paracherkaoui.ma\/index.php\/produit\/forcapil-shampoing-fortifiant-keratine-provitamine-b5-200-ml\/","url":"https:\/\/paracherkaoui.ma\/index.php\/produit\/forcapil-shampoing-fortifiant-keratine-provitamine-b5-200-ml\/","name":"FORCAPIL SHAMPOING FORTIFIANT KERATINE + PROVITAMINE B5 200 ML - Paracherkaoui.ma","isPartOf":{"@id":"https:\/\/paracherkaoui.ma\/#website"},"primaryImageOfPage":{"@id":"https:\/\/paracherkaoui.ma\/index.php\/produit\/forcapil-shampoing-fortifiant-keratine-provitamine-b5-200-ml\/#primaryimage"},"image":{"@id":"https:\/\/paracherkaoui.ma\/index.php\/produit\/forcapil-shampoing-fortifiant-keratine-provitamine-b5-200-ml\/#primaryimage"},"thumbnailUrl":"https:\/\/paracherkaoui.ma\/wp-content\/uploads\/2025\/12\/forcapil-shampoing-fortifiant-keratine-provitamine-b5-200-ml.jpg","datePublished":"2025-12-12T16:59:43+00:00","dateModified":"2025-12-12T16:59:46+00:00","breadcrumb":{"@id":"https:\/\/paracherkaoui.ma\/index.php\/produit\/forcapil-shampoing-fortifiant-keratine-provitamine-b5-200-ml\/#breadcrumb"},"inLanguage":"fr-FR","potentialAction":[{"@type":"ReadAction","target":["https:\/\/paracherkaoui.ma\/index.php\/produit\/forcapil-shampoing-fortifiant-keratine-provitamine-b5-200-ml\/"]}]},{"@type":"ImageObject","inLanguage":"fr-FR","@id":"https:\/\/paracherkaoui.ma\/index.php\/produit\/forcapil-shampoing-fortifiant-keratine-provitamine-b5-200-ml\/#primaryimage","url":"https:\/\/paracherkaoui.ma\/wp-content\/uploads\/2025\/12\/forcapil-shampoing-fortifiant-keratine-provitamine-b5-200-ml.jpg","contentUrl":"https:\/\/paracherkaoui.ma\/wp-content\/uploads\/2025\/12\/forcapil-shampoing-fortifiant-keratine-provitamine-b5-200-ml.jpg","width":700,"height":700},{"@type":"BreadcrumbList","@id":"https:\/\/paracherkaoui.ma\/index.php\/produit\/forcapil-shampoing-fortifiant-keratine-provitamine-b5-200-ml\/#breadcrumb","itemListElement":[{"@type":"ListItem","position":1,"name":"Accueil","item":"https:\/\/paracherkaoui.ma\/"},{"@type":"ListItem","position":2,"name":"Boutique","item":"https:\/\/paracherkaoui.ma\/index.php\/boutique\/"},{"@type":"ListItem","position":3,"name":"FORCAPIL SHAMPOING FORTIFIANT KERATINE + PROVITAMINE B5 200 ML"}]},{"@type":"WebSite","@id":"https:\/\/paracherkaoui.ma\/#website","url":"https:\/\/paracherkaoui.ma\/","name":"Paracherkaoui.ma","description":"Achetez en ligne sur Paracherkaoui.ma","potentialAction":[{"@type":"SearchAction","target":{"@type":"EntryPoint","urlTemplate":"https:\/\/paracherkaoui.ma\/?s={search_term_string}"},"query-input":{"@type":"PropertyValueSpecification","valueRequired":true,"valueName":"search_term_string"}}],"inLanguage":"fr-FR"}]}},"_links":{"self":[{"href":"https:\/\/paracherkaoui.ma\/index.php\/wp-json\/wp\/v2\/product\/17575","targetHints":{"allow":["GET"]}}],"collection":[{"href":"https:\/\/paracherkaoui.ma\/index.php\/wp-json\/wp\/v2\/product"}],"about":[{"href":"https:\/\/paracherkaoui.ma\/index.php\/wp-json\/wp\/v2\/types\/product"}],"replies":[{"embeddable":true,"href":"https:\/\/paracherkaoui.ma\/index.php\/wp-json\/wp\/v2\/comments?post=17575"}],"version-history":[{"count":1,"href":"https:\/\/paracherkaoui.ma\/index.php\/wp-json\/wp\/v2\/product\/17575\/revisions"}],"predecessor-version":[{"id":17612,"href":"https:\/\/paracherkaoui.ma\/index.php\/wp-json\/wp\/v2\/product\/17575\/revisions\/17612"}],"wp:featuredmedia":[{"embeddable":true,"href":"https:\/\/paracherkaoui.ma\/index.php\/wp-json\/wp\/v2\/media\/17611"}],"wp:attachment":[{"href":"https:\/\/paracherkaoui.ma\/index.php\/wp-json\/wp\/v2\/media?parent=17575"}],"wp:term":[{"taxonomy":"product_brand","embeddable":true,"href":"https:\/\/paracherkaoui.ma\/index.php\/wp-json\/wp\/v2\/product_brand?post=17575"},{"taxonomy":"product_cat","embeddable":true,"href":"https:\/\/paracherkaoui.ma\/index.php\/wp-json\/wp\/v2\/product_cat?post=17575"},{"taxonomy":"product_tag","embeddable":true,"href":"https:\/\/paracherkaoui.ma\/index.php\/wp-json\/wp\/v2\/product_tag?post=17575"}],"curies":[{"name":"wp","href":"https:\/\/api.w.org\/{rel}","templated":true}]}}