{"id":17330,"date":"2025-12-12T17:59:24","date_gmt":"2025-12-12T16:59:24","guid":{"rendered":"https:\/\/test.ecbeaute.com\/?post_type=product&#038;p=17330"},"modified":"2025-12-12T17:59:26","modified_gmt":"2025-12-12T16:59:26","slug":"vichy-dercos-energy-shampooing-stimulant-anti-chute-400-ml-2","status":"publish","type":"product","link":"https:\/\/paracherkaoui.ma\/index.php\/produit\/vichy-dercos-energy-shampooing-stimulant-anti-chute-400-ml-2\/","title":{"rendered":"VICHY DERCOS ENERGY + SHAMPOOING STIMULANT ANTI CHUTE 400 ML"},"content":{"rendered":"<p>.elementor-224 .elementor-element.elementor-element-650b1692 .elementor-tab-title, .elementor-224 .elementor-element.elementor-element-650b1692 .elementor-tab-title:before, .elementor-224 .elementor-element.elementor-element-650b1692 .elementor-tab-title:after, .elementor-224 .elementor-element.elementor-element-650b1692 .elementor-tab-content, .elementor-224 .elementor-element.elementor-element-650b1692 .elementor-tabs-content-wrapper{border-width:0.5px;}.elementor-224 .elementor-element.elementor-element-650b1692 .elementor-tab-title{color:#000000;}.elementor-224 .elementor-element.elementor-element-650b1692 .elementor-tab-title.elementor-active{color:#00a28d;}.elementor-224 .elementor-element.elementor-element-650b1692 .elementor-tab-content{color:#000000;}.elementor-224 .elementor-element.elementor-element-29a061b6 .axps-swiper-slider .swiper-slide img{width:auto;}.elementor-224 .elementor-element.elementor-element-29a061b6 .wrapper-items:not(.swiper-container-initialized) .item{-ms-flex:0 0 calc(100%\/2);flex:0 0 calc(100%\/2);max-width:calc(100%\/2);}.elementor-224 .elementor-element.elementor-element-29a061b6 .wrapper-items .swiper-slide{padding-left:calc(30px\/2);padding-right:calc(30px\/2);}.elementor-224 .elementor-element.elementor-element-29a061b6 .wrapper-items .swiper-slide .item-inner{margin-bottom:30px;}.elementor-224 .elementor-element.elementor-element-29a061b6 .wrapper-items{margin-left:calc(-30px\/2);margin-right:calc(-30px\/2);}.elementor-224 .elementor-element.elementor-element-29a061b6 .swiper-wrapper .item-inner{text-align:center;}.elementor-224 .elementor-element.elementor-element-7fde81a3{margin-top:-16px;margin-bottom:0px;}.elementor-224 .elementor-element.elementor-element-222227d1 > .elementor-widget-container{margin:-46px 0px 0px 0px;}.elementor-224 .elementor-element.elementor-element-2e4904f8 > .elementor-widget-container{margin:-46px 0px 0px 0px;}.elementor-224 .elementor-element.elementor-element-21f937de > .elementor-widget-container{margin:-46px 0px 0px 0px;}@media(max-width:1024px){.elementor-224 .elementor-element.elementor-element-29a061b6 .wrapper-items:not(.swiper-container-initialized) .item{-ms-flex:0 0 calc(100%\/4);flex:0 0 calc(100%\/4);max-width:calc(100%\/4);}.elementor-224 .elementor-element.elementor-element-29a061b6 .wrapper-items .swiper-slide{padding-left:calc(20px\/2);padding-right:calc(20px\/2);}.elementor-224 .elementor-element.elementor-element-29a061b6 .wrapper-items .swiper-slide .item-inner{margin-bottom:20px;}.elementor-224 .elementor-element.elementor-element-29a061b6 .wrapper-items{margin-left:calc(-20px\/2);margin-right:calc(-20px\/2);}.elementor-224 .elementor-element.elementor-element-222227d1 > .elementor-widget-container{margin:-33px 0px 0px 0px;}.elementor-224 .elementor-element.elementor-element-2e4904f8 > .elementor-widget-container{margin:-33px 0px 0px 0px;}.elementor-224 .elementor-element.elementor-element-21f937de > .elementor-widget-container{margin:-33px 0px 0px 0px;}}@media(max-width:767px){.elementor-224 .elementor-element.elementor-element-29a061b6 .wrapper-items:not(.swiper-container-initialized) .item{-ms-flex:0 0 calc(100%\/4);flex:0 0 calc(100%\/4);max-width:calc(100%\/4);}.elementor-224 .elementor-element.elementor-element-29a061b6 .wrapper-items .swiper-slide{padding-left:calc(10px\/2);padding-right:calc(10px\/2);}.elementor-224 .elementor-element.elementor-element-29a061b6 .wrapper-items .swiper-slide .item-inner{margin-bottom:10px;}.elementor-224 .elementor-element.elementor-element-29a061b6 .wrapper-items{margin-left:calc(-10px\/2);margin-right:calc(-10px\/2);}.elementor-224 .elementor-element.elementor-element-5cec6f9a{width:50%;}.elementor-224 .elementor-element.elementor-element-222227d1 > .elementor-widget-container{margin:-26px 0px 0px 0px;}.elementor-224 .elementor-element.elementor-element-55eeb7a5{width:50%;}.elementor-224 .elementor-element.elementor-element-2e4904f8 > .elementor-widget-container{margin:-26px 0px 0px 0px;}.elementor-224 .elementor-element.elementor-element-14461ccd{width:50%;}.elementor-224 .elementor-element.elementor-element-21f937de > .elementor-widget-container{margin:-26px 0px 0px 0px;}}<br \/>\nDescription<br \/>\nConseils d&rsquo;utilisation<br \/>\nComposition<br \/>\nDescription<br \/>\nLe\u00a0shampooing stimulant anti-chute Vichy Dercos Energy+\u00a0aide \u00e0 revitaliser les cheveux en manque d\u2019\u00e9nergie. Sa combinaison de puissants actifs dermatologiques tels que\u00a0le Panth\u00e9nol (Pro-Vitamine B5)\u00a0et la\u00a0Niacinamide (Vitamine B3)\u00a0offre une action hydratante, r\u00e9paratrice et apaisante. Ensemble, ces ingr\u00e9dients aident \u00e0 r\u00e9duire les d\u00e9mangeaisons, renforcer la fibre capillaire, et prot\u00e9ger le cuir chevelu des agressions ext\u00e9rieures.<br \/>\nLes r\u00e9sultats sont visibles :<br \/>\nChevelure renforc\u00e9e jusqu\u2019\u00e0\u00a0+47%\u00a0apr\u00e8s 5 utilisations<br \/>\n+19% de masse capillaire\u00a0et volume durable pendant 24h<br \/>\nJusqu\u2019\u00e0\u00a0-29% de chute de cheveux\u00a0lorsqu\u2019il est utilis\u00e9 avec le traitement\u00a0Aminexil Clinical 5<br \/>\nTest\u00e9 sous contr\u00f4le dermatologique et\u00a0hypoallerg\u00e9nique, ce shampooing peut \u00eatre utilis\u00e9 au quotidien sans agresser le cuir chevelu. Il convient aussi bien aux\u00a0hommes qu\u2019aux femmes.<br \/>\nConseils d&rsquo;utilisation<br \/>\nAppliquez une noisette du shampooing stimulant anti-chute sur cheveux mouill\u00e9s.<br \/>\nFaites mousser tout en massant d\u00e9licatement le cuir chevelu.<br \/>\nLaissez agir quelques instants pour que les actifs p\u00e9n\u00e8trent.<br \/>\nRincez abondamment.<br \/>\nPour des r\u00e9sultats optimaux, utilisez ensuite le traitement\u00a0DERCOS Aminexil Clinical 5.<br \/>\nComposition<br \/>\nAqua\/Water\/Eau, Sodium Laureth Sulfate, Citric Acid, Sodium Cocoamphoacetate, Hexylene Glycol, Ammonium Hydroxide, Glycol Distearate, Carbomer, Coco-Betaine, Diaminopyrimidine Oxide, Niacinamide, PEG-55 Propylene Glycol Oleate, Polyquaternium-10, Propylene Glycol, Salicylic Acid, Sodium Benzoate, Sodium Chloride, Sodium Hydroxide, Tocopherol, Parfum\/Fragrance<br \/>\nAjouter au Panier<br \/>\nAjouter au Panier<br \/>\nAjouter au Panier<\/p>\n","protected":false},"excerpt":{"rendered":"<p>.elementor-224 .elementor-element.elementor-element-650b1692 .elementor-tab-title, .elementor-224 .elementor-element.elementor-element-650b1692 .elementor-tab-title:before, .elementor-224 .elementor-element.elementor-element-650b1692 .elementor-tab-title:after, .elementor-224 .elementor-element.elementor-element-650b1692 .elementor-tab-content, .elementor-224 .elementor-element.elementor-element-650b1692 .elementor-tabs-content-wrapper{border-width:0.5px;}.elementor-224 .elementor-element.elementor-element-650b1692 .elementor-tab-title{color:#000000;}.elementor-224 .elementor-element.elementor-element-650b1692 .elementor-tab-title.elementor-active{color:#00a28d;}.elementor-224 .elementor-element.elementor-element-650b1692<\/p>\n","protected":false},"featured_media":10849,"comment_status":"open","ping_status":"closed","template":"","meta":[],"product_brand":[144],"product_cat":[316],"product_tag":[],"class_list":{"0":"post-17330","1":"product","2":"type-product","3":"status-publish","4":"has-post-thumbnail","6":"product_brand-dercos","7":"product_cat-shampoings-soins-des-cheveux-cheveux","9":"first","10":"instock","11":"sale","12":"shipping-taxable","13":"purchasable","14":"product-type-simple"},"yoast_head":"<!-- This site is optimized with the Yoast SEO plugin v26.6 - https:\/\/yoast.com\/wordpress\/plugins\/seo\/ -->\r\n<title>VICHY DERCOS ENERGY + SHAMPOOING STIMULANT ANTI CHUTE 400 ML - Paracherkaoui.ma<\/title>\r\n<meta name=\"robots\" content=\"index, follow, max-snippet:-1, max-image-preview:large, max-video-preview:-1\" \/>\r\n<link rel=\"canonical\" href=\"https:\/\/paracherkaoui.ma\/index.php\/produit\/vichy-dercos-energy-shampooing-stimulant-anti-chute-400-ml-2\/\" \/>\r\n<meta property=\"og:locale\" content=\"fr_FR\" \/>\r\n<meta property=\"og:type\" content=\"article\" \/>\r\n<meta property=\"og:title\" content=\"VICHY DERCOS ENERGY + SHAMPOOING STIMULANT ANTI CHUTE 400 ML - Paracherkaoui.ma\" \/>\r\n<meta property=\"og:description\" content=\".elementor-224 .elementor-element.elementor-element-650b1692 .elementor-tab-title, .elementor-224 .elementor-element.elementor-element-650b1692 .elementor-tab-title:before, .elementor-224 .elementor-element.elementor-element-650b1692 .elementor-tab-title:after, .elementor-224 .elementor-element.elementor-element-650b1692 .elementor-tab-content, .elementor-224 .elementor-element.elementor-element-650b1692 .elementor-tabs-content-wrapper{border-width:0.5px;}.elementor-224 .elementor-element.elementor-element-650b1692 .elementor-tab-title{color:#000000;}.elementor-224 .elementor-element.elementor-element-650b1692 .elementor-tab-title.elementor-active{color:#00a28d;}.elementor-224 .elementor-element.elementor-element-650b1692\" \/>\r\n<meta property=\"og:url\" content=\"https:\/\/paracherkaoui.ma\/index.php\/produit\/vichy-dercos-energy-shampooing-stimulant-anti-chute-400-ml-2\/\" \/>\r\n<meta property=\"og:site_name\" content=\"Paracherkaoui.ma\" \/>\r\n<meta property=\"article:modified_time\" content=\"2025-12-12T16:59:26+00:00\" \/>\r\n<meta property=\"og:image\" content=\"https:\/\/paracherkaoui.ma\/wp-content\/uploads\/2025\/12\/dercos-vichy-dercos-energy-shampooing-stimulant-anti-chute-400-ml-shampoings-anti-chute.jpg\" \/>\r\n\t<meta property=\"og:image:width\" content=\"700\" \/>\r\n\t<meta property=\"og:image:height\" content=\"700\" \/>\r\n\t<meta property=\"og:image:type\" content=\"image\/jpeg\" \/>\r\n<meta name=\"twitter:card\" content=\"summary_large_image\" \/>\r\n<meta name=\"twitter:label1\" content=\"Dur\u00e9e de lecture estim\u00e9e\" \/>\n\t<meta name=\"twitter:data1\" content=\"3 minutes\" \/>\r\n<script type=\"application\/ld+json\" class=\"yoast-schema-graph\">{\"@context\":\"https:\/\/schema.org\",\"@graph\":[{\"@type\":\"WebPage\",\"@id\":\"https:\/\/paracherkaoui.ma\/index.php\/produit\/vichy-dercos-energy-shampooing-stimulant-anti-chute-400-ml-2\/\",\"url\":\"https:\/\/paracherkaoui.ma\/index.php\/produit\/vichy-dercos-energy-shampooing-stimulant-anti-chute-400-ml-2\/\",\"name\":\"VICHY DERCOS ENERGY + SHAMPOOING STIMULANT ANTI CHUTE 400 ML - Paracherkaoui.ma\",\"isPartOf\":{\"@id\":\"https:\/\/paracherkaoui.ma\/#website\"},\"primaryImageOfPage\":{\"@id\":\"https:\/\/paracherkaoui.ma\/index.php\/produit\/vichy-dercos-energy-shampooing-stimulant-anti-chute-400-ml-2\/#primaryimage\"},\"image\":{\"@id\":\"https:\/\/paracherkaoui.ma\/index.php\/produit\/vichy-dercos-energy-shampooing-stimulant-anti-chute-400-ml-2\/#primaryimage\"},\"thumbnailUrl\":\"https:\/\/paracherkaoui.ma\/wp-content\/uploads\/2025\/12\/dercos-vichy-dercos-energy-shampooing-stimulant-anti-chute-400-ml-shampoings-anti-chute.jpg\",\"datePublished\":\"2025-12-12T16:59:24+00:00\",\"dateModified\":\"2025-12-12T16:59:26+00:00\",\"breadcrumb\":{\"@id\":\"https:\/\/paracherkaoui.ma\/index.php\/produit\/vichy-dercos-energy-shampooing-stimulant-anti-chute-400-ml-2\/#breadcrumb\"},\"inLanguage\":\"fr-FR\",\"potentialAction\":[{\"@type\":\"ReadAction\",\"target\":[\"https:\/\/paracherkaoui.ma\/index.php\/produit\/vichy-dercos-energy-shampooing-stimulant-anti-chute-400-ml-2\/\"]}]},{\"@type\":\"ImageObject\",\"inLanguage\":\"fr-FR\",\"@id\":\"https:\/\/paracherkaoui.ma\/index.php\/produit\/vichy-dercos-energy-shampooing-stimulant-anti-chute-400-ml-2\/#primaryimage\",\"url\":\"https:\/\/paracherkaoui.ma\/wp-content\/uploads\/2025\/12\/dercos-vichy-dercos-energy-shampooing-stimulant-anti-chute-400-ml-shampoings-anti-chute.jpg\",\"contentUrl\":\"https:\/\/paracherkaoui.ma\/wp-content\/uploads\/2025\/12\/dercos-vichy-dercos-energy-shampooing-stimulant-anti-chute-400-ml-shampoings-anti-chute.jpg\",\"width\":700,\"height\":700},{\"@type\":\"BreadcrumbList\",\"@id\":\"https:\/\/paracherkaoui.ma\/index.php\/produit\/vichy-dercos-energy-shampooing-stimulant-anti-chute-400-ml-2\/#breadcrumb\",\"itemListElement\":[{\"@type\":\"ListItem\",\"position\":1,\"name\":\"Accueil\",\"item\":\"https:\/\/paracherkaoui.ma\/\"},{\"@type\":\"ListItem\",\"position\":2,\"name\":\"Boutique\",\"item\":\"https:\/\/paracherkaoui.ma\/index.php\/boutique\/\"},{\"@type\":\"ListItem\",\"position\":3,\"name\":\"VICHY DERCOS ENERGY + SHAMPOOING STIMULANT ANTI CHUTE 400 ML\"}]},{\"@type\":\"WebSite\",\"@id\":\"https:\/\/paracherkaoui.ma\/#website\",\"url\":\"https:\/\/paracherkaoui.ma\/\",\"name\":\"Paracherkaoui.ma\",\"description\":\"Achetez en ligne sur Paracherkaoui.ma\",\"potentialAction\":[{\"@type\":\"SearchAction\",\"target\":{\"@type\":\"EntryPoint\",\"urlTemplate\":\"https:\/\/paracherkaoui.ma\/?s={search_term_string}\"},\"query-input\":{\"@type\":\"PropertyValueSpecification\",\"valueRequired\":true,\"valueName\":\"search_term_string\"}}],\"inLanguage\":\"fr-FR\"}]}<\/script>\r\n<!-- \/ Yoast SEO plugin. -->","yoast_head_json":{"title":"VICHY DERCOS ENERGY + SHAMPOOING STIMULANT ANTI CHUTE 400 ML - Paracherkaoui.ma","robots":{"index":"index","follow":"follow","max-snippet":"max-snippet:-1","max-image-preview":"max-image-preview:large","max-video-preview":"max-video-preview:-1"},"canonical":"https:\/\/paracherkaoui.ma\/index.php\/produit\/vichy-dercos-energy-shampooing-stimulant-anti-chute-400-ml-2\/","og_locale":"fr_FR","og_type":"article","og_title":"VICHY DERCOS ENERGY + SHAMPOOING STIMULANT ANTI CHUTE 400 ML - Paracherkaoui.ma","og_description":".elementor-224 .elementor-element.elementor-element-650b1692 .elementor-tab-title, .elementor-224 .elementor-element.elementor-element-650b1692 .elementor-tab-title:before, .elementor-224 .elementor-element.elementor-element-650b1692 .elementor-tab-title:after, .elementor-224 .elementor-element.elementor-element-650b1692 .elementor-tab-content, .elementor-224 .elementor-element.elementor-element-650b1692 .elementor-tabs-content-wrapper{border-width:0.5px;}.elementor-224 .elementor-element.elementor-element-650b1692 .elementor-tab-title{color:#000000;}.elementor-224 .elementor-element.elementor-element-650b1692 .elementor-tab-title.elementor-active{color:#00a28d;}.elementor-224 .elementor-element.elementor-element-650b1692","og_url":"https:\/\/paracherkaoui.ma\/index.php\/produit\/vichy-dercos-energy-shampooing-stimulant-anti-chute-400-ml-2\/","og_site_name":"Paracherkaoui.ma","article_modified_time":"2025-12-12T16:59:26+00:00","og_image":[{"width":700,"height":700,"url":"https:\/\/paracherkaoui.ma\/wp-content\/uploads\/2025\/12\/dercos-vichy-dercos-energy-shampooing-stimulant-anti-chute-400-ml-shampoings-anti-chute.jpg","type":"image\/jpeg"}],"twitter_card":"summary_large_image","twitter_misc":{"Dur\u00e9e de lecture estim\u00e9e":"3 minutes"},"schema":{"@context":"https:\/\/schema.org","@graph":[{"@type":"WebPage","@id":"https:\/\/paracherkaoui.ma\/index.php\/produit\/vichy-dercos-energy-shampooing-stimulant-anti-chute-400-ml-2\/","url":"https:\/\/paracherkaoui.ma\/index.php\/produit\/vichy-dercos-energy-shampooing-stimulant-anti-chute-400-ml-2\/","name":"VICHY DERCOS ENERGY + SHAMPOOING STIMULANT ANTI CHUTE 400 ML - Paracherkaoui.ma","isPartOf":{"@id":"https:\/\/paracherkaoui.ma\/#website"},"primaryImageOfPage":{"@id":"https:\/\/paracherkaoui.ma\/index.php\/produit\/vichy-dercos-energy-shampooing-stimulant-anti-chute-400-ml-2\/#primaryimage"},"image":{"@id":"https:\/\/paracherkaoui.ma\/index.php\/produit\/vichy-dercos-energy-shampooing-stimulant-anti-chute-400-ml-2\/#primaryimage"},"thumbnailUrl":"https:\/\/paracherkaoui.ma\/wp-content\/uploads\/2025\/12\/dercos-vichy-dercos-energy-shampooing-stimulant-anti-chute-400-ml-shampoings-anti-chute.jpg","datePublished":"2025-12-12T16:59:24+00:00","dateModified":"2025-12-12T16:59:26+00:00","breadcrumb":{"@id":"https:\/\/paracherkaoui.ma\/index.php\/produit\/vichy-dercos-energy-shampooing-stimulant-anti-chute-400-ml-2\/#breadcrumb"},"inLanguage":"fr-FR","potentialAction":[{"@type":"ReadAction","target":["https:\/\/paracherkaoui.ma\/index.php\/produit\/vichy-dercos-energy-shampooing-stimulant-anti-chute-400-ml-2\/"]}]},{"@type":"ImageObject","inLanguage":"fr-FR","@id":"https:\/\/paracherkaoui.ma\/index.php\/produit\/vichy-dercos-energy-shampooing-stimulant-anti-chute-400-ml-2\/#primaryimage","url":"https:\/\/paracherkaoui.ma\/wp-content\/uploads\/2025\/12\/dercos-vichy-dercos-energy-shampooing-stimulant-anti-chute-400-ml-shampoings-anti-chute.jpg","contentUrl":"https:\/\/paracherkaoui.ma\/wp-content\/uploads\/2025\/12\/dercos-vichy-dercos-energy-shampooing-stimulant-anti-chute-400-ml-shampoings-anti-chute.jpg","width":700,"height":700},{"@type":"BreadcrumbList","@id":"https:\/\/paracherkaoui.ma\/index.php\/produit\/vichy-dercos-energy-shampooing-stimulant-anti-chute-400-ml-2\/#breadcrumb","itemListElement":[{"@type":"ListItem","position":1,"name":"Accueil","item":"https:\/\/paracherkaoui.ma\/"},{"@type":"ListItem","position":2,"name":"Boutique","item":"https:\/\/paracherkaoui.ma\/index.php\/boutique\/"},{"@type":"ListItem","position":3,"name":"VICHY DERCOS ENERGY + SHAMPOOING STIMULANT ANTI CHUTE 400 ML"}]},{"@type":"WebSite","@id":"https:\/\/paracherkaoui.ma\/#website","url":"https:\/\/paracherkaoui.ma\/","name":"Paracherkaoui.ma","description":"Achetez en ligne sur Paracherkaoui.ma","potentialAction":[{"@type":"SearchAction","target":{"@type":"EntryPoint","urlTemplate":"https:\/\/paracherkaoui.ma\/?s={search_term_string}"},"query-input":{"@type":"PropertyValueSpecification","valueRequired":true,"valueName":"search_term_string"}}],"inLanguage":"fr-FR"}]}},"_links":{"self":[{"href":"https:\/\/paracherkaoui.ma\/index.php\/wp-json\/wp\/v2\/product\/17330","targetHints":{"allow":["GET"]}}],"collection":[{"href":"https:\/\/paracherkaoui.ma\/index.php\/wp-json\/wp\/v2\/product"}],"about":[{"href":"https:\/\/paracherkaoui.ma\/index.php\/wp-json\/wp\/v2\/types\/product"}],"replies":[{"embeddable":true,"href":"https:\/\/paracherkaoui.ma\/index.php\/wp-json\/wp\/v2\/comments?post=17330"}],"version-history":[{"count":1,"href":"https:\/\/paracherkaoui.ma\/index.php\/wp-json\/wp\/v2\/product\/17330\/revisions"}],"predecessor-version":[{"id":17360,"href":"https:\/\/paracherkaoui.ma\/index.php\/wp-json\/wp\/v2\/product\/17330\/revisions\/17360"}],"wp:featuredmedia":[{"embeddable":true,"href":"https:\/\/paracherkaoui.ma\/index.php\/wp-json\/wp\/v2\/media\/10849"}],"wp:attachment":[{"href":"https:\/\/paracherkaoui.ma\/index.php\/wp-json\/wp\/v2\/media?parent=17330"}],"wp:term":[{"taxonomy":"product_brand","embeddable":true,"href":"https:\/\/paracherkaoui.ma\/index.php\/wp-json\/wp\/v2\/product_brand?post=17330"},{"taxonomy":"product_cat","embeddable":true,"href":"https:\/\/paracherkaoui.ma\/index.php\/wp-json\/wp\/v2\/product_cat?post=17330"},{"taxonomy":"product_tag","embeddable":true,"href":"https:\/\/paracherkaoui.ma\/index.php\/wp-json\/wp\/v2\/product_tag?post=17330"}],"curies":[{"name":"wp","href":"https:\/\/api.w.org\/{rel}","templated":true}]}}