{"id":17029,"date":"2025-12-12T17:58:50","date_gmt":"2025-12-12T16:58:50","guid":{"rendered":"https:\/\/test.ecbeaute.com\/?post_type=product&#038;p=17029"},"modified":"2025-12-12T17:58:54","modified_gmt":"2025-12-12T16:58:54","slug":"fiderma-hairfid-lotion-anti-chute-100-ml","status":"publish","type":"product","link":"https:\/\/paracherkaoui.ma\/index.php\/produit\/fiderma-hairfid-lotion-anti-chute-100-ml\/","title":{"rendered":"FIDERMA HAIRFID LOTION ANTI CHUTE 100 ML"},"content":{"rendered":"<p>Description:<br \/>\nHAIRFID Lotion anti-chule est un traitement stimulant et revitalisant qui\u00a0reduit la chute des cheveux. Gr\u00e1ce \u00e0 ses ingr\u00e9dients selectionn\u00e9s et \u00e0 sa formule complete, il renforce, tonifie et r\u00e9g\u00e9nere les cheveux, r\u00e9duisant leurs chute.<br \/>\nConseils d&rsquo;utilisation:<br \/>\nAppliquer HAIRFID Lotion anti-chute sur les cheveux mouill\u00e9s ou Secs. Masser d\u00e9licatement tout le cuir chevelu, ne pas rincer. application quotidienne. En cas de contact avec les yeux rincer abondamment \u00e0 leau. Bien agiter avant chaque utilisation.<\/p>\n","protected":false},"excerpt":{"rendered":"<p>Description: HAIRFID Lotion anti-chule est un traitement stimulant et revitalisant qui\u00a0reduit la chute des cheveux. Gr\u00e1ce \u00e0 ses ingr\u00e9dients selectionn\u00e9s<\/p>\n","protected":false},"featured_media":17083,"comment_status":"open","ping_status":"closed","template":"","meta":[],"product_brand":[305],"product_cat":[276],"product_tag":[],"class_list":{"0":"post-17029","1":"product","2":"type-product","3":"status-publish","4":"has-post-thumbnail","6":"product_brand-fiderma","7":"product_cat-serums-et-huiles","9":"first","10":"instock","11":"sale","12":"shipping-taxable","13":"purchasable","14":"product-type-simple"},"yoast_head":"<!-- This site is optimized with the Yoast SEO plugin v26.6 - https:\/\/yoast.com\/wordpress\/plugins\/seo\/ -->\r\n<title>FIDERMA HAIRFID LOTION ANTI CHUTE 100 ML - Paracherkaoui.ma<\/title>\r\n<meta name=\"robots\" content=\"index, follow, max-snippet:-1, max-image-preview:large, max-video-preview:-1\" \/>\r\n<link rel=\"canonical\" href=\"https:\/\/paracherkaoui.ma\/index.php\/produit\/fiderma-hairfid-lotion-anti-chute-100-ml\/\" \/>\r\n<meta property=\"og:locale\" content=\"fr_FR\" \/>\r\n<meta property=\"og:type\" content=\"article\" \/>\r\n<meta property=\"og:title\" content=\"FIDERMA HAIRFID LOTION ANTI CHUTE 100 ML - Paracherkaoui.ma\" \/>\r\n<meta property=\"og:description\" content=\"Description: HAIRFID Lotion anti-chule est un traitement stimulant et revitalisant qui\u00a0reduit la chute des cheveux. Gr\u00e1ce \u00e0 ses ingr\u00e9dients selectionn\u00e9s\" \/>\r\n<meta property=\"og:url\" content=\"https:\/\/paracherkaoui.ma\/index.php\/produit\/fiderma-hairfid-lotion-anti-chute-100-ml\/\" \/>\r\n<meta property=\"og:site_name\" content=\"Paracherkaoui.ma\" \/>\r\n<meta property=\"article:modified_time\" content=\"2025-12-12T16:58:54+00:00\" \/>\r\n<meta property=\"og:image\" content=\"https:\/\/paracherkaoui.ma\/wp-content\/uploads\/2025\/12\/fiderma-hairfid-lotion-anti-chute-100-ml.jpg\" \/>\r\n\t<meta property=\"og:image:width\" content=\"700\" \/>\r\n\t<meta property=\"og:image:height\" content=\"700\" \/>\r\n\t<meta property=\"og:image:type\" content=\"image\/jpeg\" \/>\r\n<meta name=\"twitter:card\" content=\"summary_large_image\" \/>\r\n<script type=\"application\/ld+json\" class=\"yoast-schema-graph\">{\"@context\":\"https:\/\/schema.org\",\"@graph\":[{\"@type\":\"WebPage\",\"@id\":\"https:\/\/paracherkaoui.ma\/index.php\/produit\/fiderma-hairfid-lotion-anti-chute-100-ml\/\",\"url\":\"https:\/\/paracherkaoui.ma\/index.php\/produit\/fiderma-hairfid-lotion-anti-chute-100-ml\/\",\"name\":\"FIDERMA HAIRFID LOTION ANTI CHUTE 100 ML - Paracherkaoui.ma\",\"isPartOf\":{\"@id\":\"https:\/\/paracherkaoui.ma\/#website\"},\"primaryImageOfPage\":{\"@id\":\"https:\/\/paracherkaoui.ma\/index.php\/produit\/fiderma-hairfid-lotion-anti-chute-100-ml\/#primaryimage\"},\"image\":{\"@id\":\"https:\/\/paracherkaoui.ma\/index.php\/produit\/fiderma-hairfid-lotion-anti-chute-100-ml\/#primaryimage\"},\"thumbnailUrl\":\"https:\/\/paracherkaoui.ma\/wp-content\/uploads\/2025\/12\/fiderma-hairfid-lotion-anti-chute-100-ml.jpg\",\"datePublished\":\"2025-12-12T16:58:50+00:00\",\"dateModified\":\"2025-12-12T16:58:54+00:00\",\"breadcrumb\":{\"@id\":\"https:\/\/paracherkaoui.ma\/index.php\/produit\/fiderma-hairfid-lotion-anti-chute-100-ml\/#breadcrumb\"},\"inLanguage\":\"fr-FR\",\"potentialAction\":[{\"@type\":\"ReadAction\",\"target\":[\"https:\/\/paracherkaoui.ma\/index.php\/produit\/fiderma-hairfid-lotion-anti-chute-100-ml\/\"]}]},{\"@type\":\"ImageObject\",\"inLanguage\":\"fr-FR\",\"@id\":\"https:\/\/paracherkaoui.ma\/index.php\/produit\/fiderma-hairfid-lotion-anti-chute-100-ml\/#primaryimage\",\"url\":\"https:\/\/paracherkaoui.ma\/wp-content\/uploads\/2025\/12\/fiderma-hairfid-lotion-anti-chute-100-ml.jpg\",\"contentUrl\":\"https:\/\/paracherkaoui.ma\/wp-content\/uploads\/2025\/12\/fiderma-hairfid-lotion-anti-chute-100-ml.jpg\",\"width\":700,\"height\":700},{\"@type\":\"BreadcrumbList\",\"@id\":\"https:\/\/paracherkaoui.ma\/index.php\/produit\/fiderma-hairfid-lotion-anti-chute-100-ml\/#breadcrumb\",\"itemListElement\":[{\"@type\":\"ListItem\",\"position\":1,\"name\":\"Accueil\",\"item\":\"https:\/\/paracherkaoui.ma\/\"},{\"@type\":\"ListItem\",\"position\":2,\"name\":\"Boutique\",\"item\":\"https:\/\/paracherkaoui.ma\/index.php\/boutique\/\"},{\"@type\":\"ListItem\",\"position\":3,\"name\":\"FIDERMA HAIRFID LOTION ANTI CHUTE 100 ML\"}]},{\"@type\":\"WebSite\",\"@id\":\"https:\/\/paracherkaoui.ma\/#website\",\"url\":\"https:\/\/paracherkaoui.ma\/\",\"name\":\"Paracherkaoui.ma\",\"description\":\"Achetez en ligne sur Paracherkaoui.ma\",\"potentialAction\":[{\"@type\":\"SearchAction\",\"target\":{\"@type\":\"EntryPoint\",\"urlTemplate\":\"https:\/\/paracherkaoui.ma\/?s={search_term_string}\"},\"query-input\":{\"@type\":\"PropertyValueSpecification\",\"valueRequired\":true,\"valueName\":\"search_term_string\"}}],\"inLanguage\":\"fr-FR\"}]}<\/script>\r\n<!-- \/ Yoast SEO plugin. -->","yoast_head_json":{"title":"FIDERMA HAIRFID LOTION ANTI CHUTE 100 ML - Paracherkaoui.ma","robots":{"index":"index","follow":"follow","max-snippet":"max-snippet:-1","max-image-preview":"max-image-preview:large","max-video-preview":"max-video-preview:-1"},"canonical":"https:\/\/paracherkaoui.ma\/index.php\/produit\/fiderma-hairfid-lotion-anti-chute-100-ml\/","og_locale":"fr_FR","og_type":"article","og_title":"FIDERMA HAIRFID LOTION ANTI CHUTE 100 ML - Paracherkaoui.ma","og_description":"Description: HAIRFID Lotion anti-chule est un traitement stimulant et revitalisant qui\u00a0reduit la chute des cheveux. Gr\u00e1ce \u00e0 ses ingr\u00e9dients selectionn\u00e9s","og_url":"https:\/\/paracherkaoui.ma\/index.php\/produit\/fiderma-hairfid-lotion-anti-chute-100-ml\/","og_site_name":"Paracherkaoui.ma","article_modified_time":"2025-12-12T16:58:54+00:00","og_image":[{"width":700,"height":700,"url":"https:\/\/paracherkaoui.ma\/wp-content\/uploads\/2025\/12\/fiderma-hairfid-lotion-anti-chute-100-ml.jpg","type":"image\/jpeg"}],"twitter_card":"summary_large_image","schema":{"@context":"https:\/\/schema.org","@graph":[{"@type":"WebPage","@id":"https:\/\/paracherkaoui.ma\/index.php\/produit\/fiderma-hairfid-lotion-anti-chute-100-ml\/","url":"https:\/\/paracherkaoui.ma\/index.php\/produit\/fiderma-hairfid-lotion-anti-chute-100-ml\/","name":"FIDERMA HAIRFID LOTION ANTI CHUTE 100 ML - Paracherkaoui.ma","isPartOf":{"@id":"https:\/\/paracherkaoui.ma\/#website"},"primaryImageOfPage":{"@id":"https:\/\/paracherkaoui.ma\/index.php\/produit\/fiderma-hairfid-lotion-anti-chute-100-ml\/#primaryimage"},"image":{"@id":"https:\/\/paracherkaoui.ma\/index.php\/produit\/fiderma-hairfid-lotion-anti-chute-100-ml\/#primaryimage"},"thumbnailUrl":"https:\/\/paracherkaoui.ma\/wp-content\/uploads\/2025\/12\/fiderma-hairfid-lotion-anti-chute-100-ml.jpg","datePublished":"2025-12-12T16:58:50+00:00","dateModified":"2025-12-12T16:58:54+00:00","breadcrumb":{"@id":"https:\/\/paracherkaoui.ma\/index.php\/produit\/fiderma-hairfid-lotion-anti-chute-100-ml\/#breadcrumb"},"inLanguage":"fr-FR","potentialAction":[{"@type":"ReadAction","target":["https:\/\/paracherkaoui.ma\/index.php\/produit\/fiderma-hairfid-lotion-anti-chute-100-ml\/"]}]},{"@type":"ImageObject","inLanguage":"fr-FR","@id":"https:\/\/paracherkaoui.ma\/index.php\/produit\/fiderma-hairfid-lotion-anti-chute-100-ml\/#primaryimage","url":"https:\/\/paracherkaoui.ma\/wp-content\/uploads\/2025\/12\/fiderma-hairfid-lotion-anti-chute-100-ml.jpg","contentUrl":"https:\/\/paracherkaoui.ma\/wp-content\/uploads\/2025\/12\/fiderma-hairfid-lotion-anti-chute-100-ml.jpg","width":700,"height":700},{"@type":"BreadcrumbList","@id":"https:\/\/paracherkaoui.ma\/index.php\/produit\/fiderma-hairfid-lotion-anti-chute-100-ml\/#breadcrumb","itemListElement":[{"@type":"ListItem","position":1,"name":"Accueil","item":"https:\/\/paracherkaoui.ma\/"},{"@type":"ListItem","position":2,"name":"Boutique","item":"https:\/\/paracherkaoui.ma\/index.php\/boutique\/"},{"@type":"ListItem","position":3,"name":"FIDERMA HAIRFID LOTION ANTI CHUTE 100 ML"}]},{"@type":"WebSite","@id":"https:\/\/paracherkaoui.ma\/#website","url":"https:\/\/paracherkaoui.ma\/","name":"Paracherkaoui.ma","description":"Achetez en ligne sur Paracherkaoui.ma","potentialAction":[{"@type":"SearchAction","target":{"@type":"EntryPoint","urlTemplate":"https:\/\/paracherkaoui.ma\/?s={search_term_string}"},"query-input":{"@type":"PropertyValueSpecification","valueRequired":true,"valueName":"search_term_string"}}],"inLanguage":"fr-FR"}]}},"_links":{"self":[{"href":"https:\/\/paracherkaoui.ma\/index.php\/wp-json\/wp\/v2\/product\/17029","targetHints":{"allow":["GET"]}}],"collection":[{"href":"https:\/\/paracherkaoui.ma\/index.php\/wp-json\/wp\/v2\/product"}],"about":[{"href":"https:\/\/paracherkaoui.ma\/index.php\/wp-json\/wp\/v2\/types\/product"}],"replies":[{"embeddable":true,"href":"https:\/\/paracherkaoui.ma\/index.php\/wp-json\/wp\/v2\/comments?post=17029"}],"version-history":[{"count":1,"href":"https:\/\/paracherkaoui.ma\/index.php\/wp-json\/wp\/v2\/product\/17029\/revisions"}],"predecessor-version":[{"id":17084,"href":"https:\/\/paracherkaoui.ma\/index.php\/wp-json\/wp\/v2\/product\/17029\/revisions\/17084"}],"wp:featuredmedia":[{"embeddable":true,"href":"https:\/\/paracherkaoui.ma\/index.php\/wp-json\/wp\/v2\/media\/17083"}],"wp:attachment":[{"href":"https:\/\/paracherkaoui.ma\/index.php\/wp-json\/wp\/v2\/media?parent=17029"}],"wp:term":[{"taxonomy":"product_brand","embeddable":true,"href":"https:\/\/paracherkaoui.ma\/index.php\/wp-json\/wp\/v2\/product_brand?post=17029"},{"taxonomy":"product_cat","embeddable":true,"href":"https:\/\/paracherkaoui.ma\/index.php\/wp-json\/wp\/v2\/product_cat?post=17029"},{"taxonomy":"product_tag","embeddable":true,"href":"https:\/\/paracherkaoui.ma\/index.php\/wp-json\/wp\/v2\/product_tag?post=17029"}],"curies":[{"name":"wp","href":"https:\/\/api.w.org\/{rel}","templated":true}]}}