{"id":16625,"date":"2025-12-12T17:54:48","date_gmt":"2025-12-12T16:54:48","guid":{"rendered":"https:\/\/test.ecbeaute.com\/?post_type=product&#038;p=16625"},"modified":"2025-12-12T17:54:50","modified_gmt":"2025-12-12T16:54:50","slug":"martiderm-hair-system-ampoules-anti-chute-28-ampoules","status":"publish","type":"product","link":"https:\/\/paracherkaoui.ma\/index.php\/produit\/martiderm-hair-system-ampoules-anti-chute-28-ampoules\/","title":{"rendered":"MARTIDERM HAIR SYSTEM AMPOULES ANTI CHUTE 28 AMPOULES"},"content":{"rendered":"<p>Les ampoules antichute Hair System contiennent des facteurs de croissance capillaire pour lutter contre les diff\u00e9rents types de chute de cheveux (alop\u00e9cie androg\u00e9n\u00e9tique et effluvium t\u00e9log\u00e8ne). Elles freinent le processus de perte de cheveux et stimulent la croissance de nouveaux cheveux.<br \/>\nLes ampoules antichute Hair System freinent le processus de perte de cheveux, stimulent la croissance des nouveaux cheveux, augmentent la densit\u00e9 et am\u00e9liorent l\u2019ancrage au cuir chevelu, gr\u00e2ce \u00e0 la pr\u00e9sence de trois facteurs de croissance, de biotinyl, d\u2019acide ol\u00e9ano\u00efque, d\u2019apig\u00e9nine et d\u2019un complexe vitaminique, entre autres ingr\u00e9dients. Les cheveux r\u00e9cup\u00e8rent leur force et leur densit\u00e9.<br \/>\nCONSEILS D&rsquo;UTILISATION:<br \/>\nOxyg\u00e9ner le cuir chevelu avec un brossage de 2 minutes.<br \/>\nOuvrir le flacon et visser l\u2019applicateur sur le flacon jusqu\u2019\u00e0 ce qu\u2019il se verrouille.<\/p>\n","protected":false},"excerpt":{"rendered":"<p>Les ampoules antichute Hair System contiennent des facteurs de croissance capillaire pour lutter contre les diff\u00e9rents types de chute de<\/p>\n","protected":false},"featured_media":16667,"comment_status":"open","ping_status":"closed","template":"","meta":[],"product_brand":[291],"product_cat":[276],"product_tag":[],"class_list":{"0":"post-16625","1":"product","2":"type-product","3":"status-publish","4":"has-post-thumbnail","6":"product_brand-martiderm","7":"product_cat-serums-et-huiles","9":"first","10":"instock","11":"sale","12":"shipping-taxable","13":"purchasable","14":"product-type-simple"},"yoast_head":"<!-- This site is optimized with the Yoast SEO plugin v26.6 - https:\/\/yoast.com\/wordpress\/plugins\/seo\/ -->\r\n<title>MARTIDERM HAIR SYSTEM AMPOULES ANTI CHUTE 28 AMPOULES - Paracherkaoui.ma<\/title>\r\n<meta name=\"robots\" content=\"index, follow, max-snippet:-1, max-image-preview:large, max-video-preview:-1\" \/>\r\n<link rel=\"canonical\" href=\"https:\/\/paracherkaoui.ma\/index.php\/produit\/martiderm-hair-system-ampoules-anti-chute-28-ampoules\/\" \/>\r\n<meta property=\"og:locale\" content=\"fr_FR\" \/>\r\n<meta property=\"og:type\" content=\"article\" \/>\r\n<meta property=\"og:title\" content=\"MARTIDERM HAIR SYSTEM AMPOULES ANTI CHUTE 28 AMPOULES - Paracherkaoui.ma\" \/>\r\n<meta property=\"og:description\" content=\"Les ampoules antichute Hair System contiennent des facteurs de croissance capillaire pour lutter contre les diff\u00e9rents types de chute de\" \/>\r\n<meta property=\"og:url\" content=\"https:\/\/paracherkaoui.ma\/index.php\/produit\/martiderm-hair-system-ampoules-anti-chute-28-ampoules\/\" \/>\r\n<meta property=\"og:site_name\" content=\"Paracherkaoui.ma\" \/>\r\n<meta property=\"article:modified_time\" content=\"2025-12-12T16:54:50+00:00\" \/>\r\n<meta property=\"og:image\" content=\"https:\/\/paracherkaoui.ma\/wp-content\/uploads\/2025\/12\/martiderm-martiderm-hair-system-ampoules-anti-chute-28-ampoules-serum-et-huiles.jpg\" \/>\r\n\t<meta property=\"og:image:width\" content=\"700\" \/>\r\n\t<meta property=\"og:image:height\" content=\"700\" \/>\r\n\t<meta property=\"og:image:type\" content=\"image\/jpeg\" \/>\r\n<meta name=\"twitter:card\" content=\"summary_large_image\" \/>\r\n<meta name=\"twitter:label1\" content=\"Dur\u00e9e de lecture estim\u00e9e\" \/>\n\t<meta name=\"twitter:data1\" content=\"1 minute\" \/>\r\n<script type=\"application\/ld+json\" class=\"yoast-schema-graph\">{\"@context\":\"https:\/\/schema.org\",\"@graph\":[{\"@type\":\"WebPage\",\"@id\":\"https:\/\/paracherkaoui.ma\/index.php\/produit\/martiderm-hair-system-ampoules-anti-chute-28-ampoules\/\",\"url\":\"https:\/\/paracherkaoui.ma\/index.php\/produit\/martiderm-hair-system-ampoules-anti-chute-28-ampoules\/\",\"name\":\"MARTIDERM HAIR SYSTEM AMPOULES ANTI CHUTE 28 AMPOULES - Paracherkaoui.ma\",\"isPartOf\":{\"@id\":\"https:\/\/paracherkaoui.ma\/#website\"},\"primaryImageOfPage\":{\"@id\":\"https:\/\/paracherkaoui.ma\/index.php\/produit\/martiderm-hair-system-ampoules-anti-chute-28-ampoules\/#primaryimage\"},\"image\":{\"@id\":\"https:\/\/paracherkaoui.ma\/index.php\/produit\/martiderm-hair-system-ampoules-anti-chute-28-ampoules\/#primaryimage\"},\"thumbnailUrl\":\"https:\/\/paracherkaoui.ma\/wp-content\/uploads\/2025\/12\/martiderm-martiderm-hair-system-ampoules-anti-chute-28-ampoules-serum-et-huiles.jpg\",\"datePublished\":\"2025-12-12T16:54:48+00:00\",\"dateModified\":\"2025-12-12T16:54:50+00:00\",\"breadcrumb\":{\"@id\":\"https:\/\/paracherkaoui.ma\/index.php\/produit\/martiderm-hair-system-ampoules-anti-chute-28-ampoules\/#breadcrumb\"},\"inLanguage\":\"fr-FR\",\"potentialAction\":[{\"@type\":\"ReadAction\",\"target\":[\"https:\/\/paracherkaoui.ma\/index.php\/produit\/martiderm-hair-system-ampoules-anti-chute-28-ampoules\/\"]}]},{\"@type\":\"ImageObject\",\"inLanguage\":\"fr-FR\",\"@id\":\"https:\/\/paracherkaoui.ma\/index.php\/produit\/martiderm-hair-system-ampoules-anti-chute-28-ampoules\/#primaryimage\",\"url\":\"https:\/\/paracherkaoui.ma\/wp-content\/uploads\/2025\/12\/martiderm-martiderm-hair-system-ampoules-anti-chute-28-ampoules-serum-et-huiles.jpg\",\"contentUrl\":\"https:\/\/paracherkaoui.ma\/wp-content\/uploads\/2025\/12\/martiderm-martiderm-hair-system-ampoules-anti-chute-28-ampoules-serum-et-huiles.jpg\",\"width\":700,\"height\":700},{\"@type\":\"BreadcrumbList\",\"@id\":\"https:\/\/paracherkaoui.ma\/index.php\/produit\/martiderm-hair-system-ampoules-anti-chute-28-ampoules\/#breadcrumb\",\"itemListElement\":[{\"@type\":\"ListItem\",\"position\":1,\"name\":\"Accueil\",\"item\":\"https:\/\/paracherkaoui.ma\/\"},{\"@type\":\"ListItem\",\"position\":2,\"name\":\"Boutique\",\"item\":\"https:\/\/paracherkaoui.ma\/index.php\/boutique\/\"},{\"@type\":\"ListItem\",\"position\":3,\"name\":\"MARTIDERM HAIR SYSTEM AMPOULES ANTI CHUTE 28 AMPOULES\"}]},{\"@type\":\"WebSite\",\"@id\":\"https:\/\/paracherkaoui.ma\/#website\",\"url\":\"https:\/\/paracherkaoui.ma\/\",\"name\":\"Paracherkaoui.ma\",\"description\":\"Achetez en ligne sur Paracherkaoui.ma\",\"potentialAction\":[{\"@type\":\"SearchAction\",\"target\":{\"@type\":\"EntryPoint\",\"urlTemplate\":\"https:\/\/paracherkaoui.ma\/?s={search_term_string}\"},\"query-input\":{\"@type\":\"PropertyValueSpecification\",\"valueRequired\":true,\"valueName\":\"search_term_string\"}}],\"inLanguage\":\"fr-FR\"}]}<\/script>\r\n<!-- \/ Yoast SEO plugin. -->","yoast_head_json":{"title":"MARTIDERM HAIR SYSTEM AMPOULES ANTI CHUTE 28 AMPOULES - Paracherkaoui.ma","robots":{"index":"index","follow":"follow","max-snippet":"max-snippet:-1","max-image-preview":"max-image-preview:large","max-video-preview":"max-video-preview:-1"},"canonical":"https:\/\/paracherkaoui.ma\/index.php\/produit\/martiderm-hair-system-ampoules-anti-chute-28-ampoules\/","og_locale":"fr_FR","og_type":"article","og_title":"MARTIDERM HAIR SYSTEM AMPOULES ANTI CHUTE 28 AMPOULES - Paracherkaoui.ma","og_description":"Les ampoules antichute Hair System contiennent des facteurs de croissance capillaire pour lutter contre les diff\u00e9rents types de chute de","og_url":"https:\/\/paracherkaoui.ma\/index.php\/produit\/martiderm-hair-system-ampoules-anti-chute-28-ampoules\/","og_site_name":"Paracherkaoui.ma","article_modified_time":"2025-12-12T16:54:50+00:00","og_image":[{"width":700,"height":700,"url":"https:\/\/paracherkaoui.ma\/wp-content\/uploads\/2025\/12\/martiderm-martiderm-hair-system-ampoules-anti-chute-28-ampoules-serum-et-huiles.jpg","type":"image\/jpeg"}],"twitter_card":"summary_large_image","twitter_misc":{"Dur\u00e9e de lecture estim\u00e9e":"1 minute"},"schema":{"@context":"https:\/\/schema.org","@graph":[{"@type":"WebPage","@id":"https:\/\/paracherkaoui.ma\/index.php\/produit\/martiderm-hair-system-ampoules-anti-chute-28-ampoules\/","url":"https:\/\/paracherkaoui.ma\/index.php\/produit\/martiderm-hair-system-ampoules-anti-chute-28-ampoules\/","name":"MARTIDERM HAIR SYSTEM AMPOULES ANTI CHUTE 28 AMPOULES - Paracherkaoui.ma","isPartOf":{"@id":"https:\/\/paracherkaoui.ma\/#website"},"primaryImageOfPage":{"@id":"https:\/\/paracherkaoui.ma\/index.php\/produit\/martiderm-hair-system-ampoules-anti-chute-28-ampoules\/#primaryimage"},"image":{"@id":"https:\/\/paracherkaoui.ma\/index.php\/produit\/martiderm-hair-system-ampoules-anti-chute-28-ampoules\/#primaryimage"},"thumbnailUrl":"https:\/\/paracherkaoui.ma\/wp-content\/uploads\/2025\/12\/martiderm-martiderm-hair-system-ampoules-anti-chute-28-ampoules-serum-et-huiles.jpg","datePublished":"2025-12-12T16:54:48+00:00","dateModified":"2025-12-12T16:54:50+00:00","breadcrumb":{"@id":"https:\/\/paracherkaoui.ma\/index.php\/produit\/martiderm-hair-system-ampoules-anti-chute-28-ampoules\/#breadcrumb"},"inLanguage":"fr-FR","potentialAction":[{"@type":"ReadAction","target":["https:\/\/paracherkaoui.ma\/index.php\/produit\/martiderm-hair-system-ampoules-anti-chute-28-ampoules\/"]}]},{"@type":"ImageObject","inLanguage":"fr-FR","@id":"https:\/\/paracherkaoui.ma\/index.php\/produit\/martiderm-hair-system-ampoules-anti-chute-28-ampoules\/#primaryimage","url":"https:\/\/paracherkaoui.ma\/wp-content\/uploads\/2025\/12\/martiderm-martiderm-hair-system-ampoules-anti-chute-28-ampoules-serum-et-huiles.jpg","contentUrl":"https:\/\/paracherkaoui.ma\/wp-content\/uploads\/2025\/12\/martiderm-martiderm-hair-system-ampoules-anti-chute-28-ampoules-serum-et-huiles.jpg","width":700,"height":700},{"@type":"BreadcrumbList","@id":"https:\/\/paracherkaoui.ma\/index.php\/produit\/martiderm-hair-system-ampoules-anti-chute-28-ampoules\/#breadcrumb","itemListElement":[{"@type":"ListItem","position":1,"name":"Accueil","item":"https:\/\/paracherkaoui.ma\/"},{"@type":"ListItem","position":2,"name":"Boutique","item":"https:\/\/paracherkaoui.ma\/index.php\/boutique\/"},{"@type":"ListItem","position":3,"name":"MARTIDERM HAIR SYSTEM AMPOULES ANTI CHUTE 28 AMPOULES"}]},{"@type":"WebSite","@id":"https:\/\/paracherkaoui.ma\/#website","url":"https:\/\/paracherkaoui.ma\/","name":"Paracherkaoui.ma","description":"Achetez en ligne sur Paracherkaoui.ma","potentialAction":[{"@type":"SearchAction","target":{"@type":"EntryPoint","urlTemplate":"https:\/\/paracherkaoui.ma\/?s={search_term_string}"},"query-input":{"@type":"PropertyValueSpecification","valueRequired":true,"valueName":"search_term_string"}}],"inLanguage":"fr-FR"}]}},"_links":{"self":[{"href":"https:\/\/paracherkaoui.ma\/index.php\/wp-json\/wp\/v2\/product\/16625","targetHints":{"allow":["GET"]}}],"collection":[{"href":"https:\/\/paracherkaoui.ma\/index.php\/wp-json\/wp\/v2\/product"}],"about":[{"href":"https:\/\/paracherkaoui.ma\/index.php\/wp-json\/wp\/v2\/types\/product"}],"replies":[{"embeddable":true,"href":"https:\/\/paracherkaoui.ma\/index.php\/wp-json\/wp\/v2\/comments?post=16625"}],"version-history":[{"count":1,"href":"https:\/\/paracherkaoui.ma\/index.php\/wp-json\/wp\/v2\/product\/16625\/revisions"}],"predecessor-version":[{"id":16669,"href":"https:\/\/paracherkaoui.ma\/index.php\/wp-json\/wp\/v2\/product\/16625\/revisions\/16669"}],"wp:featuredmedia":[{"embeddable":true,"href":"https:\/\/paracherkaoui.ma\/index.php\/wp-json\/wp\/v2\/media\/16667"}],"wp:attachment":[{"href":"https:\/\/paracherkaoui.ma\/index.php\/wp-json\/wp\/v2\/media?parent=16625"}],"wp:term":[{"taxonomy":"product_brand","embeddable":true,"href":"https:\/\/paracherkaoui.ma\/index.php\/wp-json\/wp\/v2\/product_brand?post=16625"},{"taxonomy":"product_cat","embeddable":true,"href":"https:\/\/paracherkaoui.ma\/index.php\/wp-json\/wp\/v2\/product_cat?post=16625"},{"taxonomy":"product_tag","embeddable":true,"href":"https:\/\/paracherkaoui.ma\/index.php\/wp-json\/wp\/v2\/product_tag?post=16625"}],"curies":[{"name":"wp","href":"https:\/\/api.w.org\/{rel}","templated":true}]}}