{"id":16388,"date":"2025-12-12T17:54:30","date_gmt":"2025-12-12T16:54:30","guid":{"rendered":"https:\/\/test.ecbeaute.com\/?post_type=product&#038;p=16388"},"modified":"2025-12-12T17:54:34","modified_gmt":"2025-12-12T16:54:34","slug":"odarym-acti-hair-boost-soin-anti-chute-50-ml","status":"publish","type":"product","link":"https:\/\/paracherkaoui.ma\/index.php\/produit\/odarym-acti-hair-boost-soin-anti-chute-50-ml\/","title":{"rendered":"ODARYM ACTI+ HAIR BOOST SOIN ANTI CHUTE 50 ML"},"content":{"rendered":"<p>S\u00e9rum capillaire riche en actifs, stoppe la chute imm\u00e9diate de vos cheveux. L&rsquo;huile d&rsquo;avocat stimule la circulation du sang et d\u00e9bloque les follicules bouch\u00e9es, pendant que le mac\u00e9rat d&rsquo;onion et d&rsquo;ail apporte des min\u00e9raux extr\u00e8mement nourrissants pour renforcer le cheveux et stimuler sa repousse. Cette composition aide aussi \u00e0 assainir le cuir chevelu, et un cuir chevelu sain est \u00e9quivalent \u00e0 des follicules plus forts et donc moins de chute. Retrouvez des cheveux plus \u00e9pais et en meilleur sant\u00e9!<br \/>\nConseils d&rsquo;utilisation :<br \/>\nSecouez bien votre flacon puis appliquez g\u00e9n\u00e9reusement sur le cuir chevelu en effectuant un massage l\u00e9ger. Laissez poser le m\u00e9lange pendant un maximum de temps (1-2hr) puis faites votre shampoing comme d&rsquo;habitude. A appliquer 2 fois par semaine pendant au moins 2 mois pour assurer de bons r\u00e9sultats.<\/p>\n","protected":false},"excerpt":{"rendered":"<p>S\u00e9rum capillaire riche en actifs, stoppe la chute imm\u00e9diate de vos cheveux. L&rsquo;huile d&rsquo;avocat stimule la circulation du sang et<\/p>\n","protected":false},"featured_media":16440,"comment_status":"open","ping_status":"closed","template":"","meta":[],"product_brand":[208],"product_cat":[276],"product_tag":[],"class_list":{"0":"post-16388","1":"product","2":"type-product","3":"status-publish","4":"has-post-thumbnail","6":"product_brand-odarym","7":"product_cat-serums-et-huiles","9":"first","10":"instock","11":"shipping-taxable","12":"purchasable","13":"product-type-simple"},"yoast_head":"<!-- This site is optimized with the Yoast SEO plugin v26.6 - https:\/\/yoast.com\/wordpress\/plugins\/seo\/ -->\r\n<title>ODARYM ACTI+ HAIR BOOST SOIN ANTI CHUTE 50 ML - Paracherkaoui.ma<\/title>\r\n<meta name=\"robots\" content=\"index, follow, max-snippet:-1, max-image-preview:large, max-video-preview:-1\" \/>\r\n<link rel=\"canonical\" href=\"https:\/\/paracherkaoui.ma\/index.php\/produit\/odarym-acti-hair-boost-soin-anti-chute-50-ml\/\" \/>\r\n<meta property=\"og:locale\" content=\"fr_FR\" \/>\r\n<meta property=\"og:type\" content=\"article\" \/>\r\n<meta property=\"og:title\" content=\"ODARYM ACTI+ HAIR BOOST SOIN ANTI CHUTE 50 ML - Paracherkaoui.ma\" \/>\r\n<meta property=\"og:description\" content=\"S\u00e9rum capillaire riche en actifs, stoppe la chute imm\u00e9diate de vos cheveux. L&rsquo;huile d&rsquo;avocat stimule la circulation du sang et\" \/>\r\n<meta property=\"og:url\" content=\"https:\/\/paracherkaoui.ma\/index.php\/produit\/odarym-acti-hair-boost-soin-anti-chute-50-ml\/\" \/>\r\n<meta property=\"og:site_name\" content=\"Paracherkaoui.ma\" \/>\r\n<meta property=\"article:modified_time\" content=\"2025-12-12T16:54:34+00:00\" \/>\r\n<meta property=\"og:image\" content=\"https:\/\/paracherkaoui.ma\/wp-content\/uploads\/2025\/12\/odarym-odarym-acti-hair-boost-soin-anti-chute-50-ml-serum-et-huiles.jpg\" \/>\r\n\t<meta property=\"og:image:width\" content=\"700\" \/>\r\n\t<meta property=\"og:image:height\" content=\"700\" \/>\r\n\t<meta property=\"og:image:type\" content=\"image\/jpeg\" \/>\r\n<meta name=\"twitter:card\" content=\"summary_large_image\" \/>\r\n<meta name=\"twitter:label1\" content=\"Dur\u00e9e de lecture estim\u00e9e\" \/>\n\t<meta name=\"twitter:data1\" content=\"1 minute\" \/>\r\n<script type=\"application\/ld+json\" class=\"yoast-schema-graph\">{\"@context\":\"https:\/\/schema.org\",\"@graph\":[{\"@type\":\"WebPage\",\"@id\":\"https:\/\/paracherkaoui.ma\/index.php\/produit\/odarym-acti-hair-boost-soin-anti-chute-50-ml\/\",\"url\":\"https:\/\/paracherkaoui.ma\/index.php\/produit\/odarym-acti-hair-boost-soin-anti-chute-50-ml\/\",\"name\":\"ODARYM ACTI+ HAIR BOOST SOIN ANTI CHUTE 50 ML - Paracherkaoui.ma\",\"isPartOf\":{\"@id\":\"https:\/\/paracherkaoui.ma\/#website\"},\"primaryImageOfPage\":{\"@id\":\"https:\/\/paracherkaoui.ma\/index.php\/produit\/odarym-acti-hair-boost-soin-anti-chute-50-ml\/#primaryimage\"},\"image\":{\"@id\":\"https:\/\/paracherkaoui.ma\/index.php\/produit\/odarym-acti-hair-boost-soin-anti-chute-50-ml\/#primaryimage\"},\"thumbnailUrl\":\"https:\/\/paracherkaoui.ma\/wp-content\/uploads\/2025\/12\/odarym-odarym-acti-hair-boost-soin-anti-chute-50-ml-serum-et-huiles.jpg\",\"datePublished\":\"2025-12-12T16:54:30+00:00\",\"dateModified\":\"2025-12-12T16:54:34+00:00\",\"breadcrumb\":{\"@id\":\"https:\/\/paracherkaoui.ma\/index.php\/produit\/odarym-acti-hair-boost-soin-anti-chute-50-ml\/#breadcrumb\"},\"inLanguage\":\"fr-FR\",\"potentialAction\":[{\"@type\":\"ReadAction\",\"target\":[\"https:\/\/paracherkaoui.ma\/index.php\/produit\/odarym-acti-hair-boost-soin-anti-chute-50-ml\/\"]}]},{\"@type\":\"ImageObject\",\"inLanguage\":\"fr-FR\",\"@id\":\"https:\/\/paracherkaoui.ma\/index.php\/produit\/odarym-acti-hair-boost-soin-anti-chute-50-ml\/#primaryimage\",\"url\":\"https:\/\/paracherkaoui.ma\/wp-content\/uploads\/2025\/12\/odarym-odarym-acti-hair-boost-soin-anti-chute-50-ml-serum-et-huiles.jpg\",\"contentUrl\":\"https:\/\/paracherkaoui.ma\/wp-content\/uploads\/2025\/12\/odarym-odarym-acti-hair-boost-soin-anti-chute-50-ml-serum-et-huiles.jpg\",\"width\":700,\"height\":700},{\"@type\":\"BreadcrumbList\",\"@id\":\"https:\/\/paracherkaoui.ma\/index.php\/produit\/odarym-acti-hair-boost-soin-anti-chute-50-ml\/#breadcrumb\",\"itemListElement\":[{\"@type\":\"ListItem\",\"position\":1,\"name\":\"Accueil\",\"item\":\"https:\/\/paracherkaoui.ma\/\"},{\"@type\":\"ListItem\",\"position\":2,\"name\":\"Boutique\",\"item\":\"https:\/\/paracherkaoui.ma\/index.php\/boutique\/\"},{\"@type\":\"ListItem\",\"position\":3,\"name\":\"ODARYM ACTI+ HAIR BOOST SOIN ANTI CHUTE 50 ML\"}]},{\"@type\":\"WebSite\",\"@id\":\"https:\/\/paracherkaoui.ma\/#website\",\"url\":\"https:\/\/paracherkaoui.ma\/\",\"name\":\"Paracherkaoui.ma\",\"description\":\"Achetez en ligne sur Paracherkaoui.ma\",\"potentialAction\":[{\"@type\":\"SearchAction\",\"target\":{\"@type\":\"EntryPoint\",\"urlTemplate\":\"https:\/\/paracherkaoui.ma\/?s={search_term_string}\"},\"query-input\":{\"@type\":\"PropertyValueSpecification\",\"valueRequired\":true,\"valueName\":\"search_term_string\"}}],\"inLanguage\":\"fr-FR\"}]}<\/script>\r\n<!-- \/ Yoast SEO plugin. -->","yoast_head_json":{"title":"ODARYM ACTI+ HAIR BOOST SOIN ANTI CHUTE 50 ML - Paracherkaoui.ma","robots":{"index":"index","follow":"follow","max-snippet":"max-snippet:-1","max-image-preview":"max-image-preview:large","max-video-preview":"max-video-preview:-1"},"canonical":"https:\/\/paracherkaoui.ma\/index.php\/produit\/odarym-acti-hair-boost-soin-anti-chute-50-ml\/","og_locale":"fr_FR","og_type":"article","og_title":"ODARYM ACTI+ HAIR BOOST SOIN ANTI CHUTE 50 ML - Paracherkaoui.ma","og_description":"S\u00e9rum capillaire riche en actifs, stoppe la chute imm\u00e9diate de vos cheveux. L&rsquo;huile d&rsquo;avocat stimule la circulation du sang et","og_url":"https:\/\/paracherkaoui.ma\/index.php\/produit\/odarym-acti-hair-boost-soin-anti-chute-50-ml\/","og_site_name":"Paracherkaoui.ma","article_modified_time":"2025-12-12T16:54:34+00:00","og_image":[{"width":700,"height":700,"url":"https:\/\/paracherkaoui.ma\/wp-content\/uploads\/2025\/12\/odarym-odarym-acti-hair-boost-soin-anti-chute-50-ml-serum-et-huiles.jpg","type":"image\/jpeg"}],"twitter_card":"summary_large_image","twitter_misc":{"Dur\u00e9e de lecture estim\u00e9e":"1 minute"},"schema":{"@context":"https:\/\/schema.org","@graph":[{"@type":"WebPage","@id":"https:\/\/paracherkaoui.ma\/index.php\/produit\/odarym-acti-hair-boost-soin-anti-chute-50-ml\/","url":"https:\/\/paracherkaoui.ma\/index.php\/produit\/odarym-acti-hair-boost-soin-anti-chute-50-ml\/","name":"ODARYM ACTI+ HAIR BOOST SOIN ANTI CHUTE 50 ML - Paracherkaoui.ma","isPartOf":{"@id":"https:\/\/paracherkaoui.ma\/#website"},"primaryImageOfPage":{"@id":"https:\/\/paracherkaoui.ma\/index.php\/produit\/odarym-acti-hair-boost-soin-anti-chute-50-ml\/#primaryimage"},"image":{"@id":"https:\/\/paracherkaoui.ma\/index.php\/produit\/odarym-acti-hair-boost-soin-anti-chute-50-ml\/#primaryimage"},"thumbnailUrl":"https:\/\/paracherkaoui.ma\/wp-content\/uploads\/2025\/12\/odarym-odarym-acti-hair-boost-soin-anti-chute-50-ml-serum-et-huiles.jpg","datePublished":"2025-12-12T16:54:30+00:00","dateModified":"2025-12-12T16:54:34+00:00","breadcrumb":{"@id":"https:\/\/paracherkaoui.ma\/index.php\/produit\/odarym-acti-hair-boost-soin-anti-chute-50-ml\/#breadcrumb"},"inLanguage":"fr-FR","potentialAction":[{"@type":"ReadAction","target":["https:\/\/paracherkaoui.ma\/index.php\/produit\/odarym-acti-hair-boost-soin-anti-chute-50-ml\/"]}]},{"@type":"ImageObject","inLanguage":"fr-FR","@id":"https:\/\/paracherkaoui.ma\/index.php\/produit\/odarym-acti-hair-boost-soin-anti-chute-50-ml\/#primaryimage","url":"https:\/\/paracherkaoui.ma\/wp-content\/uploads\/2025\/12\/odarym-odarym-acti-hair-boost-soin-anti-chute-50-ml-serum-et-huiles.jpg","contentUrl":"https:\/\/paracherkaoui.ma\/wp-content\/uploads\/2025\/12\/odarym-odarym-acti-hair-boost-soin-anti-chute-50-ml-serum-et-huiles.jpg","width":700,"height":700},{"@type":"BreadcrumbList","@id":"https:\/\/paracherkaoui.ma\/index.php\/produit\/odarym-acti-hair-boost-soin-anti-chute-50-ml\/#breadcrumb","itemListElement":[{"@type":"ListItem","position":1,"name":"Accueil","item":"https:\/\/paracherkaoui.ma\/"},{"@type":"ListItem","position":2,"name":"Boutique","item":"https:\/\/paracherkaoui.ma\/index.php\/boutique\/"},{"@type":"ListItem","position":3,"name":"ODARYM ACTI+ HAIR BOOST SOIN ANTI CHUTE 50 ML"}]},{"@type":"WebSite","@id":"https:\/\/paracherkaoui.ma\/#website","url":"https:\/\/paracherkaoui.ma\/","name":"Paracherkaoui.ma","description":"Achetez en ligne sur Paracherkaoui.ma","potentialAction":[{"@type":"SearchAction","target":{"@type":"EntryPoint","urlTemplate":"https:\/\/paracherkaoui.ma\/?s={search_term_string}"},"query-input":{"@type":"PropertyValueSpecification","valueRequired":true,"valueName":"search_term_string"}}],"inLanguage":"fr-FR"}]}},"_links":{"self":[{"href":"https:\/\/paracherkaoui.ma\/index.php\/wp-json\/wp\/v2\/product\/16388","targetHints":{"allow":["GET"]}}],"collection":[{"href":"https:\/\/paracherkaoui.ma\/index.php\/wp-json\/wp\/v2\/product"}],"about":[{"href":"https:\/\/paracherkaoui.ma\/index.php\/wp-json\/wp\/v2\/types\/product"}],"replies":[{"embeddable":true,"href":"https:\/\/paracherkaoui.ma\/index.php\/wp-json\/wp\/v2\/comments?post=16388"}],"version-history":[{"count":1,"href":"https:\/\/paracherkaoui.ma\/index.php\/wp-json\/wp\/v2\/product\/16388\/revisions"}],"predecessor-version":[{"id":16443,"href":"https:\/\/paracherkaoui.ma\/index.php\/wp-json\/wp\/v2\/product\/16388\/revisions\/16443"}],"wp:featuredmedia":[{"embeddable":true,"href":"https:\/\/paracherkaoui.ma\/index.php\/wp-json\/wp\/v2\/media\/16440"}],"wp:attachment":[{"href":"https:\/\/paracherkaoui.ma\/index.php\/wp-json\/wp\/v2\/media?parent=16388"}],"wp:term":[{"taxonomy":"product_brand","embeddable":true,"href":"https:\/\/paracherkaoui.ma\/index.php\/wp-json\/wp\/v2\/product_brand?post=16388"},{"taxonomy":"product_cat","embeddable":true,"href":"https:\/\/paracherkaoui.ma\/index.php\/wp-json\/wp\/v2\/product_cat?post=16388"},{"taxonomy":"product_tag","embeddable":true,"href":"https:\/\/paracherkaoui.ma\/index.php\/wp-json\/wp\/v2\/product_tag?post=16388"}],"curies":[{"name":"wp","href":"https:\/\/api.w.org\/{rel}","templated":true}]}}