{"id":16284,"date":"2025-12-12T17:54:24","date_gmt":"2025-12-12T16:54:24","guid":{"rendered":"https:\/\/test.ecbeaute.com\/?post_type=product&#038;p=16284"},"modified":"2025-12-12T17:54:28","modified_gmt":"2025-12-12T16:54:28","slug":"nuxe-sun-huile-lactee-capillaire-protectrice-hydratante-100-ml","status":"publish","type":"product","link":"https:\/\/paracherkaoui.ma\/index.php\/produit\/nuxe-sun-huile-lactee-capillaire-protectrice-hydratante-100-ml\/","title":{"rendered":"NUXE SUN HUILE LACTEE CAPILLAIRE PROTECTRICE HYDRATANTE 100 ML"},"content":{"rendered":"<p>Cette huile lact\u00e9e bi-phase prot\u00e8ge vos cheveux des rayons UV tout en leur apportant hydratation et brillance. Elle s&rsquo;utilise avant et pendant la baignade pour les pr\u00e9server des effets du sel et du chlore, tout en prot\u00e9geant votre couleur.Son parfum d&rsquo;\u00e9vasion aux notes d&rsquo;Orange douce, de Fleur de Tiar\u00e9 et de Vanille est une irr\u00e9sistible invitation \u00e0 profiter de l&rsquo;\u00e9t\u00e9. Sa diffusion en brume d\u00e9pose sur vos longueurs une texture ultra-l\u00e9g\u00e8re et non-grasse qui sublime sans alourdir. Les cheveux sont hydrat\u00e9s, infiniment doux et soyeux au toucher.<br \/>\nConseils d&rsquo;utilisation:<br \/>\nSecouez avant utilisation puis vaporisez \u00e0 environ 20 cm sur cheveux secs ou mouill\u00e9s.<\/p>\n","protected":false},"excerpt":{"rendered":"<p>Cette huile lact\u00e9e bi-phase prot\u00e8ge vos cheveux des rayons UV tout en leur apportant hydratation et brillance. Elle s&rsquo;utilise avant<\/p>\n","protected":false},"featured_media":16355,"comment_status":"open","ping_status":"closed","template":"","meta":[],"product_brand":[230],"product_cat":[276],"product_tag":[],"class_list":{"0":"post-16284","1":"product","2":"type-product","3":"status-publish","4":"has-post-thumbnail","6":"product_brand-nuxe","7":"product_cat-serums-et-huiles","9":"first","10":"instock","11":"sale","12":"shipping-taxable","13":"purchasable","14":"product-type-simple"},"yoast_head":"<!-- This site is optimized with the Yoast SEO plugin v26.6 - https:\/\/yoast.com\/wordpress\/plugins\/seo\/ -->\r\n<title>NUXE SUN HUILE LACTEE CAPILLAIRE PROTECTRICE HYDRATANTE 100 ML - Paracherkaoui.ma<\/title>\r\n<meta name=\"robots\" content=\"index, follow, max-snippet:-1, max-image-preview:large, max-video-preview:-1\" \/>\r\n<link rel=\"canonical\" href=\"https:\/\/paracherkaoui.ma\/index.php\/produit\/nuxe-sun-huile-lactee-capillaire-protectrice-hydratante-100-ml\/\" \/>\r\n<meta property=\"og:locale\" content=\"fr_FR\" \/>\r\n<meta property=\"og:type\" content=\"article\" \/>\r\n<meta property=\"og:title\" content=\"NUXE SUN HUILE LACTEE CAPILLAIRE PROTECTRICE HYDRATANTE 100 ML - Paracherkaoui.ma\" \/>\r\n<meta property=\"og:description\" content=\"Cette huile lact\u00e9e bi-phase prot\u00e8ge vos cheveux des rayons UV tout en leur apportant hydratation et brillance. Elle s&rsquo;utilise avant\" \/>\r\n<meta property=\"og:url\" content=\"https:\/\/paracherkaoui.ma\/index.php\/produit\/nuxe-sun-huile-lactee-capillaire-protectrice-hydratante-100-ml\/\" \/>\r\n<meta property=\"og:site_name\" content=\"Paracherkaoui.ma\" \/>\r\n<meta property=\"article:modified_time\" content=\"2025-12-12T16:54:28+00:00\" \/>\r\n<meta property=\"og:image\" content=\"https:\/\/paracherkaoui.ma\/wp-content\/uploads\/2025\/12\/nuxe-nuxe-sun-huile-lactee-capillaire-protectrice-hydratante-100-ml-serums-et-huiles.jpg\" \/>\r\n\t<meta property=\"og:image:width\" content=\"700\" \/>\r\n\t<meta property=\"og:image:height\" content=\"700\" \/>\r\n\t<meta property=\"og:image:type\" content=\"image\/jpeg\" \/>\r\n<meta name=\"twitter:card\" content=\"summary_large_image\" \/>\r\n<meta name=\"twitter:label1\" content=\"Dur\u00e9e de lecture estim\u00e9e\" \/>\n\t<meta name=\"twitter:data1\" content=\"1 minute\" \/>\r\n<script type=\"application\/ld+json\" class=\"yoast-schema-graph\">{\"@context\":\"https:\/\/schema.org\",\"@graph\":[{\"@type\":\"WebPage\",\"@id\":\"https:\/\/paracherkaoui.ma\/index.php\/produit\/nuxe-sun-huile-lactee-capillaire-protectrice-hydratante-100-ml\/\",\"url\":\"https:\/\/paracherkaoui.ma\/index.php\/produit\/nuxe-sun-huile-lactee-capillaire-protectrice-hydratante-100-ml\/\",\"name\":\"NUXE SUN HUILE LACTEE CAPILLAIRE PROTECTRICE HYDRATANTE 100 ML - Paracherkaoui.ma\",\"isPartOf\":{\"@id\":\"https:\/\/paracherkaoui.ma\/#website\"},\"primaryImageOfPage\":{\"@id\":\"https:\/\/paracherkaoui.ma\/index.php\/produit\/nuxe-sun-huile-lactee-capillaire-protectrice-hydratante-100-ml\/#primaryimage\"},\"image\":{\"@id\":\"https:\/\/paracherkaoui.ma\/index.php\/produit\/nuxe-sun-huile-lactee-capillaire-protectrice-hydratante-100-ml\/#primaryimage\"},\"thumbnailUrl\":\"https:\/\/paracherkaoui.ma\/wp-content\/uploads\/2025\/12\/nuxe-nuxe-sun-huile-lactee-capillaire-protectrice-hydratante-100-ml-serums-et-huiles.jpg\",\"datePublished\":\"2025-12-12T16:54:24+00:00\",\"dateModified\":\"2025-12-12T16:54:28+00:00\",\"breadcrumb\":{\"@id\":\"https:\/\/paracherkaoui.ma\/index.php\/produit\/nuxe-sun-huile-lactee-capillaire-protectrice-hydratante-100-ml\/#breadcrumb\"},\"inLanguage\":\"fr-FR\",\"potentialAction\":[{\"@type\":\"ReadAction\",\"target\":[\"https:\/\/paracherkaoui.ma\/index.php\/produit\/nuxe-sun-huile-lactee-capillaire-protectrice-hydratante-100-ml\/\"]}]},{\"@type\":\"ImageObject\",\"inLanguage\":\"fr-FR\",\"@id\":\"https:\/\/paracherkaoui.ma\/index.php\/produit\/nuxe-sun-huile-lactee-capillaire-protectrice-hydratante-100-ml\/#primaryimage\",\"url\":\"https:\/\/paracherkaoui.ma\/wp-content\/uploads\/2025\/12\/nuxe-nuxe-sun-huile-lactee-capillaire-protectrice-hydratante-100-ml-serums-et-huiles.jpg\",\"contentUrl\":\"https:\/\/paracherkaoui.ma\/wp-content\/uploads\/2025\/12\/nuxe-nuxe-sun-huile-lactee-capillaire-protectrice-hydratante-100-ml-serums-et-huiles.jpg\",\"width\":700,\"height\":700},{\"@type\":\"BreadcrumbList\",\"@id\":\"https:\/\/paracherkaoui.ma\/index.php\/produit\/nuxe-sun-huile-lactee-capillaire-protectrice-hydratante-100-ml\/#breadcrumb\",\"itemListElement\":[{\"@type\":\"ListItem\",\"position\":1,\"name\":\"Accueil\",\"item\":\"https:\/\/paracherkaoui.ma\/\"},{\"@type\":\"ListItem\",\"position\":2,\"name\":\"Boutique\",\"item\":\"https:\/\/paracherkaoui.ma\/index.php\/boutique\/\"},{\"@type\":\"ListItem\",\"position\":3,\"name\":\"NUXE SUN HUILE LACTEE CAPILLAIRE PROTECTRICE HYDRATANTE 100 ML\"}]},{\"@type\":\"WebSite\",\"@id\":\"https:\/\/paracherkaoui.ma\/#website\",\"url\":\"https:\/\/paracherkaoui.ma\/\",\"name\":\"Paracherkaoui.ma\",\"description\":\"Achetez en ligne sur Paracherkaoui.ma\",\"potentialAction\":[{\"@type\":\"SearchAction\",\"target\":{\"@type\":\"EntryPoint\",\"urlTemplate\":\"https:\/\/paracherkaoui.ma\/?s={search_term_string}\"},\"query-input\":{\"@type\":\"PropertyValueSpecification\",\"valueRequired\":true,\"valueName\":\"search_term_string\"}}],\"inLanguage\":\"fr-FR\"}]}<\/script>\r\n<!-- \/ Yoast SEO plugin. -->","yoast_head_json":{"title":"NUXE SUN HUILE LACTEE CAPILLAIRE PROTECTRICE HYDRATANTE 100 ML - Paracherkaoui.ma","robots":{"index":"index","follow":"follow","max-snippet":"max-snippet:-1","max-image-preview":"max-image-preview:large","max-video-preview":"max-video-preview:-1"},"canonical":"https:\/\/paracherkaoui.ma\/index.php\/produit\/nuxe-sun-huile-lactee-capillaire-protectrice-hydratante-100-ml\/","og_locale":"fr_FR","og_type":"article","og_title":"NUXE SUN HUILE LACTEE CAPILLAIRE PROTECTRICE HYDRATANTE 100 ML - Paracherkaoui.ma","og_description":"Cette huile lact\u00e9e bi-phase prot\u00e8ge vos cheveux des rayons UV tout en leur apportant hydratation et brillance. Elle s&rsquo;utilise avant","og_url":"https:\/\/paracherkaoui.ma\/index.php\/produit\/nuxe-sun-huile-lactee-capillaire-protectrice-hydratante-100-ml\/","og_site_name":"Paracherkaoui.ma","article_modified_time":"2025-12-12T16:54:28+00:00","og_image":[{"width":700,"height":700,"url":"https:\/\/paracherkaoui.ma\/wp-content\/uploads\/2025\/12\/nuxe-nuxe-sun-huile-lactee-capillaire-protectrice-hydratante-100-ml-serums-et-huiles.jpg","type":"image\/jpeg"}],"twitter_card":"summary_large_image","twitter_misc":{"Dur\u00e9e de lecture estim\u00e9e":"1 minute"},"schema":{"@context":"https:\/\/schema.org","@graph":[{"@type":"WebPage","@id":"https:\/\/paracherkaoui.ma\/index.php\/produit\/nuxe-sun-huile-lactee-capillaire-protectrice-hydratante-100-ml\/","url":"https:\/\/paracherkaoui.ma\/index.php\/produit\/nuxe-sun-huile-lactee-capillaire-protectrice-hydratante-100-ml\/","name":"NUXE SUN HUILE LACTEE CAPILLAIRE PROTECTRICE HYDRATANTE 100 ML - Paracherkaoui.ma","isPartOf":{"@id":"https:\/\/paracherkaoui.ma\/#website"},"primaryImageOfPage":{"@id":"https:\/\/paracherkaoui.ma\/index.php\/produit\/nuxe-sun-huile-lactee-capillaire-protectrice-hydratante-100-ml\/#primaryimage"},"image":{"@id":"https:\/\/paracherkaoui.ma\/index.php\/produit\/nuxe-sun-huile-lactee-capillaire-protectrice-hydratante-100-ml\/#primaryimage"},"thumbnailUrl":"https:\/\/paracherkaoui.ma\/wp-content\/uploads\/2025\/12\/nuxe-nuxe-sun-huile-lactee-capillaire-protectrice-hydratante-100-ml-serums-et-huiles.jpg","datePublished":"2025-12-12T16:54:24+00:00","dateModified":"2025-12-12T16:54:28+00:00","breadcrumb":{"@id":"https:\/\/paracherkaoui.ma\/index.php\/produit\/nuxe-sun-huile-lactee-capillaire-protectrice-hydratante-100-ml\/#breadcrumb"},"inLanguage":"fr-FR","potentialAction":[{"@type":"ReadAction","target":["https:\/\/paracherkaoui.ma\/index.php\/produit\/nuxe-sun-huile-lactee-capillaire-protectrice-hydratante-100-ml\/"]}]},{"@type":"ImageObject","inLanguage":"fr-FR","@id":"https:\/\/paracherkaoui.ma\/index.php\/produit\/nuxe-sun-huile-lactee-capillaire-protectrice-hydratante-100-ml\/#primaryimage","url":"https:\/\/paracherkaoui.ma\/wp-content\/uploads\/2025\/12\/nuxe-nuxe-sun-huile-lactee-capillaire-protectrice-hydratante-100-ml-serums-et-huiles.jpg","contentUrl":"https:\/\/paracherkaoui.ma\/wp-content\/uploads\/2025\/12\/nuxe-nuxe-sun-huile-lactee-capillaire-protectrice-hydratante-100-ml-serums-et-huiles.jpg","width":700,"height":700},{"@type":"BreadcrumbList","@id":"https:\/\/paracherkaoui.ma\/index.php\/produit\/nuxe-sun-huile-lactee-capillaire-protectrice-hydratante-100-ml\/#breadcrumb","itemListElement":[{"@type":"ListItem","position":1,"name":"Accueil","item":"https:\/\/paracherkaoui.ma\/"},{"@type":"ListItem","position":2,"name":"Boutique","item":"https:\/\/paracherkaoui.ma\/index.php\/boutique\/"},{"@type":"ListItem","position":3,"name":"NUXE SUN HUILE LACTEE CAPILLAIRE PROTECTRICE HYDRATANTE 100 ML"}]},{"@type":"WebSite","@id":"https:\/\/paracherkaoui.ma\/#website","url":"https:\/\/paracherkaoui.ma\/","name":"Paracherkaoui.ma","description":"Achetez en ligne sur Paracherkaoui.ma","potentialAction":[{"@type":"SearchAction","target":{"@type":"EntryPoint","urlTemplate":"https:\/\/paracherkaoui.ma\/?s={search_term_string}"},"query-input":{"@type":"PropertyValueSpecification","valueRequired":true,"valueName":"search_term_string"}}],"inLanguage":"fr-FR"}]}},"_links":{"self":[{"href":"https:\/\/paracherkaoui.ma\/index.php\/wp-json\/wp\/v2\/product\/16284","targetHints":{"allow":["GET"]}}],"collection":[{"href":"https:\/\/paracherkaoui.ma\/index.php\/wp-json\/wp\/v2\/product"}],"about":[{"href":"https:\/\/paracherkaoui.ma\/index.php\/wp-json\/wp\/v2\/types\/product"}],"replies":[{"embeddable":true,"href":"https:\/\/paracherkaoui.ma\/index.php\/wp-json\/wp\/v2\/comments?post=16284"}],"version-history":[{"count":1,"href":"https:\/\/paracherkaoui.ma\/index.php\/wp-json\/wp\/v2\/product\/16284\/revisions"}],"predecessor-version":[{"id":16357,"href":"https:\/\/paracherkaoui.ma\/index.php\/wp-json\/wp\/v2\/product\/16284\/revisions\/16357"}],"wp:featuredmedia":[{"embeddable":true,"href":"https:\/\/paracherkaoui.ma\/index.php\/wp-json\/wp\/v2\/media\/16355"}],"wp:attachment":[{"href":"https:\/\/paracherkaoui.ma\/index.php\/wp-json\/wp\/v2\/media?parent=16284"}],"wp:term":[{"taxonomy":"product_brand","embeddable":true,"href":"https:\/\/paracherkaoui.ma\/index.php\/wp-json\/wp\/v2\/product_brand?post=16284"},{"taxonomy":"product_cat","embeddable":true,"href":"https:\/\/paracherkaoui.ma\/index.php\/wp-json\/wp\/v2\/product_cat?post=16284"},{"taxonomy":"product_tag","embeddable":true,"href":"https:\/\/paracherkaoui.ma\/index.php\/wp-json\/wp\/v2\/product_tag?post=16284"}],"curies":[{"name":"wp","href":"https:\/\/api.w.org\/{rel}","templated":true}]}}