{"id":16067,"date":"2025-12-12T17:54:05","date_gmt":"2025-12-12T16:54:05","guid":{"rendered":"https:\/\/test.ecbeaute.com\/?post_type=product&#038;p=16067"},"modified":"2025-12-12T17:54:10","modified_gmt":"2025-12-12T16:54:10","slug":"odarym-masque-clarification-et-detox-a-largile-verte-et-vinaigre-de-cidre-200-ml","status":"publish","type":"product","link":"https:\/\/paracherkaoui.ma\/index.php\/produit\/odarym-masque-clarification-et-detox-a-largile-verte-et-vinaigre-de-cidre-200-ml\/","title":{"rendered":"ODARYM MASQUE CLARIFICATION ET DETOX A L&rsquo;ARGILE VERTE ET VINAIGRE DE CIDRE 200 ML"},"content":{"rendered":"<p>D\u00e9mangeaisons, Pellicules, les cheveux qui ne r\u00e9pondent plus aux soins, cheveux ternes et fatigu\u00e9s, tu as d\u00e9cid\u00e9 de transitioner au naturel, cheveux poisseux ou trop secs ?! Voici POURQUOI ? Tes cheveux sont satur\u00e9s par la pollution , les composants chimiques et les produits et ont besoin de se detoxifier ! Cela va permettre aux cheveux de mieux b\u00e9n\u00e9ficier des soins de nouveau ! Le masque clarifiant detoxifie en profondeur et clarifie ton cuir chevelu satur\u00e9 grace \u00e0 l&rsquo;argile verte, vinaigre de cidre et l&rsquo;huile essentielle d&rsquo;arbre \u00e0 th\u00e9 !<br \/>\nL&rsquo;argile verte :Purifie le cuir chevelu, D\u00e9toxifie les cheveux Pr\u00e9vient et \u00e9limine les pellicules<br \/>\nLe vinaigre de Cidre : Equilibre et apaise votre cuir chevelu, il enl\u00e8ve tous les produits accumul\u00e9es sur le cuir chevelu et sur vos longeurs pour repartir de z\u00e9ro, ll donne aussi une brillance \u00e0 long terme !<br \/>\nL&rsquo;huile essentielle d&rsquo;arbre \u00e0 th\u00e9 apaise ton cuir chevelu irritant ! Elle aide \u00e0 pr\u00e9venir l&rsquo;accumulation . Cela permet de garder vos cheveux en bonne sant\u00e9 et hydrat\u00e9s, ce qui peut les aider \u00e0 pousser \u00e0 leur rythme normal et les emp\u00eacher de tomber.<br \/>\nConseils d&rsquo;utilisation :<br \/>\nApplique ton masque sur cheveux humides de la racine jusqu&rsquo;aux points en massant du bout des doigts pour bien faire p\u00e9n\u00e9trer le produit ! Laisse poser entre 20 \u00e0 30 minutes ( pas plus ) Rincez abondamment \u00e0 l&rsquo;eau ti\u00e8de .<br \/>\nApr\u00e8s votre shampoing ( si souhait\u00e9 le masque a aussi des bienfaits lavants pas besoin d&rsquo;utiliser ton shampoing \u00a0) applique ton apr\u00e8s shampoing sur les pointes pour hydrater tes cheveux !<\/p>\n","protected":false},"excerpt":{"rendered":"<p>D\u00e9mangeaisons, Pellicules, les cheveux qui ne r\u00e9pondent plus aux soins, cheveux ternes et fatigu\u00e9s, tu as d\u00e9cid\u00e9 de transitioner au<\/p>\n","protected":false},"featured_media":16116,"comment_status":"open","ping_status":"closed","template":"","meta":[],"product_brand":[208],"product_cat":[183],"product_tag":[],"class_list":{"0":"post-16067","1":"product","2":"type-product","3":"status-publish","4":"has-post-thumbnail","6":"product_brand-odarym","7":"product_cat-masques-et-cremes","9":"first","10":"instock","11":"shipping-taxable","12":"purchasable","13":"product-type-simple"},"yoast_head":"<!-- This site is optimized with the Yoast SEO plugin v26.6 - https:\/\/yoast.com\/wordpress\/plugins\/seo\/ -->\r\n<title>ODARYM MASQUE CLARIFICATION ET DETOX A L&#039;ARGILE VERTE ET VINAIGRE DE CIDRE 200 ML - Paracherkaoui.ma<\/title>\r\n<meta name=\"robots\" content=\"index, follow, max-snippet:-1, max-image-preview:large, max-video-preview:-1\" \/>\r\n<link rel=\"canonical\" href=\"https:\/\/paracherkaoui.ma\/index.php\/produit\/odarym-masque-clarification-et-detox-a-largile-verte-et-vinaigre-de-cidre-200-ml\/\" \/>\r\n<meta property=\"og:locale\" content=\"fr_FR\" \/>\r\n<meta property=\"og:type\" content=\"article\" \/>\r\n<meta property=\"og:title\" content=\"ODARYM MASQUE CLARIFICATION ET DETOX A L&#039;ARGILE VERTE ET VINAIGRE DE CIDRE 200 ML - Paracherkaoui.ma\" \/>\r\n<meta property=\"og:description\" content=\"D\u00e9mangeaisons, Pellicules, les cheveux qui ne r\u00e9pondent plus aux soins, cheveux ternes et fatigu\u00e9s, tu as d\u00e9cid\u00e9 de transitioner au\" \/>\r\n<meta property=\"og:url\" content=\"https:\/\/paracherkaoui.ma\/index.php\/produit\/odarym-masque-clarification-et-detox-a-largile-verte-et-vinaigre-de-cidre-200-ml\/\" \/>\r\n<meta property=\"og:site_name\" content=\"Paracherkaoui.ma\" \/>\r\n<meta property=\"article:modified_time\" content=\"2025-12-12T16:54:10+00:00\" \/>\r\n<meta property=\"og:image\" content=\"https:\/\/paracherkaoui.ma\/wp-content\/uploads\/2025\/12\/odarym-odarym-masque-clarification-et-detox-a-largile-verte-et-vinaigre-de-cidre-200-ml-soins-cheveux.jpg\" \/>\r\n\t<meta property=\"og:image:width\" content=\"700\" \/>\r\n\t<meta property=\"og:image:height\" content=\"700\" \/>\r\n\t<meta property=\"og:image:type\" content=\"image\/jpeg\" \/>\r\n<meta name=\"twitter:card\" content=\"summary_large_image\" \/>\r\n<meta name=\"twitter:label1\" content=\"Dur\u00e9e de lecture estim\u00e9e\" \/>\n\t<meta name=\"twitter:data1\" content=\"1 minute\" \/>\r\n<script type=\"application\/ld+json\" class=\"yoast-schema-graph\">{\"@context\":\"https:\/\/schema.org\",\"@graph\":[{\"@type\":\"WebPage\",\"@id\":\"https:\/\/paracherkaoui.ma\/index.php\/produit\/odarym-masque-clarification-et-detox-a-largile-verte-et-vinaigre-de-cidre-200-ml\/\",\"url\":\"https:\/\/paracherkaoui.ma\/index.php\/produit\/odarym-masque-clarification-et-detox-a-largile-verte-et-vinaigre-de-cidre-200-ml\/\",\"name\":\"ODARYM MASQUE CLARIFICATION ET DETOX A L'ARGILE VERTE ET VINAIGRE DE CIDRE 200 ML - Paracherkaoui.ma\",\"isPartOf\":{\"@id\":\"https:\/\/paracherkaoui.ma\/#website\"},\"primaryImageOfPage\":{\"@id\":\"https:\/\/paracherkaoui.ma\/index.php\/produit\/odarym-masque-clarification-et-detox-a-largile-verte-et-vinaigre-de-cidre-200-ml\/#primaryimage\"},\"image\":{\"@id\":\"https:\/\/paracherkaoui.ma\/index.php\/produit\/odarym-masque-clarification-et-detox-a-largile-verte-et-vinaigre-de-cidre-200-ml\/#primaryimage\"},\"thumbnailUrl\":\"https:\/\/paracherkaoui.ma\/wp-content\/uploads\/2025\/12\/odarym-odarym-masque-clarification-et-detox-a-largile-verte-et-vinaigre-de-cidre-200-ml-soins-cheveux.jpg\",\"datePublished\":\"2025-12-12T16:54:05+00:00\",\"dateModified\":\"2025-12-12T16:54:10+00:00\",\"breadcrumb\":{\"@id\":\"https:\/\/paracherkaoui.ma\/index.php\/produit\/odarym-masque-clarification-et-detox-a-largile-verte-et-vinaigre-de-cidre-200-ml\/#breadcrumb\"},\"inLanguage\":\"fr-FR\",\"potentialAction\":[{\"@type\":\"ReadAction\",\"target\":[\"https:\/\/paracherkaoui.ma\/index.php\/produit\/odarym-masque-clarification-et-detox-a-largile-verte-et-vinaigre-de-cidre-200-ml\/\"]}]},{\"@type\":\"ImageObject\",\"inLanguage\":\"fr-FR\",\"@id\":\"https:\/\/paracherkaoui.ma\/index.php\/produit\/odarym-masque-clarification-et-detox-a-largile-verte-et-vinaigre-de-cidre-200-ml\/#primaryimage\",\"url\":\"https:\/\/paracherkaoui.ma\/wp-content\/uploads\/2025\/12\/odarym-odarym-masque-clarification-et-detox-a-largile-verte-et-vinaigre-de-cidre-200-ml-soins-cheveux.jpg\",\"contentUrl\":\"https:\/\/paracherkaoui.ma\/wp-content\/uploads\/2025\/12\/odarym-odarym-masque-clarification-et-detox-a-largile-verte-et-vinaigre-de-cidre-200-ml-soins-cheveux.jpg\",\"width\":700,\"height\":700},{\"@type\":\"BreadcrumbList\",\"@id\":\"https:\/\/paracherkaoui.ma\/index.php\/produit\/odarym-masque-clarification-et-detox-a-largile-verte-et-vinaigre-de-cidre-200-ml\/#breadcrumb\",\"itemListElement\":[{\"@type\":\"ListItem\",\"position\":1,\"name\":\"Accueil\",\"item\":\"https:\/\/paracherkaoui.ma\/\"},{\"@type\":\"ListItem\",\"position\":2,\"name\":\"Boutique\",\"item\":\"https:\/\/paracherkaoui.ma\/index.php\/boutique\/\"},{\"@type\":\"ListItem\",\"position\":3,\"name\":\"ODARYM MASQUE CLARIFICATION ET DETOX A L&rsquo;ARGILE VERTE ET VINAIGRE DE CIDRE 200 ML\"}]},{\"@type\":\"WebSite\",\"@id\":\"https:\/\/paracherkaoui.ma\/#website\",\"url\":\"https:\/\/paracherkaoui.ma\/\",\"name\":\"Paracherkaoui.ma\",\"description\":\"Achetez en ligne sur Paracherkaoui.ma\",\"potentialAction\":[{\"@type\":\"SearchAction\",\"target\":{\"@type\":\"EntryPoint\",\"urlTemplate\":\"https:\/\/paracherkaoui.ma\/?s={search_term_string}\"},\"query-input\":{\"@type\":\"PropertyValueSpecification\",\"valueRequired\":true,\"valueName\":\"search_term_string\"}}],\"inLanguage\":\"fr-FR\"}]}<\/script>\r\n<!-- \/ Yoast SEO plugin. -->","yoast_head_json":{"title":"ODARYM MASQUE CLARIFICATION ET DETOX A L'ARGILE VERTE ET VINAIGRE DE CIDRE 200 ML - Paracherkaoui.ma","robots":{"index":"index","follow":"follow","max-snippet":"max-snippet:-1","max-image-preview":"max-image-preview:large","max-video-preview":"max-video-preview:-1"},"canonical":"https:\/\/paracherkaoui.ma\/index.php\/produit\/odarym-masque-clarification-et-detox-a-largile-verte-et-vinaigre-de-cidre-200-ml\/","og_locale":"fr_FR","og_type":"article","og_title":"ODARYM MASQUE CLARIFICATION ET DETOX A L'ARGILE VERTE ET VINAIGRE DE CIDRE 200 ML - Paracherkaoui.ma","og_description":"D\u00e9mangeaisons, Pellicules, les cheveux qui ne r\u00e9pondent plus aux soins, cheveux ternes et fatigu\u00e9s, tu as d\u00e9cid\u00e9 de transitioner au","og_url":"https:\/\/paracherkaoui.ma\/index.php\/produit\/odarym-masque-clarification-et-detox-a-largile-verte-et-vinaigre-de-cidre-200-ml\/","og_site_name":"Paracherkaoui.ma","article_modified_time":"2025-12-12T16:54:10+00:00","og_image":[{"width":700,"height":700,"url":"https:\/\/paracherkaoui.ma\/wp-content\/uploads\/2025\/12\/odarym-odarym-masque-clarification-et-detox-a-largile-verte-et-vinaigre-de-cidre-200-ml-soins-cheveux.jpg","type":"image\/jpeg"}],"twitter_card":"summary_large_image","twitter_misc":{"Dur\u00e9e de lecture estim\u00e9e":"1 minute"},"schema":{"@context":"https:\/\/schema.org","@graph":[{"@type":"WebPage","@id":"https:\/\/paracherkaoui.ma\/index.php\/produit\/odarym-masque-clarification-et-detox-a-largile-verte-et-vinaigre-de-cidre-200-ml\/","url":"https:\/\/paracherkaoui.ma\/index.php\/produit\/odarym-masque-clarification-et-detox-a-largile-verte-et-vinaigre-de-cidre-200-ml\/","name":"ODARYM MASQUE CLARIFICATION ET DETOX A L'ARGILE VERTE ET VINAIGRE DE CIDRE 200 ML - Paracherkaoui.ma","isPartOf":{"@id":"https:\/\/paracherkaoui.ma\/#website"},"primaryImageOfPage":{"@id":"https:\/\/paracherkaoui.ma\/index.php\/produit\/odarym-masque-clarification-et-detox-a-largile-verte-et-vinaigre-de-cidre-200-ml\/#primaryimage"},"image":{"@id":"https:\/\/paracherkaoui.ma\/index.php\/produit\/odarym-masque-clarification-et-detox-a-largile-verte-et-vinaigre-de-cidre-200-ml\/#primaryimage"},"thumbnailUrl":"https:\/\/paracherkaoui.ma\/wp-content\/uploads\/2025\/12\/odarym-odarym-masque-clarification-et-detox-a-largile-verte-et-vinaigre-de-cidre-200-ml-soins-cheveux.jpg","datePublished":"2025-12-12T16:54:05+00:00","dateModified":"2025-12-12T16:54:10+00:00","breadcrumb":{"@id":"https:\/\/paracherkaoui.ma\/index.php\/produit\/odarym-masque-clarification-et-detox-a-largile-verte-et-vinaigre-de-cidre-200-ml\/#breadcrumb"},"inLanguage":"fr-FR","potentialAction":[{"@type":"ReadAction","target":["https:\/\/paracherkaoui.ma\/index.php\/produit\/odarym-masque-clarification-et-detox-a-largile-verte-et-vinaigre-de-cidre-200-ml\/"]}]},{"@type":"ImageObject","inLanguage":"fr-FR","@id":"https:\/\/paracherkaoui.ma\/index.php\/produit\/odarym-masque-clarification-et-detox-a-largile-verte-et-vinaigre-de-cidre-200-ml\/#primaryimage","url":"https:\/\/paracherkaoui.ma\/wp-content\/uploads\/2025\/12\/odarym-odarym-masque-clarification-et-detox-a-largile-verte-et-vinaigre-de-cidre-200-ml-soins-cheveux.jpg","contentUrl":"https:\/\/paracherkaoui.ma\/wp-content\/uploads\/2025\/12\/odarym-odarym-masque-clarification-et-detox-a-largile-verte-et-vinaigre-de-cidre-200-ml-soins-cheveux.jpg","width":700,"height":700},{"@type":"BreadcrumbList","@id":"https:\/\/paracherkaoui.ma\/index.php\/produit\/odarym-masque-clarification-et-detox-a-largile-verte-et-vinaigre-de-cidre-200-ml\/#breadcrumb","itemListElement":[{"@type":"ListItem","position":1,"name":"Accueil","item":"https:\/\/paracherkaoui.ma\/"},{"@type":"ListItem","position":2,"name":"Boutique","item":"https:\/\/paracherkaoui.ma\/index.php\/boutique\/"},{"@type":"ListItem","position":3,"name":"ODARYM MASQUE CLARIFICATION ET DETOX A L&rsquo;ARGILE VERTE ET VINAIGRE DE CIDRE 200 ML"}]},{"@type":"WebSite","@id":"https:\/\/paracherkaoui.ma\/#website","url":"https:\/\/paracherkaoui.ma\/","name":"Paracherkaoui.ma","description":"Achetez en ligne sur Paracherkaoui.ma","potentialAction":[{"@type":"SearchAction","target":{"@type":"EntryPoint","urlTemplate":"https:\/\/paracherkaoui.ma\/?s={search_term_string}"},"query-input":{"@type":"PropertyValueSpecification","valueRequired":true,"valueName":"search_term_string"}}],"inLanguage":"fr-FR"}]}},"_links":{"self":[{"href":"https:\/\/paracherkaoui.ma\/index.php\/wp-json\/wp\/v2\/product\/16067","targetHints":{"allow":["GET"]}}],"collection":[{"href":"https:\/\/paracherkaoui.ma\/index.php\/wp-json\/wp\/v2\/product"}],"about":[{"href":"https:\/\/paracherkaoui.ma\/index.php\/wp-json\/wp\/v2\/types\/product"}],"replies":[{"embeddable":true,"href":"https:\/\/paracherkaoui.ma\/index.php\/wp-json\/wp\/v2\/comments?post=16067"}],"version-history":[{"count":1,"href":"https:\/\/paracherkaoui.ma\/index.php\/wp-json\/wp\/v2\/product\/16067\/revisions"}],"predecessor-version":[{"id":16117,"href":"https:\/\/paracherkaoui.ma\/index.php\/wp-json\/wp\/v2\/product\/16067\/revisions\/16117"}],"wp:featuredmedia":[{"embeddable":true,"href":"https:\/\/paracherkaoui.ma\/index.php\/wp-json\/wp\/v2\/media\/16116"}],"wp:attachment":[{"href":"https:\/\/paracherkaoui.ma\/index.php\/wp-json\/wp\/v2\/media?parent=16067"}],"wp:term":[{"taxonomy":"product_brand","embeddable":true,"href":"https:\/\/paracherkaoui.ma\/index.php\/wp-json\/wp\/v2\/product_brand?post=16067"},{"taxonomy":"product_cat","embeddable":true,"href":"https:\/\/paracherkaoui.ma\/index.php\/wp-json\/wp\/v2\/product_cat?post=16067"},{"taxonomy":"product_tag","embeddable":true,"href":"https:\/\/paracherkaoui.ma\/index.php\/wp-json\/wp\/v2\/product_tag?post=16067"}],"curies":[{"name":"wp","href":"https:\/\/api.w.org\/{rel}","templated":true}]}}