{"id":15942,"date":"2025-12-12T17:53:57","date_gmt":"2025-12-12T16:53:57","guid":{"rendered":"https:\/\/test.ecbeaute.com\/?post_type=product&#038;p=15942"},"modified":"2025-12-12T17:53:59","modified_gmt":"2025-12-12T16:53:59","slug":"bioderma-node-k-concentre-kerato-reducteur-100ml-4","status":"publish","type":"product","link":"https:\/\/paracherkaoui.ma\/index.php\/produit\/bioderma-node-k-concentre-kerato-reducteur-100ml-4\/","title":{"rendered":"BIODERMA NODE K CONCENTRE KERATO REDUCTEUR 100ML"},"content":{"rendered":"<p>Description:<br \/>\nLe soin capillaire destin\u00e9 aux \u00e9tats squameux s\u00e9v\u00e8res et chroniques se manifestant par des plaques s\u00e8ches \u00e9paissies souvent associ\u00e9es \u00e0 des d\u00e9mangeaisons.\u2022Nod\u00e9\u00a0K Emulsion\u00a0active l\u2019\u00e9limination des plaques adh\u00e9rentes et \u00e9vite leur r\u00e9apparition gr\u00e2ce \u00e0 l&rsquo;action synergique de l&rsquo;acide glycolique et de l&rsquo;acide sali- cylique, puissants agents k\u00e9ratolytiques et k\u00e9rator\u00e9ducteurs.\u2022Le karit\u00e9 et la vaseline, agents \u00e9mollients intenses, contribuent \u00e0 diminuer l&rsquo;aspect sec et \u00e0 r\u00e9tablir le confort cutan\u00e9.\u2022L&rsquo;action apaisante de l\u2019extrait de Zanthoxylum limite l&rsquo;incitation au grattage. Sans parfum,\u00a0Nod\u00e9\u00a0K Emulsion\u00a0restaure le confort cutan\u00e9.\u2022Con\u00e7ue pour une utilisation sans contrainte, la texture \u00ab\u00a0cr\u00e8me\u00a0\u00bb de\u00a0Nod\u00e9\u00a0K Emulsion\u00a0permet de laisser poser hors de la douche sans couler.<br \/>\nConseils d&rsquo;utilisation<br \/>\n\u2022En p\u00e9riode d\u2019attaque : 2 applications par semaine pendant 3 semaines.En p\u00e9riode d\u2019entretien : 2 applications par mois.\u2022Appliquez\u00a0Nod\u00e9\u00a0K Emulsion\u00a0sur le cuir chevelu (ou le corps) sec et non lav\u00e9, au niveau des zones concern\u00e9es.\u2022Laissez agir 15 minutes ou plus selon la prescription, puis utilisez directement\u00a0Nod\u00e9 K Shampooing.\u2022Evitez le contact avec les yeux. Ne pas utiliser chez l\u2019enfant en dessous de 3 ans (pr\u00e9sence d\u2019acide salicylique).\u2022En cas de rougeurs intenses, diminuez la fr\u00e9quence d\u2019utilisation.<\/p>\n","protected":false},"excerpt":{"rendered":"<p>Description: Le soin capillaire destin\u00e9 aux \u00e9tats squameux s\u00e9v\u00e8res et chroniques se manifestant par des plaques s\u00e8ches \u00e9paissies souvent associ\u00e9es<\/p>\n","protected":false},"featured_media":10963,"comment_status":"open","ping_status":"closed","template":"","meta":[],"product_brand":[137],"product_cat":[183],"product_tag":[],"class_list":{"0":"post-15942","1":"product","2":"type-product","3":"status-publish","4":"has-post-thumbnail","6":"product_brand-bioderma","7":"product_cat-masques-et-cremes","9":"first","10":"instock","11":"sale","12":"shipping-taxable","13":"purchasable","14":"product-type-simple"},"yoast_head":"<!-- This site is optimized with the Yoast SEO plugin v26.6 - https:\/\/yoast.com\/wordpress\/plugins\/seo\/ -->\r\n<title>BIODERMA NODE K CONCENTRE KERATO REDUCTEUR 100ML - Paracherkaoui.ma<\/title>\r\n<meta name=\"robots\" content=\"index, follow, max-snippet:-1, max-image-preview:large, max-video-preview:-1\" \/>\r\n<link rel=\"canonical\" href=\"https:\/\/paracherkaoui.ma\/index.php\/produit\/bioderma-node-k-concentre-kerato-reducteur-100ml-4\/\" \/>\r\n<meta property=\"og:locale\" content=\"fr_FR\" \/>\r\n<meta property=\"og:type\" content=\"article\" \/>\r\n<meta property=\"og:title\" content=\"BIODERMA NODE K CONCENTRE KERATO REDUCTEUR 100ML - Paracherkaoui.ma\" \/>\r\n<meta property=\"og:description\" content=\"Description: Le soin capillaire destin\u00e9 aux \u00e9tats squameux s\u00e9v\u00e8res et chroniques se manifestant par des plaques s\u00e8ches \u00e9paissies souvent associ\u00e9es\" \/>\r\n<meta property=\"og:url\" content=\"https:\/\/paracherkaoui.ma\/index.php\/produit\/bioderma-node-k-concentre-kerato-reducteur-100ml-4\/\" \/>\r\n<meta property=\"og:site_name\" content=\"Paracherkaoui.ma\" \/>\r\n<meta property=\"article:modified_time\" content=\"2025-12-12T16:53:59+00:00\" \/>\r\n<meta property=\"og:image\" content=\"https:\/\/paracherkaoui.ma\/wp-content\/uploads\/2025\/12\/bioderma-bioderma-node-k-concentre-kerato-reducteur-100ml-masques-et-cremes.jpg\" \/>\r\n\t<meta property=\"og:image:width\" content=\"700\" \/>\r\n\t<meta property=\"og:image:height\" content=\"700\" \/>\r\n\t<meta property=\"og:image:type\" content=\"image\/jpeg\" \/>\r\n<meta name=\"twitter:card\" content=\"summary_large_image\" \/>\r\n<meta name=\"twitter:label1\" content=\"Dur\u00e9e de lecture estim\u00e9e\" \/>\n\t<meta name=\"twitter:data1\" content=\"1 minute\" \/>\r\n<script type=\"application\/ld+json\" class=\"yoast-schema-graph\">{\"@context\":\"https:\/\/schema.org\",\"@graph\":[{\"@type\":\"WebPage\",\"@id\":\"https:\/\/paracherkaoui.ma\/index.php\/produit\/bioderma-node-k-concentre-kerato-reducteur-100ml-4\/\",\"url\":\"https:\/\/paracherkaoui.ma\/index.php\/produit\/bioderma-node-k-concentre-kerato-reducteur-100ml-4\/\",\"name\":\"BIODERMA NODE K CONCENTRE KERATO REDUCTEUR 100ML - Paracherkaoui.ma\",\"isPartOf\":{\"@id\":\"https:\/\/paracherkaoui.ma\/#website\"},\"primaryImageOfPage\":{\"@id\":\"https:\/\/paracherkaoui.ma\/index.php\/produit\/bioderma-node-k-concentre-kerato-reducteur-100ml-4\/#primaryimage\"},\"image\":{\"@id\":\"https:\/\/paracherkaoui.ma\/index.php\/produit\/bioderma-node-k-concentre-kerato-reducteur-100ml-4\/#primaryimage\"},\"thumbnailUrl\":\"https:\/\/paracherkaoui.ma\/wp-content\/uploads\/2025\/12\/bioderma-bioderma-node-k-concentre-kerato-reducteur-100ml-masques-et-cremes.jpg\",\"datePublished\":\"2025-12-12T16:53:57+00:00\",\"dateModified\":\"2025-12-12T16:53:59+00:00\",\"breadcrumb\":{\"@id\":\"https:\/\/paracherkaoui.ma\/index.php\/produit\/bioderma-node-k-concentre-kerato-reducteur-100ml-4\/#breadcrumb\"},\"inLanguage\":\"fr-FR\",\"potentialAction\":[{\"@type\":\"ReadAction\",\"target\":[\"https:\/\/paracherkaoui.ma\/index.php\/produit\/bioderma-node-k-concentre-kerato-reducteur-100ml-4\/\"]}]},{\"@type\":\"ImageObject\",\"inLanguage\":\"fr-FR\",\"@id\":\"https:\/\/paracherkaoui.ma\/index.php\/produit\/bioderma-node-k-concentre-kerato-reducteur-100ml-4\/#primaryimage\",\"url\":\"https:\/\/paracherkaoui.ma\/wp-content\/uploads\/2025\/12\/bioderma-bioderma-node-k-concentre-kerato-reducteur-100ml-masques-et-cremes.jpg\",\"contentUrl\":\"https:\/\/paracherkaoui.ma\/wp-content\/uploads\/2025\/12\/bioderma-bioderma-node-k-concentre-kerato-reducteur-100ml-masques-et-cremes.jpg\",\"width\":700,\"height\":700},{\"@type\":\"BreadcrumbList\",\"@id\":\"https:\/\/paracherkaoui.ma\/index.php\/produit\/bioderma-node-k-concentre-kerato-reducteur-100ml-4\/#breadcrumb\",\"itemListElement\":[{\"@type\":\"ListItem\",\"position\":1,\"name\":\"Accueil\",\"item\":\"https:\/\/paracherkaoui.ma\/\"},{\"@type\":\"ListItem\",\"position\":2,\"name\":\"Boutique\",\"item\":\"https:\/\/paracherkaoui.ma\/index.php\/boutique\/\"},{\"@type\":\"ListItem\",\"position\":3,\"name\":\"BIODERMA NODE K CONCENTRE KERATO REDUCTEUR 100ML\"}]},{\"@type\":\"WebSite\",\"@id\":\"https:\/\/paracherkaoui.ma\/#website\",\"url\":\"https:\/\/paracherkaoui.ma\/\",\"name\":\"Paracherkaoui.ma\",\"description\":\"Achetez en ligne sur Paracherkaoui.ma\",\"potentialAction\":[{\"@type\":\"SearchAction\",\"target\":{\"@type\":\"EntryPoint\",\"urlTemplate\":\"https:\/\/paracherkaoui.ma\/?s={search_term_string}\"},\"query-input\":{\"@type\":\"PropertyValueSpecification\",\"valueRequired\":true,\"valueName\":\"search_term_string\"}}],\"inLanguage\":\"fr-FR\"}]}<\/script>\r\n<!-- \/ Yoast SEO plugin. -->","yoast_head_json":{"title":"BIODERMA NODE K CONCENTRE KERATO REDUCTEUR 100ML - Paracherkaoui.ma","robots":{"index":"index","follow":"follow","max-snippet":"max-snippet:-1","max-image-preview":"max-image-preview:large","max-video-preview":"max-video-preview:-1"},"canonical":"https:\/\/paracherkaoui.ma\/index.php\/produit\/bioderma-node-k-concentre-kerato-reducteur-100ml-4\/","og_locale":"fr_FR","og_type":"article","og_title":"BIODERMA NODE K CONCENTRE KERATO REDUCTEUR 100ML - Paracherkaoui.ma","og_description":"Description: Le soin capillaire destin\u00e9 aux \u00e9tats squameux s\u00e9v\u00e8res et chroniques se manifestant par des plaques s\u00e8ches \u00e9paissies souvent associ\u00e9es","og_url":"https:\/\/paracherkaoui.ma\/index.php\/produit\/bioderma-node-k-concentre-kerato-reducteur-100ml-4\/","og_site_name":"Paracherkaoui.ma","article_modified_time":"2025-12-12T16:53:59+00:00","og_image":[{"width":700,"height":700,"url":"https:\/\/paracherkaoui.ma\/wp-content\/uploads\/2025\/12\/bioderma-bioderma-node-k-concentre-kerato-reducteur-100ml-masques-et-cremes.jpg","type":"image\/jpeg"}],"twitter_card":"summary_large_image","twitter_misc":{"Dur\u00e9e de lecture estim\u00e9e":"1 minute"},"schema":{"@context":"https:\/\/schema.org","@graph":[{"@type":"WebPage","@id":"https:\/\/paracherkaoui.ma\/index.php\/produit\/bioderma-node-k-concentre-kerato-reducteur-100ml-4\/","url":"https:\/\/paracherkaoui.ma\/index.php\/produit\/bioderma-node-k-concentre-kerato-reducteur-100ml-4\/","name":"BIODERMA NODE K CONCENTRE KERATO REDUCTEUR 100ML - Paracherkaoui.ma","isPartOf":{"@id":"https:\/\/paracherkaoui.ma\/#website"},"primaryImageOfPage":{"@id":"https:\/\/paracherkaoui.ma\/index.php\/produit\/bioderma-node-k-concentre-kerato-reducteur-100ml-4\/#primaryimage"},"image":{"@id":"https:\/\/paracherkaoui.ma\/index.php\/produit\/bioderma-node-k-concentre-kerato-reducteur-100ml-4\/#primaryimage"},"thumbnailUrl":"https:\/\/paracherkaoui.ma\/wp-content\/uploads\/2025\/12\/bioderma-bioderma-node-k-concentre-kerato-reducteur-100ml-masques-et-cremes.jpg","datePublished":"2025-12-12T16:53:57+00:00","dateModified":"2025-12-12T16:53:59+00:00","breadcrumb":{"@id":"https:\/\/paracherkaoui.ma\/index.php\/produit\/bioderma-node-k-concentre-kerato-reducteur-100ml-4\/#breadcrumb"},"inLanguage":"fr-FR","potentialAction":[{"@type":"ReadAction","target":["https:\/\/paracherkaoui.ma\/index.php\/produit\/bioderma-node-k-concentre-kerato-reducteur-100ml-4\/"]}]},{"@type":"ImageObject","inLanguage":"fr-FR","@id":"https:\/\/paracherkaoui.ma\/index.php\/produit\/bioderma-node-k-concentre-kerato-reducteur-100ml-4\/#primaryimage","url":"https:\/\/paracherkaoui.ma\/wp-content\/uploads\/2025\/12\/bioderma-bioderma-node-k-concentre-kerato-reducteur-100ml-masques-et-cremes.jpg","contentUrl":"https:\/\/paracherkaoui.ma\/wp-content\/uploads\/2025\/12\/bioderma-bioderma-node-k-concentre-kerato-reducteur-100ml-masques-et-cremes.jpg","width":700,"height":700},{"@type":"BreadcrumbList","@id":"https:\/\/paracherkaoui.ma\/index.php\/produit\/bioderma-node-k-concentre-kerato-reducteur-100ml-4\/#breadcrumb","itemListElement":[{"@type":"ListItem","position":1,"name":"Accueil","item":"https:\/\/paracherkaoui.ma\/"},{"@type":"ListItem","position":2,"name":"Boutique","item":"https:\/\/paracherkaoui.ma\/index.php\/boutique\/"},{"@type":"ListItem","position":3,"name":"BIODERMA NODE K CONCENTRE KERATO REDUCTEUR 100ML"}]},{"@type":"WebSite","@id":"https:\/\/paracherkaoui.ma\/#website","url":"https:\/\/paracherkaoui.ma\/","name":"Paracherkaoui.ma","description":"Achetez en ligne sur Paracherkaoui.ma","potentialAction":[{"@type":"SearchAction","target":{"@type":"EntryPoint","urlTemplate":"https:\/\/paracherkaoui.ma\/?s={search_term_string}"},"query-input":{"@type":"PropertyValueSpecification","valueRequired":true,"valueName":"search_term_string"}}],"inLanguage":"fr-FR"}]}},"_links":{"self":[{"href":"https:\/\/paracherkaoui.ma\/index.php\/wp-json\/wp\/v2\/product\/15942","targetHints":{"allow":["GET"]}}],"collection":[{"href":"https:\/\/paracherkaoui.ma\/index.php\/wp-json\/wp\/v2\/product"}],"about":[{"href":"https:\/\/paracherkaoui.ma\/index.php\/wp-json\/wp\/v2\/types\/product"}],"replies":[{"embeddable":true,"href":"https:\/\/paracherkaoui.ma\/index.php\/wp-json\/wp\/v2\/comments?post=15942"}],"version-history":[{"count":1,"href":"https:\/\/paracherkaoui.ma\/index.php\/wp-json\/wp\/v2\/product\/15942\/revisions"}],"predecessor-version":[{"id":15972,"href":"https:\/\/paracherkaoui.ma\/index.php\/wp-json\/wp\/v2\/product\/15942\/revisions\/15972"}],"wp:featuredmedia":[{"embeddable":true,"href":"https:\/\/paracherkaoui.ma\/index.php\/wp-json\/wp\/v2\/media\/10963"}],"wp:attachment":[{"href":"https:\/\/paracherkaoui.ma\/index.php\/wp-json\/wp\/v2\/media?parent=15942"}],"wp:term":[{"taxonomy":"product_brand","embeddable":true,"href":"https:\/\/paracherkaoui.ma\/index.php\/wp-json\/wp\/v2\/product_brand?post=15942"},{"taxonomy":"product_cat","embeddable":true,"href":"https:\/\/paracherkaoui.ma\/index.php\/wp-json\/wp\/v2\/product_cat?post=15942"},{"taxonomy":"product_tag","embeddable":true,"href":"https:\/\/paracherkaoui.ma\/index.php\/wp-json\/wp\/v2\/product_tag?post=15942"}],"curies":[{"name":"wp","href":"https:\/\/api.w.org\/{rel}","templated":true}]}}