{"id":15824,"date":"2025-12-12T17:53:03","date_gmt":"2025-12-12T16:53:03","guid":{"rendered":"https:\/\/test.ecbeaute.com\/?post_type=product&#038;p=15824"},"modified":"2025-12-12T17:53:08","modified_gmt":"2025-12-12T16:53:08","slug":"k18-masque-capillaire-4-minutes-50-ml","status":"publish","type":"product","link":"https:\/\/paracherkaoui.ma\/index.php\/produit\/k18-masque-capillaire-4-minutes-50-ml\/","title":{"rendered":"K18 MASQUE CAPILLAIRE 4 MINUTES 50 ML"},"content":{"rendered":"<p>K18 La technologie n&rsquo;est pas une solution temporaire ! C&rsquo;est la premi\u00e8re technologie utilisant la biomim\u00e9tique pour reconnecter les cha\u00eenes de k\u00e9ratine bris\u00e9es par des dommages chimiques ou m\u00e9caniques. Les r\u00e9sultats sont des cheveux doux, lisses, r\u00e9par\u00e9s et r\u00e9sistants, avec un rebondissement et une brillance luxueux. Plus les cheveux sont ab\u00eem\u00e9s, plus les r\u00e9sultats sont spectaculaires ! Il est cliniquement prouv\u00e9 que ce produit agit en 4 minutes et il est soutenu par des stylistes du monde entier !<br \/>\nK18 Professional Molecular Hair Repair Mask p\u00e9n\u00e8tre en profondeur dans le cortex du cheveu en seulement 4 minutes, ramenant le cheveu \u00e0 son \u00e9tat naturel et jeune \u2013 paisant la cuticule du cheveu et \u00e9quilibrant la porosit\u00e9 du cheveu.<br \/>\nConseils d&rsquo;utilisation:<br \/>\n1. Shampoing, ne pas conditionner.<br \/>\n2. S\u00e9chez \u00e0 la serviette jusqu&rsquo;\u00e0 ce qu&rsquo;elle soit humide.<br \/>\n3. Diviser les cheveux en sections \u00e9gales.<br \/>\n4. Commencez avec une pompe de K18 Mask et ajoutez-en d&rsquo;autres selon la longueur, l&rsquo;\u00e9paisseur et l&rsquo;\u00e9tat du produit.<br \/>\n5. Travaillez de mani\u00e8re homog\u00e8ne dans les cheveux, de la pointe \u00e0 la racine, une pompe \u00e0 la fois.<br \/>\n6. Laisser reposer pendant 4 minutes pour activer et ne pas\u00a0rincer.<\/p>\n","protected":false},"excerpt":{"rendered":"<p>K18 La technologie n&rsquo;est pas une solution temporaire ! C&rsquo;est la premi\u00e8re technologie utilisant la biomim\u00e9tique pour reconnecter les cha\u00eenes<\/p>\n","protected":false},"featured_media":15916,"comment_status":"open","ping_status":"closed","template":"","meta":[],"product_brand":[218],"product_cat":[183],"product_tag":[],"class_list":{"0":"post-15824","1":"product","2":"type-product","3":"status-publish","4":"has-post-thumbnail","6":"product_brand-k18","7":"product_cat-masques-et-cremes","9":"first","10":"instock","11":"shipping-taxable","12":"purchasable","13":"product-type-simple"},"yoast_head":"<!-- This site is optimized with the Yoast SEO plugin v26.6 - https:\/\/yoast.com\/wordpress\/plugins\/seo\/ -->\r\n<title>K18 MASQUE CAPILLAIRE 4 MINUTES 50 ML - Paracherkaoui.ma<\/title>\r\n<meta name=\"robots\" content=\"index, follow, max-snippet:-1, max-image-preview:large, max-video-preview:-1\" \/>\r\n<link rel=\"canonical\" href=\"https:\/\/paracherkaoui.ma\/index.php\/produit\/k18-masque-capillaire-4-minutes-50-ml\/\" \/>\r\n<meta property=\"og:locale\" content=\"fr_FR\" \/>\r\n<meta property=\"og:type\" content=\"article\" \/>\r\n<meta property=\"og:title\" content=\"K18 MASQUE CAPILLAIRE 4 MINUTES 50 ML - Paracherkaoui.ma\" \/>\r\n<meta property=\"og:description\" content=\"K18 La technologie n&rsquo;est pas une solution temporaire ! C&rsquo;est la premi\u00e8re technologie utilisant la biomim\u00e9tique pour reconnecter les cha\u00eenes\" \/>\r\n<meta property=\"og:url\" content=\"https:\/\/paracherkaoui.ma\/index.php\/produit\/k18-masque-capillaire-4-minutes-50-ml\/\" \/>\r\n<meta property=\"og:site_name\" content=\"Paracherkaoui.ma\" \/>\r\n<meta property=\"article:modified_time\" content=\"2025-12-12T16:53:08+00:00\" \/>\r\n<meta property=\"og:image\" content=\"https:\/\/paracherkaoui.ma\/wp-content\/uploads\/2025\/12\/k18-k18-masque-capillaire-4-minutes-50-ml-masque-creme-et-soins-1.jpg\" \/>\r\n\t<meta property=\"og:image:width\" content=\"700\" \/>\r\n\t<meta property=\"og:image:height\" content=\"700\" \/>\r\n\t<meta property=\"og:image:type\" content=\"image\/jpeg\" \/>\r\n<meta name=\"twitter:card\" content=\"summary_large_image\" \/>\r\n<meta name=\"twitter:label1\" content=\"Dur\u00e9e de lecture estim\u00e9e\" \/>\n\t<meta name=\"twitter:data1\" content=\"1 minute\" \/>\r\n<script type=\"application\/ld+json\" class=\"yoast-schema-graph\">{\"@context\":\"https:\/\/schema.org\",\"@graph\":[{\"@type\":\"WebPage\",\"@id\":\"https:\/\/paracherkaoui.ma\/index.php\/produit\/k18-masque-capillaire-4-minutes-50-ml\/\",\"url\":\"https:\/\/paracherkaoui.ma\/index.php\/produit\/k18-masque-capillaire-4-minutes-50-ml\/\",\"name\":\"K18 MASQUE CAPILLAIRE 4 MINUTES 50 ML - Paracherkaoui.ma\",\"isPartOf\":{\"@id\":\"https:\/\/paracherkaoui.ma\/#website\"},\"primaryImageOfPage\":{\"@id\":\"https:\/\/paracherkaoui.ma\/index.php\/produit\/k18-masque-capillaire-4-minutes-50-ml\/#primaryimage\"},\"image\":{\"@id\":\"https:\/\/paracherkaoui.ma\/index.php\/produit\/k18-masque-capillaire-4-minutes-50-ml\/#primaryimage\"},\"thumbnailUrl\":\"https:\/\/paracherkaoui.ma\/wp-content\/uploads\/2025\/12\/k18-k18-masque-capillaire-4-minutes-50-ml-masque-creme-et-soins-1.jpg\",\"datePublished\":\"2025-12-12T16:53:03+00:00\",\"dateModified\":\"2025-12-12T16:53:08+00:00\",\"breadcrumb\":{\"@id\":\"https:\/\/paracherkaoui.ma\/index.php\/produit\/k18-masque-capillaire-4-minutes-50-ml\/#breadcrumb\"},\"inLanguage\":\"fr-FR\",\"potentialAction\":[{\"@type\":\"ReadAction\",\"target\":[\"https:\/\/paracherkaoui.ma\/index.php\/produit\/k18-masque-capillaire-4-minutes-50-ml\/\"]}]},{\"@type\":\"ImageObject\",\"inLanguage\":\"fr-FR\",\"@id\":\"https:\/\/paracherkaoui.ma\/index.php\/produit\/k18-masque-capillaire-4-minutes-50-ml\/#primaryimage\",\"url\":\"https:\/\/paracherkaoui.ma\/wp-content\/uploads\/2025\/12\/k18-k18-masque-capillaire-4-minutes-50-ml-masque-creme-et-soins-1.jpg\",\"contentUrl\":\"https:\/\/paracherkaoui.ma\/wp-content\/uploads\/2025\/12\/k18-k18-masque-capillaire-4-minutes-50-ml-masque-creme-et-soins-1.jpg\",\"width\":700,\"height\":700},{\"@type\":\"BreadcrumbList\",\"@id\":\"https:\/\/paracherkaoui.ma\/index.php\/produit\/k18-masque-capillaire-4-minutes-50-ml\/#breadcrumb\",\"itemListElement\":[{\"@type\":\"ListItem\",\"position\":1,\"name\":\"Accueil\",\"item\":\"https:\/\/paracherkaoui.ma\/\"},{\"@type\":\"ListItem\",\"position\":2,\"name\":\"Boutique\",\"item\":\"https:\/\/paracherkaoui.ma\/index.php\/boutique\/\"},{\"@type\":\"ListItem\",\"position\":3,\"name\":\"K18 MASQUE CAPILLAIRE 4 MINUTES 50 ML\"}]},{\"@type\":\"WebSite\",\"@id\":\"https:\/\/paracherkaoui.ma\/#website\",\"url\":\"https:\/\/paracherkaoui.ma\/\",\"name\":\"Paracherkaoui.ma\",\"description\":\"Achetez en ligne sur Paracherkaoui.ma\",\"potentialAction\":[{\"@type\":\"SearchAction\",\"target\":{\"@type\":\"EntryPoint\",\"urlTemplate\":\"https:\/\/paracherkaoui.ma\/?s={search_term_string}\"},\"query-input\":{\"@type\":\"PropertyValueSpecification\",\"valueRequired\":true,\"valueName\":\"search_term_string\"}}],\"inLanguage\":\"fr-FR\"}]}<\/script>\r\n<!-- \/ Yoast SEO plugin. -->","yoast_head_json":{"title":"K18 MASQUE CAPILLAIRE 4 MINUTES 50 ML - Paracherkaoui.ma","robots":{"index":"index","follow":"follow","max-snippet":"max-snippet:-1","max-image-preview":"max-image-preview:large","max-video-preview":"max-video-preview:-1"},"canonical":"https:\/\/paracherkaoui.ma\/index.php\/produit\/k18-masque-capillaire-4-minutes-50-ml\/","og_locale":"fr_FR","og_type":"article","og_title":"K18 MASQUE CAPILLAIRE 4 MINUTES 50 ML - Paracherkaoui.ma","og_description":"K18 La technologie n&rsquo;est pas une solution temporaire ! C&rsquo;est la premi\u00e8re technologie utilisant la biomim\u00e9tique pour reconnecter les cha\u00eenes","og_url":"https:\/\/paracherkaoui.ma\/index.php\/produit\/k18-masque-capillaire-4-minutes-50-ml\/","og_site_name":"Paracherkaoui.ma","article_modified_time":"2025-12-12T16:53:08+00:00","og_image":[{"width":700,"height":700,"url":"https:\/\/paracherkaoui.ma\/wp-content\/uploads\/2025\/12\/k18-k18-masque-capillaire-4-minutes-50-ml-masque-creme-et-soins-1.jpg","type":"image\/jpeg"}],"twitter_card":"summary_large_image","twitter_misc":{"Dur\u00e9e de lecture estim\u00e9e":"1 minute"},"schema":{"@context":"https:\/\/schema.org","@graph":[{"@type":"WebPage","@id":"https:\/\/paracherkaoui.ma\/index.php\/produit\/k18-masque-capillaire-4-minutes-50-ml\/","url":"https:\/\/paracherkaoui.ma\/index.php\/produit\/k18-masque-capillaire-4-minutes-50-ml\/","name":"K18 MASQUE CAPILLAIRE 4 MINUTES 50 ML - Paracherkaoui.ma","isPartOf":{"@id":"https:\/\/paracherkaoui.ma\/#website"},"primaryImageOfPage":{"@id":"https:\/\/paracherkaoui.ma\/index.php\/produit\/k18-masque-capillaire-4-minutes-50-ml\/#primaryimage"},"image":{"@id":"https:\/\/paracherkaoui.ma\/index.php\/produit\/k18-masque-capillaire-4-minutes-50-ml\/#primaryimage"},"thumbnailUrl":"https:\/\/paracherkaoui.ma\/wp-content\/uploads\/2025\/12\/k18-k18-masque-capillaire-4-minutes-50-ml-masque-creme-et-soins-1.jpg","datePublished":"2025-12-12T16:53:03+00:00","dateModified":"2025-12-12T16:53:08+00:00","breadcrumb":{"@id":"https:\/\/paracherkaoui.ma\/index.php\/produit\/k18-masque-capillaire-4-minutes-50-ml\/#breadcrumb"},"inLanguage":"fr-FR","potentialAction":[{"@type":"ReadAction","target":["https:\/\/paracherkaoui.ma\/index.php\/produit\/k18-masque-capillaire-4-minutes-50-ml\/"]}]},{"@type":"ImageObject","inLanguage":"fr-FR","@id":"https:\/\/paracherkaoui.ma\/index.php\/produit\/k18-masque-capillaire-4-minutes-50-ml\/#primaryimage","url":"https:\/\/paracherkaoui.ma\/wp-content\/uploads\/2025\/12\/k18-k18-masque-capillaire-4-minutes-50-ml-masque-creme-et-soins-1.jpg","contentUrl":"https:\/\/paracherkaoui.ma\/wp-content\/uploads\/2025\/12\/k18-k18-masque-capillaire-4-minutes-50-ml-masque-creme-et-soins-1.jpg","width":700,"height":700},{"@type":"BreadcrumbList","@id":"https:\/\/paracherkaoui.ma\/index.php\/produit\/k18-masque-capillaire-4-minutes-50-ml\/#breadcrumb","itemListElement":[{"@type":"ListItem","position":1,"name":"Accueil","item":"https:\/\/paracherkaoui.ma\/"},{"@type":"ListItem","position":2,"name":"Boutique","item":"https:\/\/paracherkaoui.ma\/index.php\/boutique\/"},{"@type":"ListItem","position":3,"name":"K18 MASQUE CAPILLAIRE 4 MINUTES 50 ML"}]},{"@type":"WebSite","@id":"https:\/\/paracherkaoui.ma\/#website","url":"https:\/\/paracherkaoui.ma\/","name":"Paracherkaoui.ma","description":"Achetez en ligne sur Paracherkaoui.ma","potentialAction":[{"@type":"SearchAction","target":{"@type":"EntryPoint","urlTemplate":"https:\/\/paracherkaoui.ma\/?s={search_term_string}"},"query-input":{"@type":"PropertyValueSpecification","valueRequired":true,"valueName":"search_term_string"}}],"inLanguage":"fr-FR"}]}},"_links":{"self":[{"href":"https:\/\/paracherkaoui.ma\/index.php\/wp-json\/wp\/v2\/product\/15824","targetHints":{"allow":["GET"]}}],"collection":[{"href":"https:\/\/paracherkaoui.ma\/index.php\/wp-json\/wp\/v2\/product"}],"about":[{"href":"https:\/\/paracherkaoui.ma\/index.php\/wp-json\/wp\/v2\/types\/product"}],"replies":[{"embeddable":true,"href":"https:\/\/paracherkaoui.ma\/index.php\/wp-json\/wp\/v2\/comments?post=15824"}],"version-history":[{"count":1,"href":"https:\/\/paracherkaoui.ma\/index.php\/wp-json\/wp\/v2\/product\/15824\/revisions"}],"predecessor-version":[{"id":15917,"href":"https:\/\/paracherkaoui.ma\/index.php\/wp-json\/wp\/v2\/product\/15824\/revisions\/15917"}],"wp:featuredmedia":[{"embeddable":true,"href":"https:\/\/paracherkaoui.ma\/index.php\/wp-json\/wp\/v2\/media\/15916"}],"wp:attachment":[{"href":"https:\/\/paracherkaoui.ma\/index.php\/wp-json\/wp\/v2\/media?parent=15824"}],"wp:term":[{"taxonomy":"product_brand","embeddable":true,"href":"https:\/\/paracherkaoui.ma\/index.php\/wp-json\/wp\/v2\/product_brand?post=15824"},{"taxonomy":"product_cat","embeddable":true,"href":"https:\/\/paracherkaoui.ma\/index.php\/wp-json\/wp\/v2\/product_cat?post=15824"},{"taxonomy":"product_tag","embeddable":true,"href":"https:\/\/paracherkaoui.ma\/index.php\/wp-json\/wp\/v2\/product_tag?post=15824"}],"curies":[{"name":"wp","href":"https:\/\/api.w.org\/{rel}","templated":true}]}}