{"id":15667,"date":"2025-12-12T17:52:53","date_gmt":"2025-12-12T16:52:53","guid":{"rendered":"https:\/\/test.ecbeaute.com\/?post_type=product&#038;p=15667"},"modified":"2025-12-12T17:53:01","modified_gmt":"2025-12-12T16:53:01","slug":"biokap-bellezza-bio-baume-restructurant-125-ml","status":"publish","type":"product","link":"https:\/\/paracherkaoui.ma\/index.php\/produit\/biokap-bellezza-bio-baume-restructurant-125-ml\/","title":{"rendered":"BIOKAP BELLEZZA BIO BAUME RESTRUCTURANT 125 ML"},"content":{"rendered":"<p>Description:<br \/>\nle baume nourrissant et d\u00e9m\u00ealant est un traitement hydratant efficace. Appliqu\u00e9 apr\u00e8s le shampoing, il nourrit les cheveux,\u00a0 les prot\u00e8ge des agressions ext\u00e9rieures, les rend doux, faciles \u00e0 coiffer et pr\u00e9vient la formation de fourches. Sa formulation aux c\u00e9ramides v\u00e9g\u00e9tales donne brillance aux cheveux, l\u2019huile de jojoba hydrate et facilite le d\u00e9m\u00ealage.<br \/>\nCONSEILS D\u2019UTILISATION:<br \/>\nApr\u00e8s le shampoing, sur cheveux mouill\u00e9s, appliquer une noix de produit\u00a0 sur toute la longueur, masser et rincer.<\/p>\n","protected":false},"excerpt":{"rendered":"<p>Description: le baume nourrissant et d\u00e9m\u00ealant est un traitement hydratant efficace. Appliqu\u00e9 apr\u00e8s le shampoing, il nourrit les cheveux,\u00a0 les<\/p>\n","protected":false},"featured_media":15779,"comment_status":"open","ping_status":"closed","template":"","meta":[],"product_brand":[229],"product_cat":[183],"product_tag":[],"class_list":{"0":"post-15667","1":"product","2":"type-product","3":"status-publish","4":"has-post-thumbnail","6":"product_brand-biokap","7":"product_cat-masques-et-cremes","9":"first","10":"instock","11":"sale","12":"shipping-taxable","13":"purchasable","14":"product-type-simple"},"yoast_head":"<!-- This site is optimized with the Yoast SEO plugin v26.6 - https:\/\/yoast.com\/wordpress\/plugins\/seo\/ -->\r\n<title>BIOKAP BELLEZZA BIO BAUME RESTRUCTURANT 125 ML - Paracherkaoui.ma<\/title>\r\n<meta name=\"robots\" content=\"index, follow, max-snippet:-1, max-image-preview:large, max-video-preview:-1\" \/>\r\n<link rel=\"canonical\" href=\"https:\/\/paracherkaoui.ma\/index.php\/produit\/biokap-bellezza-bio-baume-restructurant-125-ml\/\" \/>\r\n<meta property=\"og:locale\" content=\"fr_FR\" \/>\r\n<meta property=\"og:type\" content=\"article\" \/>\r\n<meta property=\"og:title\" content=\"BIOKAP BELLEZZA BIO BAUME RESTRUCTURANT 125 ML - Paracherkaoui.ma\" \/>\r\n<meta property=\"og:description\" content=\"Description: le baume nourrissant et d\u00e9m\u00ealant est un traitement hydratant efficace. Appliqu\u00e9 apr\u00e8s le shampoing, il nourrit les cheveux,\u00a0 les\" \/>\r\n<meta property=\"og:url\" content=\"https:\/\/paracherkaoui.ma\/index.php\/produit\/biokap-bellezza-bio-baume-restructurant-125-ml\/\" \/>\r\n<meta property=\"og:site_name\" content=\"Paracherkaoui.ma\" \/>\r\n<meta property=\"article:modified_time\" content=\"2025-12-12T16:53:01+00:00\" \/>\r\n<meta property=\"og:image\" content=\"https:\/\/paracherkaoui.ma\/wp-content\/uploads\/2025\/12\/biokap-biokap-bellezza-bio-baume-restructurant-125-ml-masque-et-cremes-reparateurs.jpg\" \/>\r\n\t<meta property=\"og:image:width\" content=\"700\" \/>\r\n\t<meta property=\"og:image:height\" content=\"700\" \/>\r\n\t<meta property=\"og:image:type\" content=\"image\/jpeg\" \/>\r\n<meta name=\"twitter:card\" content=\"summary_large_image\" \/>\r\n<script type=\"application\/ld+json\" class=\"yoast-schema-graph\">{\"@context\":\"https:\/\/schema.org\",\"@graph\":[{\"@type\":\"WebPage\",\"@id\":\"https:\/\/paracherkaoui.ma\/index.php\/produit\/biokap-bellezza-bio-baume-restructurant-125-ml\/\",\"url\":\"https:\/\/paracherkaoui.ma\/index.php\/produit\/biokap-bellezza-bio-baume-restructurant-125-ml\/\",\"name\":\"BIOKAP BELLEZZA BIO BAUME RESTRUCTURANT 125 ML - Paracherkaoui.ma\",\"isPartOf\":{\"@id\":\"https:\/\/paracherkaoui.ma\/#website\"},\"primaryImageOfPage\":{\"@id\":\"https:\/\/paracherkaoui.ma\/index.php\/produit\/biokap-bellezza-bio-baume-restructurant-125-ml\/#primaryimage\"},\"image\":{\"@id\":\"https:\/\/paracherkaoui.ma\/index.php\/produit\/biokap-bellezza-bio-baume-restructurant-125-ml\/#primaryimage\"},\"thumbnailUrl\":\"https:\/\/paracherkaoui.ma\/wp-content\/uploads\/2025\/12\/biokap-biokap-bellezza-bio-baume-restructurant-125-ml-masque-et-cremes-reparateurs.jpg\",\"datePublished\":\"2025-12-12T16:52:53+00:00\",\"dateModified\":\"2025-12-12T16:53:01+00:00\",\"breadcrumb\":{\"@id\":\"https:\/\/paracherkaoui.ma\/index.php\/produit\/biokap-bellezza-bio-baume-restructurant-125-ml\/#breadcrumb\"},\"inLanguage\":\"fr-FR\",\"potentialAction\":[{\"@type\":\"ReadAction\",\"target\":[\"https:\/\/paracherkaoui.ma\/index.php\/produit\/biokap-bellezza-bio-baume-restructurant-125-ml\/\"]}]},{\"@type\":\"ImageObject\",\"inLanguage\":\"fr-FR\",\"@id\":\"https:\/\/paracherkaoui.ma\/index.php\/produit\/biokap-bellezza-bio-baume-restructurant-125-ml\/#primaryimage\",\"url\":\"https:\/\/paracherkaoui.ma\/wp-content\/uploads\/2025\/12\/biokap-biokap-bellezza-bio-baume-restructurant-125-ml-masque-et-cremes-reparateurs.jpg\",\"contentUrl\":\"https:\/\/paracherkaoui.ma\/wp-content\/uploads\/2025\/12\/biokap-biokap-bellezza-bio-baume-restructurant-125-ml-masque-et-cremes-reparateurs.jpg\",\"width\":700,\"height\":700},{\"@type\":\"BreadcrumbList\",\"@id\":\"https:\/\/paracherkaoui.ma\/index.php\/produit\/biokap-bellezza-bio-baume-restructurant-125-ml\/#breadcrumb\",\"itemListElement\":[{\"@type\":\"ListItem\",\"position\":1,\"name\":\"Accueil\",\"item\":\"https:\/\/paracherkaoui.ma\/\"},{\"@type\":\"ListItem\",\"position\":2,\"name\":\"Boutique\",\"item\":\"https:\/\/paracherkaoui.ma\/index.php\/boutique\/\"},{\"@type\":\"ListItem\",\"position\":3,\"name\":\"BIOKAP BELLEZZA BIO BAUME RESTRUCTURANT 125 ML\"}]},{\"@type\":\"WebSite\",\"@id\":\"https:\/\/paracherkaoui.ma\/#website\",\"url\":\"https:\/\/paracherkaoui.ma\/\",\"name\":\"Paracherkaoui.ma\",\"description\":\"Achetez en ligne sur Paracherkaoui.ma\",\"potentialAction\":[{\"@type\":\"SearchAction\",\"target\":{\"@type\":\"EntryPoint\",\"urlTemplate\":\"https:\/\/paracherkaoui.ma\/?s={search_term_string}\"},\"query-input\":{\"@type\":\"PropertyValueSpecification\",\"valueRequired\":true,\"valueName\":\"search_term_string\"}}],\"inLanguage\":\"fr-FR\"}]}<\/script>\r\n<!-- \/ Yoast SEO plugin. -->","yoast_head_json":{"title":"BIOKAP BELLEZZA BIO BAUME RESTRUCTURANT 125 ML - Paracherkaoui.ma","robots":{"index":"index","follow":"follow","max-snippet":"max-snippet:-1","max-image-preview":"max-image-preview:large","max-video-preview":"max-video-preview:-1"},"canonical":"https:\/\/paracherkaoui.ma\/index.php\/produit\/biokap-bellezza-bio-baume-restructurant-125-ml\/","og_locale":"fr_FR","og_type":"article","og_title":"BIOKAP BELLEZZA BIO BAUME RESTRUCTURANT 125 ML - Paracherkaoui.ma","og_description":"Description: le baume nourrissant et d\u00e9m\u00ealant est un traitement hydratant efficace. Appliqu\u00e9 apr\u00e8s le shampoing, il nourrit les cheveux,\u00a0 les","og_url":"https:\/\/paracherkaoui.ma\/index.php\/produit\/biokap-bellezza-bio-baume-restructurant-125-ml\/","og_site_name":"Paracherkaoui.ma","article_modified_time":"2025-12-12T16:53:01+00:00","og_image":[{"width":700,"height":700,"url":"https:\/\/paracherkaoui.ma\/wp-content\/uploads\/2025\/12\/biokap-biokap-bellezza-bio-baume-restructurant-125-ml-masque-et-cremes-reparateurs.jpg","type":"image\/jpeg"}],"twitter_card":"summary_large_image","schema":{"@context":"https:\/\/schema.org","@graph":[{"@type":"WebPage","@id":"https:\/\/paracherkaoui.ma\/index.php\/produit\/biokap-bellezza-bio-baume-restructurant-125-ml\/","url":"https:\/\/paracherkaoui.ma\/index.php\/produit\/biokap-bellezza-bio-baume-restructurant-125-ml\/","name":"BIOKAP BELLEZZA BIO BAUME RESTRUCTURANT 125 ML - Paracherkaoui.ma","isPartOf":{"@id":"https:\/\/paracherkaoui.ma\/#website"},"primaryImageOfPage":{"@id":"https:\/\/paracherkaoui.ma\/index.php\/produit\/biokap-bellezza-bio-baume-restructurant-125-ml\/#primaryimage"},"image":{"@id":"https:\/\/paracherkaoui.ma\/index.php\/produit\/biokap-bellezza-bio-baume-restructurant-125-ml\/#primaryimage"},"thumbnailUrl":"https:\/\/paracherkaoui.ma\/wp-content\/uploads\/2025\/12\/biokap-biokap-bellezza-bio-baume-restructurant-125-ml-masque-et-cremes-reparateurs.jpg","datePublished":"2025-12-12T16:52:53+00:00","dateModified":"2025-12-12T16:53:01+00:00","breadcrumb":{"@id":"https:\/\/paracherkaoui.ma\/index.php\/produit\/biokap-bellezza-bio-baume-restructurant-125-ml\/#breadcrumb"},"inLanguage":"fr-FR","potentialAction":[{"@type":"ReadAction","target":["https:\/\/paracherkaoui.ma\/index.php\/produit\/biokap-bellezza-bio-baume-restructurant-125-ml\/"]}]},{"@type":"ImageObject","inLanguage":"fr-FR","@id":"https:\/\/paracherkaoui.ma\/index.php\/produit\/biokap-bellezza-bio-baume-restructurant-125-ml\/#primaryimage","url":"https:\/\/paracherkaoui.ma\/wp-content\/uploads\/2025\/12\/biokap-biokap-bellezza-bio-baume-restructurant-125-ml-masque-et-cremes-reparateurs.jpg","contentUrl":"https:\/\/paracherkaoui.ma\/wp-content\/uploads\/2025\/12\/biokap-biokap-bellezza-bio-baume-restructurant-125-ml-masque-et-cremes-reparateurs.jpg","width":700,"height":700},{"@type":"BreadcrumbList","@id":"https:\/\/paracherkaoui.ma\/index.php\/produit\/biokap-bellezza-bio-baume-restructurant-125-ml\/#breadcrumb","itemListElement":[{"@type":"ListItem","position":1,"name":"Accueil","item":"https:\/\/paracherkaoui.ma\/"},{"@type":"ListItem","position":2,"name":"Boutique","item":"https:\/\/paracherkaoui.ma\/index.php\/boutique\/"},{"@type":"ListItem","position":3,"name":"BIOKAP BELLEZZA BIO BAUME RESTRUCTURANT 125 ML"}]},{"@type":"WebSite","@id":"https:\/\/paracherkaoui.ma\/#website","url":"https:\/\/paracherkaoui.ma\/","name":"Paracherkaoui.ma","description":"Achetez en ligne sur Paracherkaoui.ma","potentialAction":[{"@type":"SearchAction","target":{"@type":"EntryPoint","urlTemplate":"https:\/\/paracherkaoui.ma\/?s={search_term_string}"},"query-input":{"@type":"PropertyValueSpecification","valueRequired":true,"valueName":"search_term_string"}}],"inLanguage":"fr-FR"}]}},"_links":{"self":[{"href":"https:\/\/paracherkaoui.ma\/index.php\/wp-json\/wp\/v2\/product\/15667","targetHints":{"allow":["GET"]}}],"collection":[{"href":"https:\/\/paracherkaoui.ma\/index.php\/wp-json\/wp\/v2\/product"}],"about":[{"href":"https:\/\/paracherkaoui.ma\/index.php\/wp-json\/wp\/v2\/types\/product"}],"replies":[{"embeddable":true,"href":"https:\/\/paracherkaoui.ma\/index.php\/wp-json\/wp\/v2\/comments?post=15667"}],"version-history":[{"count":1,"href":"https:\/\/paracherkaoui.ma\/index.php\/wp-json\/wp\/v2\/product\/15667\/revisions"}],"predecessor-version":[{"id":15781,"href":"https:\/\/paracherkaoui.ma\/index.php\/wp-json\/wp\/v2\/product\/15667\/revisions\/15781"}],"wp:featuredmedia":[{"embeddable":true,"href":"https:\/\/paracherkaoui.ma\/index.php\/wp-json\/wp\/v2\/media\/15779"}],"wp:attachment":[{"href":"https:\/\/paracherkaoui.ma\/index.php\/wp-json\/wp\/v2\/media?parent=15667"}],"wp:term":[{"taxonomy":"product_brand","embeddable":true,"href":"https:\/\/paracherkaoui.ma\/index.php\/wp-json\/wp\/v2\/product_brand?post=15667"},{"taxonomy":"product_cat","embeddable":true,"href":"https:\/\/paracherkaoui.ma\/index.php\/wp-json\/wp\/v2\/product_cat?post=15667"},{"taxonomy":"product_tag","embeddable":true,"href":"https:\/\/paracherkaoui.ma\/index.php\/wp-json\/wp\/v2\/product_tag?post=15667"}],"curies":[{"name":"wp","href":"https:\/\/api.w.org\/{rel}","templated":true}]}}