{"id":15660,"date":"2025-12-12T17:52:53","date_gmt":"2025-12-12T16:52:53","guid":{"rendered":"https:\/\/test.ecbeaute.com\/?post_type=product&#038;p=15660"},"modified":"2025-12-12T17:53:00","modified_gmt":"2025-12-12T16:53:00","slug":"caditar-masque-capillaire-nutritif-175-ml","status":"publish","type":"product","link":"https:\/\/paracherkaoui.ma\/index.php\/produit\/caditar-masque-capillaire-nutritif-175-ml\/","title":{"rendered":"CADITAR MASQUE CAPILLAIRE NUTRITIF 175 ML"},"content":{"rendered":"<p>Enrichi en huiles v\u00e9g\u00e9tales pr\u00e9cieuses \u2013 Amande douce, Argan et Ricin \u2013 ce masque agit au c\u0153ur de la fibre capillaire pour la r\u00e9g\u00e9n\u00e9rer intens\u00e9ment. Ces huiles naturelles renforcent la barri\u00e8re lipidique du cuir chevelu tout en redonnant brillance, souplesse et douceur \u00e0 vos cheveux.<br \/>\nMais ce n\u2019est pas tout : sa formule contient \u00e9galement des probiotiques, v\u00e9ritables alli\u00e9s de l\u2019\u00e9quilibre cutan\u00e9. Ces actifs pr\u00e9servent et renforcent le microbiome du cuir chevelu, aidant ainsi \u00e0 limiter les inconforts tels que les d\u00e9mangeaisons ou les sensations de s\u00e9cheresse. Gr\u00e2ce \u00e0 cette synergie d\u2019actifs naturels, vos cheveux sont visiblement plus forts, plus sains et votre cuir chevelu est apais\u00e9.<br \/>\nCe masque capillaire est sans sulfate, respectueux du cuir chevelu, et adapt\u00e9 \u00e0 un usage fr\u00e9quent. Sa texture onctueuse facilite l&rsquo;application et offre un moment de bien-\u00eatre \u00e0 chaque soin.<br \/>\nConseils d\u2019utilisation<br \/>\nApr\u00e8s le shampoing, appliquez le Masque Capillaire Nutritif CADITAR sur cheveux humides.<br \/>\nR\u00e9partissez g\u00e9n\u00e9reusement des longueurs jusqu\u2019au cuir chevelu.<br \/>\nMassez d\u00e9licatement pour favoriser la p\u00e9n\u00e9tration des actifs.<br \/>\nLaissez poser entre 5 \u00e0 10 minutes selon le niveau de nutrition souhait\u00e9.<br \/>\nRincez abondamment \u00e0 l\u2019eau ti\u00e8de.<br \/>\nComposition<br \/>\nAux probiotiques et huiles nutritives d&rsquo;amande douce, d&rsquo;argan et de ricin.<br \/>\nAQUA (WATER), BUTYROSPERMUM PARKII (SHEA) BUTTER, CAPRYLIC\/CAPRIC TRIGLYCERIDE, RICINUS COMMUNIS (CASTOR) SEED OIL, COCO-CAPRYLATE\/CAPRATE, DISTEAROYLETHYL DIMONIUM CHLORIDE, GLYCERIN, CETEARYL ALCOHOL, INULIN, LACTOBACILLUS FERMENT, SODIUM ANISATE, SODIUM DEHYDROACETATE, SODIUM LEVULINATE, YOGURT POWDER, PANTHENOL, TOCOPHEROL, EQUISETUM ARVENSE EXTRACT, HYDROXYPROPYL GUAR, HYDROXYPROPYL GUAR HYDROXYPROPYLTRIMONIUM CHLORIDE, CITRIC ACID, PARFUM (FRAGRANCE), POTASSIUM SORBATE, SODIUM BENZOATE, GERANIOL, BENZYL SALICYLATE, CITRONELLOL, COUMARIN, CITRAL, ANISE ALCOHOL, BENZYL ALCOHOL, LINALOOL<\/p>\n","protected":false},"excerpt":{"rendered":"<p>Enrichi en huiles v\u00e9g\u00e9tales pr\u00e9cieuses \u2013 Amande douce, Argan et Ricin \u2013 ce masque agit au c\u0153ur de la fibre<\/p>\n","protected":false},"featured_media":15750,"comment_status":"open","ping_status":"closed","template":"","meta":[],"product_brand":[265],"product_cat":[183],"product_tag":[],"class_list":{"0":"post-15660","1":"product","2":"type-product","3":"status-publish","4":"has-post-thumbnail","6":"product_brand-caditar","7":"product_cat-masques-et-cremes","9":"first","10":"instock","11":"sale","12":"shipping-taxable","13":"purchasable","14":"product-type-simple"},"yoast_head":"<!-- This site is optimized with the Yoast SEO plugin v26.6 - https:\/\/yoast.com\/wordpress\/plugins\/seo\/ -->\r\n<title>CADITAR MASQUE CAPILLAIRE NUTRITIF 175 ML - Paracherkaoui.ma<\/title>\r\n<meta name=\"robots\" content=\"index, follow, max-snippet:-1, max-image-preview:large, max-video-preview:-1\" \/>\r\n<link rel=\"canonical\" href=\"https:\/\/paracherkaoui.ma\/index.php\/produit\/caditar-masque-capillaire-nutritif-175-ml\/\" \/>\r\n<meta property=\"og:locale\" content=\"fr_FR\" \/>\r\n<meta property=\"og:type\" content=\"article\" \/>\r\n<meta property=\"og:title\" content=\"CADITAR MASQUE CAPILLAIRE NUTRITIF 175 ML - Paracherkaoui.ma\" \/>\r\n<meta property=\"og:description\" content=\"Enrichi en huiles v\u00e9g\u00e9tales pr\u00e9cieuses \u2013 Amande douce, Argan et Ricin \u2013 ce masque agit au c\u0153ur de la fibre\" \/>\r\n<meta property=\"og:url\" content=\"https:\/\/paracherkaoui.ma\/index.php\/produit\/caditar-masque-capillaire-nutritif-175-ml\/\" \/>\r\n<meta property=\"og:site_name\" content=\"Paracherkaoui.ma\" \/>\r\n<meta property=\"article:modified_time\" content=\"2025-12-12T16:53:00+00:00\" \/>\r\n<meta property=\"og:image\" content=\"https:\/\/paracherkaoui.ma\/wp-content\/uploads\/2025\/12\/caditar-caditar-masque-capillaire-nutritif-175-ml-masques-et-cremes.jpg\" \/>\r\n\t<meta property=\"og:image:width\" content=\"700\" \/>\r\n\t<meta property=\"og:image:height\" content=\"700\" \/>\r\n\t<meta property=\"og:image:type\" content=\"image\/jpeg\" \/>\r\n<meta name=\"twitter:card\" content=\"summary_large_image\" \/>\r\n<meta name=\"twitter:label1\" content=\"Dur\u00e9e de lecture estim\u00e9e\" \/>\n\t<meta name=\"twitter:data1\" content=\"1 minute\" \/>\r\n<script type=\"application\/ld+json\" class=\"yoast-schema-graph\">{\"@context\":\"https:\/\/schema.org\",\"@graph\":[{\"@type\":\"WebPage\",\"@id\":\"https:\/\/paracherkaoui.ma\/index.php\/produit\/caditar-masque-capillaire-nutritif-175-ml\/\",\"url\":\"https:\/\/paracherkaoui.ma\/index.php\/produit\/caditar-masque-capillaire-nutritif-175-ml\/\",\"name\":\"CADITAR MASQUE CAPILLAIRE NUTRITIF 175 ML - Paracherkaoui.ma\",\"isPartOf\":{\"@id\":\"https:\/\/paracherkaoui.ma\/#website\"},\"primaryImageOfPage\":{\"@id\":\"https:\/\/paracherkaoui.ma\/index.php\/produit\/caditar-masque-capillaire-nutritif-175-ml\/#primaryimage\"},\"image\":{\"@id\":\"https:\/\/paracherkaoui.ma\/index.php\/produit\/caditar-masque-capillaire-nutritif-175-ml\/#primaryimage\"},\"thumbnailUrl\":\"https:\/\/paracherkaoui.ma\/wp-content\/uploads\/2025\/12\/caditar-caditar-masque-capillaire-nutritif-175-ml-masques-et-cremes.jpg\",\"datePublished\":\"2025-12-12T16:52:53+00:00\",\"dateModified\":\"2025-12-12T16:53:00+00:00\",\"breadcrumb\":{\"@id\":\"https:\/\/paracherkaoui.ma\/index.php\/produit\/caditar-masque-capillaire-nutritif-175-ml\/#breadcrumb\"},\"inLanguage\":\"fr-FR\",\"potentialAction\":[{\"@type\":\"ReadAction\",\"target\":[\"https:\/\/paracherkaoui.ma\/index.php\/produit\/caditar-masque-capillaire-nutritif-175-ml\/\"]}]},{\"@type\":\"ImageObject\",\"inLanguage\":\"fr-FR\",\"@id\":\"https:\/\/paracherkaoui.ma\/index.php\/produit\/caditar-masque-capillaire-nutritif-175-ml\/#primaryimage\",\"url\":\"https:\/\/paracherkaoui.ma\/wp-content\/uploads\/2025\/12\/caditar-caditar-masque-capillaire-nutritif-175-ml-masques-et-cremes.jpg\",\"contentUrl\":\"https:\/\/paracherkaoui.ma\/wp-content\/uploads\/2025\/12\/caditar-caditar-masque-capillaire-nutritif-175-ml-masques-et-cremes.jpg\",\"width\":700,\"height\":700},{\"@type\":\"BreadcrumbList\",\"@id\":\"https:\/\/paracherkaoui.ma\/index.php\/produit\/caditar-masque-capillaire-nutritif-175-ml\/#breadcrumb\",\"itemListElement\":[{\"@type\":\"ListItem\",\"position\":1,\"name\":\"Accueil\",\"item\":\"https:\/\/paracherkaoui.ma\/\"},{\"@type\":\"ListItem\",\"position\":2,\"name\":\"Boutique\",\"item\":\"https:\/\/paracherkaoui.ma\/index.php\/boutique\/\"},{\"@type\":\"ListItem\",\"position\":3,\"name\":\"CADITAR MASQUE CAPILLAIRE NUTRITIF 175 ML\"}]},{\"@type\":\"WebSite\",\"@id\":\"https:\/\/paracherkaoui.ma\/#website\",\"url\":\"https:\/\/paracherkaoui.ma\/\",\"name\":\"Paracherkaoui.ma\",\"description\":\"Achetez en ligne sur Paracherkaoui.ma\",\"potentialAction\":[{\"@type\":\"SearchAction\",\"target\":{\"@type\":\"EntryPoint\",\"urlTemplate\":\"https:\/\/paracherkaoui.ma\/?s={search_term_string}\"},\"query-input\":{\"@type\":\"PropertyValueSpecification\",\"valueRequired\":true,\"valueName\":\"search_term_string\"}}],\"inLanguage\":\"fr-FR\"}]}<\/script>\r\n<!-- \/ Yoast SEO plugin. -->","yoast_head_json":{"title":"CADITAR MASQUE CAPILLAIRE NUTRITIF 175 ML - Paracherkaoui.ma","robots":{"index":"index","follow":"follow","max-snippet":"max-snippet:-1","max-image-preview":"max-image-preview:large","max-video-preview":"max-video-preview:-1"},"canonical":"https:\/\/paracherkaoui.ma\/index.php\/produit\/caditar-masque-capillaire-nutritif-175-ml\/","og_locale":"fr_FR","og_type":"article","og_title":"CADITAR MASQUE CAPILLAIRE NUTRITIF 175 ML - Paracherkaoui.ma","og_description":"Enrichi en huiles v\u00e9g\u00e9tales pr\u00e9cieuses \u2013 Amande douce, Argan et Ricin \u2013 ce masque agit au c\u0153ur de la fibre","og_url":"https:\/\/paracherkaoui.ma\/index.php\/produit\/caditar-masque-capillaire-nutritif-175-ml\/","og_site_name":"Paracherkaoui.ma","article_modified_time":"2025-12-12T16:53:00+00:00","og_image":[{"width":700,"height":700,"url":"https:\/\/paracherkaoui.ma\/wp-content\/uploads\/2025\/12\/caditar-caditar-masque-capillaire-nutritif-175-ml-masques-et-cremes.jpg","type":"image\/jpeg"}],"twitter_card":"summary_large_image","twitter_misc":{"Dur\u00e9e de lecture estim\u00e9e":"1 minute"},"schema":{"@context":"https:\/\/schema.org","@graph":[{"@type":"WebPage","@id":"https:\/\/paracherkaoui.ma\/index.php\/produit\/caditar-masque-capillaire-nutritif-175-ml\/","url":"https:\/\/paracherkaoui.ma\/index.php\/produit\/caditar-masque-capillaire-nutritif-175-ml\/","name":"CADITAR MASQUE CAPILLAIRE NUTRITIF 175 ML - Paracherkaoui.ma","isPartOf":{"@id":"https:\/\/paracherkaoui.ma\/#website"},"primaryImageOfPage":{"@id":"https:\/\/paracherkaoui.ma\/index.php\/produit\/caditar-masque-capillaire-nutritif-175-ml\/#primaryimage"},"image":{"@id":"https:\/\/paracherkaoui.ma\/index.php\/produit\/caditar-masque-capillaire-nutritif-175-ml\/#primaryimage"},"thumbnailUrl":"https:\/\/paracherkaoui.ma\/wp-content\/uploads\/2025\/12\/caditar-caditar-masque-capillaire-nutritif-175-ml-masques-et-cremes.jpg","datePublished":"2025-12-12T16:52:53+00:00","dateModified":"2025-12-12T16:53:00+00:00","breadcrumb":{"@id":"https:\/\/paracherkaoui.ma\/index.php\/produit\/caditar-masque-capillaire-nutritif-175-ml\/#breadcrumb"},"inLanguage":"fr-FR","potentialAction":[{"@type":"ReadAction","target":["https:\/\/paracherkaoui.ma\/index.php\/produit\/caditar-masque-capillaire-nutritif-175-ml\/"]}]},{"@type":"ImageObject","inLanguage":"fr-FR","@id":"https:\/\/paracherkaoui.ma\/index.php\/produit\/caditar-masque-capillaire-nutritif-175-ml\/#primaryimage","url":"https:\/\/paracherkaoui.ma\/wp-content\/uploads\/2025\/12\/caditar-caditar-masque-capillaire-nutritif-175-ml-masques-et-cremes.jpg","contentUrl":"https:\/\/paracherkaoui.ma\/wp-content\/uploads\/2025\/12\/caditar-caditar-masque-capillaire-nutritif-175-ml-masques-et-cremes.jpg","width":700,"height":700},{"@type":"BreadcrumbList","@id":"https:\/\/paracherkaoui.ma\/index.php\/produit\/caditar-masque-capillaire-nutritif-175-ml\/#breadcrumb","itemListElement":[{"@type":"ListItem","position":1,"name":"Accueil","item":"https:\/\/paracherkaoui.ma\/"},{"@type":"ListItem","position":2,"name":"Boutique","item":"https:\/\/paracherkaoui.ma\/index.php\/boutique\/"},{"@type":"ListItem","position":3,"name":"CADITAR MASQUE CAPILLAIRE NUTRITIF 175 ML"}]},{"@type":"WebSite","@id":"https:\/\/paracherkaoui.ma\/#website","url":"https:\/\/paracherkaoui.ma\/","name":"Paracherkaoui.ma","description":"Achetez en ligne sur Paracherkaoui.ma","potentialAction":[{"@type":"SearchAction","target":{"@type":"EntryPoint","urlTemplate":"https:\/\/paracherkaoui.ma\/?s={search_term_string}"},"query-input":{"@type":"PropertyValueSpecification","valueRequired":true,"valueName":"search_term_string"}}],"inLanguage":"fr-FR"}]}},"_links":{"self":[{"href":"https:\/\/paracherkaoui.ma\/index.php\/wp-json\/wp\/v2\/product\/15660","targetHints":{"allow":["GET"]}}],"collection":[{"href":"https:\/\/paracherkaoui.ma\/index.php\/wp-json\/wp\/v2\/product"}],"about":[{"href":"https:\/\/paracherkaoui.ma\/index.php\/wp-json\/wp\/v2\/types\/product"}],"replies":[{"embeddable":true,"href":"https:\/\/paracherkaoui.ma\/index.php\/wp-json\/wp\/v2\/comments?post=15660"}],"version-history":[{"count":1,"href":"https:\/\/paracherkaoui.ma\/index.php\/wp-json\/wp\/v2\/product\/15660\/revisions"}],"predecessor-version":[{"id":15751,"href":"https:\/\/paracherkaoui.ma\/index.php\/wp-json\/wp\/v2\/product\/15660\/revisions\/15751"}],"wp:featuredmedia":[{"embeddable":true,"href":"https:\/\/paracherkaoui.ma\/index.php\/wp-json\/wp\/v2\/media\/15750"}],"wp:attachment":[{"href":"https:\/\/paracherkaoui.ma\/index.php\/wp-json\/wp\/v2\/media?parent=15660"}],"wp:term":[{"taxonomy":"product_brand","embeddable":true,"href":"https:\/\/paracherkaoui.ma\/index.php\/wp-json\/wp\/v2\/product_brand?post=15660"},{"taxonomy":"product_cat","embeddable":true,"href":"https:\/\/paracherkaoui.ma\/index.php\/wp-json\/wp\/v2\/product_cat?post=15660"},{"taxonomy":"product_tag","embeddable":true,"href":"https:\/\/paracherkaoui.ma\/index.php\/wp-json\/wp\/v2\/product_tag?post=15660"}],"curies":[{"name":"wp","href":"https:\/\/api.w.org\/{rel}","templated":true}]}}