{"id":15657,"date":"2025-12-12T17:52:52","date_gmt":"2025-12-12T16:52:52","guid":{"rendered":"https:\/\/test.ecbeaute.com\/?post_type=product&#038;p=15657"},"modified":"2025-12-12T17:52:59","modified_gmt":"2025-12-12T16:52:59","slug":"phytocapill-demeleur-nutritif-200ml-2","status":"publish","type":"product","link":"https:\/\/paracherkaoui.ma\/index.php\/produit\/phytocapill-demeleur-nutritif-200ml-2\/","title":{"rendered":"PHYTOCAPILL DEMELEUR NUTRITIF 200ML"},"content":{"rendered":"<p>DESCRIPTION:<\/p>\n<p>Phytocapill Baume apr\u00e8s shampooing est un complexe d&rsquo;actifs naturels destin\u00e9s \u00e0 r\u00e9parer la structure capillaire &#8211; Traiter les cheveux ab\u00eem\u00e9s (cheveux cassants, fourchus, \u00e9lectrifi\u00e9s)<\/p>\n<p>UTILISATION:<\/p>\n<p>Appliquer une noisette de baume apr\u00e8s shampooing sur cheveux rinc\u00e9s. Laisser agir 5 \u00e0 10 mn puis laver les cheveux.<br \/>\nPRINCIPAUX COMPOSANTS:<br \/>\nExtrait de pr\u00eale, Huile d&rsquo;Argan, Hydrolysat de Prot\u00e9ines de bl\u00e9<\/p>\n","protected":false},"excerpt":{"rendered":"<p>DESCRIPTION: Phytocapill Baume apr\u00e8s shampooing est un complexe d&rsquo;actifs naturels destin\u00e9s \u00e0 r\u00e9parer la structure capillaire &#8211; Traiter les cheveux<\/p>\n","protected":false},"featured_media":14917,"comment_status":"open","ping_status":"closed","template":"","meta":[],"product_brand":[241],"product_cat":[183],"product_tag":[],"class_list":{"0":"post-15657","1":"product","2":"type-product","3":"status-publish","4":"has-post-thumbnail","6":"product_brand-phytocapill","7":"product_cat-masques-et-cremes","9":"first","10":"instock","11":"sale","12":"shipping-taxable","13":"purchasable","14":"product-type-simple"},"yoast_head":"<!-- This site is optimized with the Yoast SEO plugin v26.6 - https:\/\/yoast.com\/wordpress\/plugins\/seo\/ -->\r\n<title>PHYTOCAPILL DEMELEUR NUTRITIF 200ML - Paracherkaoui.ma<\/title>\r\n<meta name=\"robots\" content=\"index, follow, max-snippet:-1, max-image-preview:large, max-video-preview:-1\" \/>\r\n<link rel=\"canonical\" href=\"https:\/\/paracherkaoui.ma\/index.php\/produit\/phytocapill-demeleur-nutritif-200ml-2\/\" \/>\r\n<meta property=\"og:locale\" content=\"fr_FR\" \/>\r\n<meta property=\"og:type\" content=\"article\" \/>\r\n<meta property=\"og:title\" content=\"PHYTOCAPILL DEMELEUR NUTRITIF 200ML - Paracherkaoui.ma\" \/>\r\n<meta property=\"og:description\" content=\"DESCRIPTION: Phytocapill Baume apr\u00e8s shampooing est un complexe d&rsquo;actifs naturels destin\u00e9s \u00e0 r\u00e9parer la structure capillaire &#8211; Traiter les cheveux\" \/>\r\n<meta property=\"og:url\" content=\"https:\/\/paracherkaoui.ma\/index.php\/produit\/phytocapill-demeleur-nutritif-200ml-2\/\" \/>\r\n<meta property=\"og:site_name\" content=\"Paracherkaoui.ma\" \/>\r\n<meta property=\"article:modified_time\" content=\"2025-12-12T16:52:59+00:00\" \/>\r\n<meta property=\"og:image\" content=\"https:\/\/paracherkaoui.ma\/wp-content\/uploads\/2025\/12\/phytocapill-demeleur-nutritif-200ml.jpg\" \/>\r\n\t<meta property=\"og:image:width\" content=\"700\" \/>\r\n\t<meta property=\"og:image:height\" content=\"700\" \/>\r\n\t<meta property=\"og:image:type\" content=\"image\/jpeg\" \/>\r\n<meta name=\"twitter:card\" content=\"summary_large_image\" \/>\r\n<script type=\"application\/ld+json\" class=\"yoast-schema-graph\">{\"@context\":\"https:\/\/schema.org\",\"@graph\":[{\"@type\":\"WebPage\",\"@id\":\"https:\/\/paracherkaoui.ma\/index.php\/produit\/phytocapill-demeleur-nutritif-200ml-2\/\",\"url\":\"https:\/\/paracherkaoui.ma\/index.php\/produit\/phytocapill-demeleur-nutritif-200ml-2\/\",\"name\":\"PHYTOCAPILL DEMELEUR NUTRITIF 200ML - Paracherkaoui.ma\",\"isPartOf\":{\"@id\":\"https:\/\/paracherkaoui.ma\/#website\"},\"primaryImageOfPage\":{\"@id\":\"https:\/\/paracherkaoui.ma\/index.php\/produit\/phytocapill-demeleur-nutritif-200ml-2\/#primaryimage\"},\"image\":{\"@id\":\"https:\/\/paracherkaoui.ma\/index.php\/produit\/phytocapill-demeleur-nutritif-200ml-2\/#primaryimage\"},\"thumbnailUrl\":\"https:\/\/paracherkaoui.ma\/wp-content\/uploads\/2025\/12\/phytocapill-demeleur-nutritif-200ml.jpg\",\"datePublished\":\"2025-12-12T16:52:52+00:00\",\"dateModified\":\"2025-12-12T16:52:59+00:00\",\"breadcrumb\":{\"@id\":\"https:\/\/paracherkaoui.ma\/index.php\/produit\/phytocapill-demeleur-nutritif-200ml-2\/#breadcrumb\"},\"inLanguage\":\"fr-FR\",\"potentialAction\":[{\"@type\":\"ReadAction\",\"target\":[\"https:\/\/paracherkaoui.ma\/index.php\/produit\/phytocapill-demeleur-nutritif-200ml-2\/\"]}]},{\"@type\":\"ImageObject\",\"inLanguage\":\"fr-FR\",\"@id\":\"https:\/\/paracherkaoui.ma\/index.php\/produit\/phytocapill-demeleur-nutritif-200ml-2\/#primaryimage\",\"url\":\"https:\/\/paracherkaoui.ma\/wp-content\/uploads\/2025\/12\/phytocapill-demeleur-nutritif-200ml.jpg\",\"contentUrl\":\"https:\/\/paracherkaoui.ma\/wp-content\/uploads\/2025\/12\/phytocapill-demeleur-nutritif-200ml.jpg\",\"width\":700,\"height\":700},{\"@type\":\"BreadcrumbList\",\"@id\":\"https:\/\/paracherkaoui.ma\/index.php\/produit\/phytocapill-demeleur-nutritif-200ml-2\/#breadcrumb\",\"itemListElement\":[{\"@type\":\"ListItem\",\"position\":1,\"name\":\"Accueil\",\"item\":\"https:\/\/paracherkaoui.ma\/\"},{\"@type\":\"ListItem\",\"position\":2,\"name\":\"Boutique\",\"item\":\"https:\/\/paracherkaoui.ma\/index.php\/boutique\/\"},{\"@type\":\"ListItem\",\"position\":3,\"name\":\"PHYTOCAPILL DEMELEUR NUTRITIF 200ML\"}]},{\"@type\":\"WebSite\",\"@id\":\"https:\/\/paracherkaoui.ma\/#website\",\"url\":\"https:\/\/paracherkaoui.ma\/\",\"name\":\"Paracherkaoui.ma\",\"description\":\"Achetez en ligne sur Paracherkaoui.ma\",\"potentialAction\":[{\"@type\":\"SearchAction\",\"target\":{\"@type\":\"EntryPoint\",\"urlTemplate\":\"https:\/\/paracherkaoui.ma\/?s={search_term_string}\"},\"query-input\":{\"@type\":\"PropertyValueSpecification\",\"valueRequired\":true,\"valueName\":\"search_term_string\"}}],\"inLanguage\":\"fr-FR\"}]}<\/script>\r\n<!-- \/ Yoast SEO plugin. -->","yoast_head_json":{"title":"PHYTOCAPILL DEMELEUR NUTRITIF 200ML - Paracherkaoui.ma","robots":{"index":"index","follow":"follow","max-snippet":"max-snippet:-1","max-image-preview":"max-image-preview:large","max-video-preview":"max-video-preview:-1"},"canonical":"https:\/\/paracherkaoui.ma\/index.php\/produit\/phytocapill-demeleur-nutritif-200ml-2\/","og_locale":"fr_FR","og_type":"article","og_title":"PHYTOCAPILL DEMELEUR NUTRITIF 200ML - Paracherkaoui.ma","og_description":"DESCRIPTION: Phytocapill Baume apr\u00e8s shampooing est un complexe d&rsquo;actifs naturels destin\u00e9s \u00e0 r\u00e9parer la structure capillaire &#8211; Traiter les cheveux","og_url":"https:\/\/paracherkaoui.ma\/index.php\/produit\/phytocapill-demeleur-nutritif-200ml-2\/","og_site_name":"Paracherkaoui.ma","article_modified_time":"2025-12-12T16:52:59+00:00","og_image":[{"width":700,"height":700,"url":"https:\/\/paracherkaoui.ma\/wp-content\/uploads\/2025\/12\/phytocapill-demeleur-nutritif-200ml.jpg","type":"image\/jpeg"}],"twitter_card":"summary_large_image","schema":{"@context":"https:\/\/schema.org","@graph":[{"@type":"WebPage","@id":"https:\/\/paracherkaoui.ma\/index.php\/produit\/phytocapill-demeleur-nutritif-200ml-2\/","url":"https:\/\/paracherkaoui.ma\/index.php\/produit\/phytocapill-demeleur-nutritif-200ml-2\/","name":"PHYTOCAPILL DEMELEUR NUTRITIF 200ML - Paracherkaoui.ma","isPartOf":{"@id":"https:\/\/paracherkaoui.ma\/#website"},"primaryImageOfPage":{"@id":"https:\/\/paracherkaoui.ma\/index.php\/produit\/phytocapill-demeleur-nutritif-200ml-2\/#primaryimage"},"image":{"@id":"https:\/\/paracherkaoui.ma\/index.php\/produit\/phytocapill-demeleur-nutritif-200ml-2\/#primaryimage"},"thumbnailUrl":"https:\/\/paracherkaoui.ma\/wp-content\/uploads\/2025\/12\/phytocapill-demeleur-nutritif-200ml.jpg","datePublished":"2025-12-12T16:52:52+00:00","dateModified":"2025-12-12T16:52:59+00:00","breadcrumb":{"@id":"https:\/\/paracherkaoui.ma\/index.php\/produit\/phytocapill-demeleur-nutritif-200ml-2\/#breadcrumb"},"inLanguage":"fr-FR","potentialAction":[{"@type":"ReadAction","target":["https:\/\/paracherkaoui.ma\/index.php\/produit\/phytocapill-demeleur-nutritif-200ml-2\/"]}]},{"@type":"ImageObject","inLanguage":"fr-FR","@id":"https:\/\/paracherkaoui.ma\/index.php\/produit\/phytocapill-demeleur-nutritif-200ml-2\/#primaryimage","url":"https:\/\/paracherkaoui.ma\/wp-content\/uploads\/2025\/12\/phytocapill-demeleur-nutritif-200ml.jpg","contentUrl":"https:\/\/paracherkaoui.ma\/wp-content\/uploads\/2025\/12\/phytocapill-demeleur-nutritif-200ml.jpg","width":700,"height":700},{"@type":"BreadcrumbList","@id":"https:\/\/paracherkaoui.ma\/index.php\/produit\/phytocapill-demeleur-nutritif-200ml-2\/#breadcrumb","itemListElement":[{"@type":"ListItem","position":1,"name":"Accueil","item":"https:\/\/paracherkaoui.ma\/"},{"@type":"ListItem","position":2,"name":"Boutique","item":"https:\/\/paracherkaoui.ma\/index.php\/boutique\/"},{"@type":"ListItem","position":3,"name":"PHYTOCAPILL DEMELEUR NUTRITIF 200ML"}]},{"@type":"WebSite","@id":"https:\/\/paracherkaoui.ma\/#website","url":"https:\/\/paracherkaoui.ma\/","name":"Paracherkaoui.ma","description":"Achetez en ligne sur Paracherkaoui.ma","potentialAction":[{"@type":"SearchAction","target":{"@type":"EntryPoint","urlTemplate":"https:\/\/paracherkaoui.ma\/?s={search_term_string}"},"query-input":{"@type":"PropertyValueSpecification","valueRequired":true,"valueName":"search_term_string"}}],"inLanguage":"fr-FR"}]}},"_links":{"self":[{"href":"https:\/\/paracherkaoui.ma\/index.php\/wp-json\/wp\/v2\/product\/15657","targetHints":{"allow":["GET"]}}],"collection":[{"href":"https:\/\/paracherkaoui.ma\/index.php\/wp-json\/wp\/v2\/product"}],"about":[{"href":"https:\/\/paracherkaoui.ma\/index.php\/wp-json\/wp\/v2\/types\/product"}],"replies":[{"embeddable":true,"href":"https:\/\/paracherkaoui.ma\/index.php\/wp-json\/wp\/v2\/comments?post=15657"}],"version-history":[{"count":1,"href":"https:\/\/paracherkaoui.ma\/index.php\/wp-json\/wp\/v2\/product\/15657\/revisions"}],"predecessor-version":[{"id":15739,"href":"https:\/\/paracherkaoui.ma\/index.php\/wp-json\/wp\/v2\/product\/15657\/revisions\/15739"}],"wp:featuredmedia":[{"embeddable":true,"href":"https:\/\/paracherkaoui.ma\/index.php\/wp-json\/wp\/v2\/media\/14917"}],"wp:attachment":[{"href":"https:\/\/paracherkaoui.ma\/index.php\/wp-json\/wp\/v2\/media?parent=15657"}],"wp:term":[{"taxonomy":"product_brand","embeddable":true,"href":"https:\/\/paracherkaoui.ma\/index.php\/wp-json\/wp\/v2\/product_brand?post=15657"},{"taxonomy":"product_cat","embeddable":true,"href":"https:\/\/paracherkaoui.ma\/index.php\/wp-json\/wp\/v2\/product_cat?post=15657"},{"taxonomy":"product_tag","embeddable":true,"href":"https:\/\/paracherkaoui.ma\/index.php\/wp-json\/wp\/v2\/product_tag?post=15657"}],"curies":[{"name":"wp","href":"https:\/\/api.w.org\/{rel}","templated":true}]}}