{"id":15579,"date":"2025-12-12T17:52:42","date_gmt":"2025-12-12T16:52:42","guid":{"rendered":"https:\/\/test.ecbeaute.com\/?post_type=product&#038;p=15579"},"modified":"2025-12-12T17:52:51","modified_gmt":"2025-12-12T16:52:51","slug":"macadamia-deep-repair-masque-236ml","status":"publish","type":"product","link":"https:\/\/paracherkaoui.ma\/index.php\/produit\/macadamia-deep-repair-masque-236ml\/","title":{"rendered":"MACADAMIA DEEP REPAIR MASQUE 236ML"},"content":{"rendered":"<p>Le Masque Profond Macadamia est un soin d&rsquo;exception, m\u00e9ticuleusement formul\u00e9 pour p\u00e9n\u00e9trer la fibre capillaire et la reconstruire de l&rsquo;int\u00e9rieur. Il est sp\u00e9cialement con\u00e7u pour les cheveux secs et endommag\u00e9s, offrant une r\u00e9paration intensive l\u00e0 o\u00f9 vos cheveux en ont le plus besoin.<br \/>\nAu c\u0153ur de cette formule puissante, un m\u00e9lange exquis d&rsquo;ingr\u00e9dients naturels et pr\u00e9cieux. On y trouve la c\u00e9l\u00e8bre noix de Macadamia, r\u00e9put\u00e9e pour ses propri\u00e9t\u00e9s nourrissantes et hydratantes intenses. L&rsquo;huile d&rsquo;argan, surnomm\u00e9e \u00ab\u00a0l&rsquo;or liquide\u00a0\u00bb, apporte ses vertus r\u00e9paratrices et protectrices, renfor\u00e7ant la fibre capillaire. L&rsquo;huile de Tea Tree, connue pour ses propri\u00e9t\u00e9s purifiantes et apaisantes, contribue \u00e0 maintenir un cuir chevelu sain. L&rsquo;huile de Camomille apporte douceur et brillance, tandis que l&rsquo;Alo\u00e8s hydrate en profondeur. Enfin, les extraits d&rsquo;algues viennent compl\u00e9ter ce cocktail nutritif, offrant des min\u00e9raux essentiels et un effet revitalisant durable.<br \/>\nCette combinaison unique d&rsquo;ingr\u00e9dients nourrit en profondeur et procure un effet persistant. Le r\u00e9sultat est un reconstructeur ultra-revitalisant qui r\u00e9g\u00e9n\u00e8re et reconstruit le cheveu pour le nourrir intens\u00e9ment. L&rsquo;\u00e9lasticit\u00e9 de vos cheveux est grandement am\u00e9lior\u00e9e, les rendant plus souples, moins sujets \u00e0 la casse et plus faciles \u00e0 coiffer. Leur brillance est d\u00e9cupl\u00e9e, pour une chevelure \u00e9clatante de sant\u00e9.<br \/>\nUn atout majeur de ce masque est sa composition sans SULFATE et sans PARABEN. Cette formule respectueuse est non seulement douce pour vos cheveux et votre cuir chevelu, mais elle est \u00e9galement parfaite pour une utilisation en entretien du lissage br\u00e9silien. Elle aide \u00e0 prolonger les effets de votre lissage en pr\u00e9servant la k\u00e9ratine et en maintenant la douceur et la brillance sans alt\u00e9rer le traitement.<br \/>\nConseils d&rsquo;utilisation:<br \/>\nAppliquez une petite quantit\u00e9 de masque sur les cheveux s\u00e9ch\u00e9s \u00e0 l\u2019aide d\u2019une serviette. \u00c9talez uniform\u00e9ment le masque sur toute la longueur des cheveux \u00e0 l\u2019aide d\u2019un peigne. Laissez agir 7 \u00e0 10 minutes, puis rincez abondamment \u00e0 l\u2019eau. Pour obtenir de meilleurs r\u00e9sultats, utilisez 1 \u00e0 2 fois par semaine.<\/p>\n","protected":false},"excerpt":{"rendered":"<p>Le Masque Profond Macadamia est un soin d&rsquo;exception, m\u00e9ticuleusement formul\u00e9 pour p\u00e9n\u00e9trer la fibre capillaire et la reconstruire de l&rsquo;int\u00e9rieur.<\/p>\n","protected":false},"featured_media":15637,"comment_status":"open","ping_status":"closed","template":"","meta":[],"product_brand":[196],"product_cat":[183],"product_tag":[],"class_list":{"0":"post-15579","1":"product","2":"type-product","3":"status-publish","4":"has-post-thumbnail","6":"product_brand-macadamia","7":"product_cat-masques-et-cremes","9":"first","10":"instock","11":"shipping-taxable","12":"purchasable","13":"product-type-simple"},"yoast_head":"<!-- This site is optimized with the Yoast SEO plugin v26.6 - https:\/\/yoast.com\/wordpress\/plugins\/seo\/ -->\r\n<title>MACADAMIA DEEP REPAIR MASQUE 236ML - Paracherkaoui.ma<\/title>\r\n<meta name=\"robots\" content=\"index, follow, max-snippet:-1, max-image-preview:large, max-video-preview:-1\" \/>\r\n<link rel=\"canonical\" href=\"https:\/\/paracherkaoui.ma\/index.php\/produit\/macadamia-deep-repair-masque-236ml\/\" \/>\r\n<meta property=\"og:locale\" content=\"fr_FR\" \/>\r\n<meta property=\"og:type\" content=\"article\" \/>\r\n<meta property=\"og:title\" content=\"MACADAMIA DEEP REPAIR MASQUE 236ML - Paracherkaoui.ma\" \/>\r\n<meta property=\"og:description\" content=\"Le Masque Profond Macadamia est un soin d&rsquo;exception, m\u00e9ticuleusement formul\u00e9 pour p\u00e9n\u00e9trer la fibre capillaire et la reconstruire de l&rsquo;int\u00e9rieur.\" \/>\r\n<meta property=\"og:url\" content=\"https:\/\/paracherkaoui.ma\/index.php\/produit\/macadamia-deep-repair-masque-236ml\/\" \/>\r\n<meta property=\"og:site_name\" content=\"Paracherkaoui.ma\" \/>\r\n<meta property=\"article:modified_time\" content=\"2025-12-12T16:52:51+00:00\" \/>\r\n<meta property=\"og:image\" content=\"https:\/\/paracherkaoui.ma\/wp-content\/uploads\/2025\/12\/macadamia-deep-repair-masque-236ml.jpg\" \/>\r\n\t<meta property=\"og:image:width\" content=\"700\" \/>\r\n\t<meta property=\"og:image:height\" content=\"700\" \/>\r\n\t<meta property=\"og:image:type\" content=\"image\/jpeg\" \/>\r\n<meta name=\"twitter:card\" content=\"summary_large_image\" \/>\r\n<meta name=\"twitter:label1\" content=\"Dur\u00e9e de lecture estim\u00e9e\" \/>\n\t<meta name=\"twitter:data1\" content=\"2 minutes\" \/>\r\n<script type=\"application\/ld+json\" class=\"yoast-schema-graph\">{\"@context\":\"https:\/\/schema.org\",\"@graph\":[{\"@type\":\"WebPage\",\"@id\":\"https:\/\/paracherkaoui.ma\/index.php\/produit\/macadamia-deep-repair-masque-236ml\/\",\"url\":\"https:\/\/paracherkaoui.ma\/index.php\/produit\/macadamia-deep-repair-masque-236ml\/\",\"name\":\"MACADAMIA DEEP REPAIR MASQUE 236ML - Paracherkaoui.ma\",\"isPartOf\":{\"@id\":\"https:\/\/paracherkaoui.ma\/#website\"},\"primaryImageOfPage\":{\"@id\":\"https:\/\/paracherkaoui.ma\/index.php\/produit\/macadamia-deep-repair-masque-236ml\/#primaryimage\"},\"image\":{\"@id\":\"https:\/\/paracherkaoui.ma\/index.php\/produit\/macadamia-deep-repair-masque-236ml\/#primaryimage\"},\"thumbnailUrl\":\"https:\/\/paracherkaoui.ma\/wp-content\/uploads\/2025\/12\/macadamia-deep-repair-masque-236ml.jpg\",\"datePublished\":\"2025-12-12T16:52:42+00:00\",\"dateModified\":\"2025-12-12T16:52:51+00:00\",\"breadcrumb\":{\"@id\":\"https:\/\/paracherkaoui.ma\/index.php\/produit\/macadamia-deep-repair-masque-236ml\/#breadcrumb\"},\"inLanguage\":\"fr-FR\",\"potentialAction\":[{\"@type\":\"ReadAction\",\"target\":[\"https:\/\/paracherkaoui.ma\/index.php\/produit\/macadamia-deep-repair-masque-236ml\/\"]}]},{\"@type\":\"ImageObject\",\"inLanguage\":\"fr-FR\",\"@id\":\"https:\/\/paracherkaoui.ma\/index.php\/produit\/macadamia-deep-repair-masque-236ml\/#primaryimage\",\"url\":\"https:\/\/paracherkaoui.ma\/wp-content\/uploads\/2025\/12\/macadamia-deep-repair-masque-236ml.jpg\",\"contentUrl\":\"https:\/\/paracherkaoui.ma\/wp-content\/uploads\/2025\/12\/macadamia-deep-repair-masque-236ml.jpg\",\"width\":700,\"height\":700},{\"@type\":\"BreadcrumbList\",\"@id\":\"https:\/\/paracherkaoui.ma\/index.php\/produit\/macadamia-deep-repair-masque-236ml\/#breadcrumb\",\"itemListElement\":[{\"@type\":\"ListItem\",\"position\":1,\"name\":\"Accueil\",\"item\":\"https:\/\/paracherkaoui.ma\/\"},{\"@type\":\"ListItem\",\"position\":2,\"name\":\"Boutique\",\"item\":\"https:\/\/paracherkaoui.ma\/index.php\/boutique\/\"},{\"@type\":\"ListItem\",\"position\":3,\"name\":\"MACADAMIA DEEP REPAIR MASQUE 236ML\"}]},{\"@type\":\"WebSite\",\"@id\":\"https:\/\/paracherkaoui.ma\/#website\",\"url\":\"https:\/\/paracherkaoui.ma\/\",\"name\":\"Paracherkaoui.ma\",\"description\":\"Achetez en ligne sur Paracherkaoui.ma\",\"potentialAction\":[{\"@type\":\"SearchAction\",\"target\":{\"@type\":\"EntryPoint\",\"urlTemplate\":\"https:\/\/paracherkaoui.ma\/?s={search_term_string}\"},\"query-input\":{\"@type\":\"PropertyValueSpecification\",\"valueRequired\":true,\"valueName\":\"search_term_string\"}}],\"inLanguage\":\"fr-FR\"}]}<\/script>\r\n<!-- \/ Yoast SEO plugin. -->","yoast_head_json":{"title":"MACADAMIA DEEP REPAIR MASQUE 236ML - Paracherkaoui.ma","robots":{"index":"index","follow":"follow","max-snippet":"max-snippet:-1","max-image-preview":"max-image-preview:large","max-video-preview":"max-video-preview:-1"},"canonical":"https:\/\/paracherkaoui.ma\/index.php\/produit\/macadamia-deep-repair-masque-236ml\/","og_locale":"fr_FR","og_type":"article","og_title":"MACADAMIA DEEP REPAIR MASQUE 236ML - Paracherkaoui.ma","og_description":"Le Masque Profond Macadamia est un soin d&rsquo;exception, m\u00e9ticuleusement formul\u00e9 pour p\u00e9n\u00e9trer la fibre capillaire et la reconstruire de l&rsquo;int\u00e9rieur.","og_url":"https:\/\/paracherkaoui.ma\/index.php\/produit\/macadamia-deep-repair-masque-236ml\/","og_site_name":"Paracherkaoui.ma","article_modified_time":"2025-12-12T16:52:51+00:00","og_image":[{"width":700,"height":700,"url":"https:\/\/paracherkaoui.ma\/wp-content\/uploads\/2025\/12\/macadamia-deep-repair-masque-236ml.jpg","type":"image\/jpeg"}],"twitter_card":"summary_large_image","twitter_misc":{"Dur\u00e9e de lecture estim\u00e9e":"2 minutes"},"schema":{"@context":"https:\/\/schema.org","@graph":[{"@type":"WebPage","@id":"https:\/\/paracherkaoui.ma\/index.php\/produit\/macadamia-deep-repair-masque-236ml\/","url":"https:\/\/paracherkaoui.ma\/index.php\/produit\/macadamia-deep-repair-masque-236ml\/","name":"MACADAMIA DEEP REPAIR MASQUE 236ML - Paracherkaoui.ma","isPartOf":{"@id":"https:\/\/paracherkaoui.ma\/#website"},"primaryImageOfPage":{"@id":"https:\/\/paracherkaoui.ma\/index.php\/produit\/macadamia-deep-repair-masque-236ml\/#primaryimage"},"image":{"@id":"https:\/\/paracherkaoui.ma\/index.php\/produit\/macadamia-deep-repair-masque-236ml\/#primaryimage"},"thumbnailUrl":"https:\/\/paracherkaoui.ma\/wp-content\/uploads\/2025\/12\/macadamia-deep-repair-masque-236ml.jpg","datePublished":"2025-12-12T16:52:42+00:00","dateModified":"2025-12-12T16:52:51+00:00","breadcrumb":{"@id":"https:\/\/paracherkaoui.ma\/index.php\/produit\/macadamia-deep-repair-masque-236ml\/#breadcrumb"},"inLanguage":"fr-FR","potentialAction":[{"@type":"ReadAction","target":["https:\/\/paracherkaoui.ma\/index.php\/produit\/macadamia-deep-repair-masque-236ml\/"]}]},{"@type":"ImageObject","inLanguage":"fr-FR","@id":"https:\/\/paracherkaoui.ma\/index.php\/produit\/macadamia-deep-repair-masque-236ml\/#primaryimage","url":"https:\/\/paracherkaoui.ma\/wp-content\/uploads\/2025\/12\/macadamia-deep-repair-masque-236ml.jpg","contentUrl":"https:\/\/paracherkaoui.ma\/wp-content\/uploads\/2025\/12\/macadamia-deep-repair-masque-236ml.jpg","width":700,"height":700},{"@type":"BreadcrumbList","@id":"https:\/\/paracherkaoui.ma\/index.php\/produit\/macadamia-deep-repair-masque-236ml\/#breadcrumb","itemListElement":[{"@type":"ListItem","position":1,"name":"Accueil","item":"https:\/\/paracherkaoui.ma\/"},{"@type":"ListItem","position":2,"name":"Boutique","item":"https:\/\/paracherkaoui.ma\/index.php\/boutique\/"},{"@type":"ListItem","position":3,"name":"MACADAMIA DEEP REPAIR MASQUE 236ML"}]},{"@type":"WebSite","@id":"https:\/\/paracherkaoui.ma\/#website","url":"https:\/\/paracherkaoui.ma\/","name":"Paracherkaoui.ma","description":"Achetez en ligne sur Paracherkaoui.ma","potentialAction":[{"@type":"SearchAction","target":{"@type":"EntryPoint","urlTemplate":"https:\/\/paracherkaoui.ma\/?s={search_term_string}"},"query-input":{"@type":"PropertyValueSpecification","valueRequired":true,"valueName":"search_term_string"}}],"inLanguage":"fr-FR"}]}},"_links":{"self":[{"href":"https:\/\/paracherkaoui.ma\/index.php\/wp-json\/wp\/v2\/product\/15579","targetHints":{"allow":["GET"]}}],"collection":[{"href":"https:\/\/paracherkaoui.ma\/index.php\/wp-json\/wp\/v2\/product"}],"about":[{"href":"https:\/\/paracherkaoui.ma\/index.php\/wp-json\/wp\/v2\/types\/product"}],"replies":[{"embeddable":true,"href":"https:\/\/paracherkaoui.ma\/index.php\/wp-json\/wp\/v2\/comments?post=15579"}],"version-history":[{"count":1,"href":"https:\/\/paracherkaoui.ma\/index.php\/wp-json\/wp\/v2\/product\/15579\/revisions"}],"predecessor-version":[{"id":15638,"href":"https:\/\/paracherkaoui.ma\/index.php\/wp-json\/wp\/v2\/product\/15579\/revisions\/15638"}],"wp:featuredmedia":[{"embeddable":true,"href":"https:\/\/paracherkaoui.ma\/index.php\/wp-json\/wp\/v2\/media\/15637"}],"wp:attachment":[{"href":"https:\/\/paracherkaoui.ma\/index.php\/wp-json\/wp\/v2\/media?parent=15579"}],"wp:term":[{"taxonomy":"product_brand","embeddable":true,"href":"https:\/\/paracherkaoui.ma\/index.php\/wp-json\/wp\/v2\/product_brand?post=15579"},{"taxonomy":"product_cat","embeddable":true,"href":"https:\/\/paracherkaoui.ma\/index.php\/wp-json\/wp\/v2\/product_cat?post=15579"},{"taxonomy":"product_tag","embeddable":true,"href":"https:\/\/paracherkaoui.ma\/index.php\/wp-json\/wp\/v2\/product_tag?post=15579"}],"curies":[{"name":"wp","href":"https:\/\/api.w.org\/{rel}","templated":true}]}}