{"id":15213,"date":"2025-12-12T17:52:17","date_gmt":"2025-12-12T16:52:17","guid":{"rendered":"https:\/\/test.ecbeaute.com\/?post_type=product&#038;p=15213"},"modified":"2025-12-12T17:52:20","modified_gmt":"2025-12-12T16:52:20","slug":"cattier-kids-spray-demelant-tous-types-de-cheveux-200-ml","status":"publish","type":"product","link":"https:\/\/paracherkaoui.ma\/index.php\/produit\/cattier-kids-spray-demelant-tous-types-de-cheveux-200-ml\/","title":{"rendered":"CATTIER KIDS SPRAY DEMELANT TOUS TYPES DE CHEVEUX 200 ML"},"content":{"rendered":"<p>Ce soin d\u00e9m\u00ealant repose sur un complexe d\u00e9m\u00ealant naturel qui offre une sensation de l\u00e9g\u00e8ret\u00e9 incomparable aux cheveux tout en les prot\u00e9geant et en les fortifiant. De l&rsquo;aloe vera Bio entre \u00e9galement dans la composition de ce spray d\u00e9m\u00ealant : elle a \u00e9t\u00e9 soigneusement s\u00e9lectionn\u00e9e pour ses propri\u00e9t\u00e9s hydratantes, apaisantes, adoucissantes, protectrices et r\u00e9g\u00e9n\u00e9rantes. En seulement quelques vaporisations, les cheveux de votre enfant sont d\u00e9m\u00eal\u00e9s, adoucis et visiblement plus soyeux. Il ne vous reste plus qu&rsquo;\u00e0 les coiffer !<br \/>\nConseils d&rsquo;utilisation:<br \/>\nApr\u00e8s avoir lav\u00e9 les cheveux de votre enfant, vaporisez un peu de spray d\u00e9m\u00ealant sur des cheveux secs ou mouill\u00e9s aussi souvent que n\u00e9cessaire. Ce soin ne n\u00e9cessite pas de rin\u00e7age.<\/p>\n","protected":false},"excerpt":{"rendered":"<p>Ce soin d\u00e9m\u00ealant repose sur un complexe d\u00e9m\u00ealant naturel qui offre une sensation de l\u00e9g\u00e8ret\u00e9 incomparable aux cheveux tout en<\/p>\n","protected":false},"featured_media":15257,"comment_status":"open","ping_status":"closed","template":"","meta":[],"product_brand":[187],"product_cat":[225],"product_tag":[],"class_list":{"0":"post-15213","1":"product","2":"type-product","3":"status-publish","4":"has-post-thumbnail","6":"product_brand-cattier","7":"product_cat-apres-shampoing","9":"first","10":"instock","11":"shipping-taxable","12":"purchasable","13":"product-type-simple"},"yoast_head":"<!-- This site is optimized with the Yoast SEO plugin v26.6 - https:\/\/yoast.com\/wordpress\/plugins\/seo\/ -->\r\n<title>CATTIER KIDS SPRAY DEMELANT TOUS TYPES DE CHEVEUX 200 ML - Paracherkaoui.ma<\/title>\r\n<meta name=\"robots\" content=\"index, follow, max-snippet:-1, max-image-preview:large, max-video-preview:-1\" \/>\r\n<link rel=\"canonical\" href=\"https:\/\/paracherkaoui.ma\/index.php\/produit\/cattier-kids-spray-demelant-tous-types-de-cheveux-200-ml\/\" \/>\r\n<meta property=\"og:locale\" content=\"fr_FR\" \/>\r\n<meta property=\"og:type\" content=\"article\" \/>\r\n<meta property=\"og:title\" content=\"CATTIER KIDS SPRAY DEMELANT TOUS TYPES DE CHEVEUX 200 ML - Paracherkaoui.ma\" \/>\r\n<meta property=\"og:description\" content=\"Ce soin d\u00e9m\u00ealant repose sur un complexe d\u00e9m\u00ealant naturel qui offre une sensation de l\u00e9g\u00e8ret\u00e9 incomparable aux cheveux tout en\" \/>\r\n<meta property=\"og:url\" content=\"https:\/\/paracherkaoui.ma\/index.php\/produit\/cattier-kids-spray-demelant-tous-types-de-cheveux-200-ml\/\" \/>\r\n<meta property=\"og:site_name\" content=\"Paracherkaoui.ma\" \/>\r\n<meta property=\"article:modified_time\" content=\"2025-12-12T16:52:20+00:00\" \/>\r\n<meta property=\"og:image\" content=\"https:\/\/paracherkaoui.ma\/wp-content\/uploads\/2025\/12\/cattier-kids-spray-demelant-tous-types-de-cheveux-200-ml.jpg\" \/>\r\n\t<meta property=\"og:image:width\" content=\"700\" \/>\r\n\t<meta property=\"og:image:height\" content=\"700\" \/>\r\n\t<meta property=\"og:image:type\" content=\"image\/jpeg\" \/>\r\n<meta name=\"twitter:card\" content=\"summary_large_image\" \/>\r\n<meta name=\"twitter:label1\" content=\"Dur\u00e9e de lecture estim\u00e9e\" \/>\n\t<meta name=\"twitter:data1\" content=\"1 minute\" \/>\r\n<script type=\"application\/ld+json\" class=\"yoast-schema-graph\">{\"@context\":\"https:\/\/schema.org\",\"@graph\":[{\"@type\":\"WebPage\",\"@id\":\"https:\/\/paracherkaoui.ma\/index.php\/produit\/cattier-kids-spray-demelant-tous-types-de-cheveux-200-ml\/\",\"url\":\"https:\/\/paracherkaoui.ma\/index.php\/produit\/cattier-kids-spray-demelant-tous-types-de-cheveux-200-ml\/\",\"name\":\"CATTIER KIDS SPRAY DEMELANT TOUS TYPES DE CHEVEUX 200 ML - Paracherkaoui.ma\",\"isPartOf\":{\"@id\":\"https:\/\/paracherkaoui.ma\/#website\"},\"primaryImageOfPage\":{\"@id\":\"https:\/\/paracherkaoui.ma\/index.php\/produit\/cattier-kids-spray-demelant-tous-types-de-cheveux-200-ml\/#primaryimage\"},\"image\":{\"@id\":\"https:\/\/paracherkaoui.ma\/index.php\/produit\/cattier-kids-spray-demelant-tous-types-de-cheveux-200-ml\/#primaryimage\"},\"thumbnailUrl\":\"https:\/\/paracherkaoui.ma\/wp-content\/uploads\/2025\/12\/cattier-kids-spray-demelant-tous-types-de-cheveux-200-ml.jpg\",\"datePublished\":\"2025-12-12T16:52:17+00:00\",\"dateModified\":\"2025-12-12T16:52:20+00:00\",\"breadcrumb\":{\"@id\":\"https:\/\/paracherkaoui.ma\/index.php\/produit\/cattier-kids-spray-demelant-tous-types-de-cheveux-200-ml\/#breadcrumb\"},\"inLanguage\":\"fr-FR\",\"potentialAction\":[{\"@type\":\"ReadAction\",\"target\":[\"https:\/\/paracherkaoui.ma\/index.php\/produit\/cattier-kids-spray-demelant-tous-types-de-cheveux-200-ml\/\"]}]},{\"@type\":\"ImageObject\",\"inLanguage\":\"fr-FR\",\"@id\":\"https:\/\/paracherkaoui.ma\/index.php\/produit\/cattier-kids-spray-demelant-tous-types-de-cheveux-200-ml\/#primaryimage\",\"url\":\"https:\/\/paracherkaoui.ma\/wp-content\/uploads\/2025\/12\/cattier-kids-spray-demelant-tous-types-de-cheveux-200-ml.jpg\",\"contentUrl\":\"https:\/\/paracherkaoui.ma\/wp-content\/uploads\/2025\/12\/cattier-kids-spray-demelant-tous-types-de-cheveux-200-ml.jpg\",\"width\":700,\"height\":700},{\"@type\":\"BreadcrumbList\",\"@id\":\"https:\/\/paracherkaoui.ma\/index.php\/produit\/cattier-kids-spray-demelant-tous-types-de-cheveux-200-ml\/#breadcrumb\",\"itemListElement\":[{\"@type\":\"ListItem\",\"position\":1,\"name\":\"Accueil\",\"item\":\"https:\/\/paracherkaoui.ma\/\"},{\"@type\":\"ListItem\",\"position\":2,\"name\":\"Boutique\",\"item\":\"https:\/\/paracherkaoui.ma\/index.php\/boutique\/\"},{\"@type\":\"ListItem\",\"position\":3,\"name\":\"CATTIER KIDS SPRAY DEMELANT TOUS TYPES DE CHEVEUX 200 ML\"}]},{\"@type\":\"WebSite\",\"@id\":\"https:\/\/paracherkaoui.ma\/#website\",\"url\":\"https:\/\/paracherkaoui.ma\/\",\"name\":\"Paracherkaoui.ma\",\"description\":\"Achetez en ligne sur Paracherkaoui.ma\",\"potentialAction\":[{\"@type\":\"SearchAction\",\"target\":{\"@type\":\"EntryPoint\",\"urlTemplate\":\"https:\/\/paracherkaoui.ma\/?s={search_term_string}\"},\"query-input\":{\"@type\":\"PropertyValueSpecification\",\"valueRequired\":true,\"valueName\":\"search_term_string\"}}],\"inLanguage\":\"fr-FR\"}]}<\/script>\r\n<!-- \/ Yoast SEO plugin. -->","yoast_head_json":{"title":"CATTIER KIDS SPRAY DEMELANT TOUS TYPES DE CHEVEUX 200 ML - Paracherkaoui.ma","robots":{"index":"index","follow":"follow","max-snippet":"max-snippet:-1","max-image-preview":"max-image-preview:large","max-video-preview":"max-video-preview:-1"},"canonical":"https:\/\/paracherkaoui.ma\/index.php\/produit\/cattier-kids-spray-demelant-tous-types-de-cheveux-200-ml\/","og_locale":"fr_FR","og_type":"article","og_title":"CATTIER KIDS SPRAY DEMELANT TOUS TYPES DE CHEVEUX 200 ML - Paracherkaoui.ma","og_description":"Ce soin d\u00e9m\u00ealant repose sur un complexe d\u00e9m\u00ealant naturel qui offre une sensation de l\u00e9g\u00e8ret\u00e9 incomparable aux cheveux tout en","og_url":"https:\/\/paracherkaoui.ma\/index.php\/produit\/cattier-kids-spray-demelant-tous-types-de-cheveux-200-ml\/","og_site_name":"Paracherkaoui.ma","article_modified_time":"2025-12-12T16:52:20+00:00","og_image":[{"width":700,"height":700,"url":"https:\/\/paracherkaoui.ma\/wp-content\/uploads\/2025\/12\/cattier-kids-spray-demelant-tous-types-de-cheveux-200-ml.jpg","type":"image\/jpeg"}],"twitter_card":"summary_large_image","twitter_misc":{"Dur\u00e9e de lecture estim\u00e9e":"1 minute"},"schema":{"@context":"https:\/\/schema.org","@graph":[{"@type":"WebPage","@id":"https:\/\/paracherkaoui.ma\/index.php\/produit\/cattier-kids-spray-demelant-tous-types-de-cheveux-200-ml\/","url":"https:\/\/paracherkaoui.ma\/index.php\/produit\/cattier-kids-spray-demelant-tous-types-de-cheveux-200-ml\/","name":"CATTIER KIDS SPRAY DEMELANT TOUS TYPES DE CHEVEUX 200 ML - Paracherkaoui.ma","isPartOf":{"@id":"https:\/\/paracherkaoui.ma\/#website"},"primaryImageOfPage":{"@id":"https:\/\/paracherkaoui.ma\/index.php\/produit\/cattier-kids-spray-demelant-tous-types-de-cheveux-200-ml\/#primaryimage"},"image":{"@id":"https:\/\/paracherkaoui.ma\/index.php\/produit\/cattier-kids-spray-demelant-tous-types-de-cheveux-200-ml\/#primaryimage"},"thumbnailUrl":"https:\/\/paracherkaoui.ma\/wp-content\/uploads\/2025\/12\/cattier-kids-spray-demelant-tous-types-de-cheveux-200-ml.jpg","datePublished":"2025-12-12T16:52:17+00:00","dateModified":"2025-12-12T16:52:20+00:00","breadcrumb":{"@id":"https:\/\/paracherkaoui.ma\/index.php\/produit\/cattier-kids-spray-demelant-tous-types-de-cheveux-200-ml\/#breadcrumb"},"inLanguage":"fr-FR","potentialAction":[{"@type":"ReadAction","target":["https:\/\/paracherkaoui.ma\/index.php\/produit\/cattier-kids-spray-demelant-tous-types-de-cheveux-200-ml\/"]}]},{"@type":"ImageObject","inLanguage":"fr-FR","@id":"https:\/\/paracherkaoui.ma\/index.php\/produit\/cattier-kids-spray-demelant-tous-types-de-cheveux-200-ml\/#primaryimage","url":"https:\/\/paracherkaoui.ma\/wp-content\/uploads\/2025\/12\/cattier-kids-spray-demelant-tous-types-de-cheveux-200-ml.jpg","contentUrl":"https:\/\/paracherkaoui.ma\/wp-content\/uploads\/2025\/12\/cattier-kids-spray-demelant-tous-types-de-cheveux-200-ml.jpg","width":700,"height":700},{"@type":"BreadcrumbList","@id":"https:\/\/paracherkaoui.ma\/index.php\/produit\/cattier-kids-spray-demelant-tous-types-de-cheveux-200-ml\/#breadcrumb","itemListElement":[{"@type":"ListItem","position":1,"name":"Accueil","item":"https:\/\/paracherkaoui.ma\/"},{"@type":"ListItem","position":2,"name":"Boutique","item":"https:\/\/paracherkaoui.ma\/index.php\/boutique\/"},{"@type":"ListItem","position":3,"name":"CATTIER KIDS SPRAY DEMELANT TOUS TYPES DE CHEVEUX 200 ML"}]},{"@type":"WebSite","@id":"https:\/\/paracherkaoui.ma\/#website","url":"https:\/\/paracherkaoui.ma\/","name":"Paracherkaoui.ma","description":"Achetez en ligne sur Paracherkaoui.ma","potentialAction":[{"@type":"SearchAction","target":{"@type":"EntryPoint","urlTemplate":"https:\/\/paracherkaoui.ma\/?s={search_term_string}"},"query-input":{"@type":"PropertyValueSpecification","valueRequired":true,"valueName":"search_term_string"}}],"inLanguage":"fr-FR"}]}},"_links":{"self":[{"href":"https:\/\/paracherkaoui.ma\/index.php\/wp-json\/wp\/v2\/product\/15213","targetHints":{"allow":["GET"]}}],"collection":[{"href":"https:\/\/paracherkaoui.ma\/index.php\/wp-json\/wp\/v2\/product"}],"about":[{"href":"https:\/\/paracherkaoui.ma\/index.php\/wp-json\/wp\/v2\/types\/product"}],"replies":[{"embeddable":true,"href":"https:\/\/paracherkaoui.ma\/index.php\/wp-json\/wp\/v2\/comments?post=15213"}],"version-history":[{"count":1,"href":"https:\/\/paracherkaoui.ma\/index.php\/wp-json\/wp\/v2\/product\/15213\/revisions"}],"predecessor-version":[{"id":15258,"href":"https:\/\/paracherkaoui.ma\/index.php\/wp-json\/wp\/v2\/product\/15213\/revisions\/15258"}],"wp:featuredmedia":[{"embeddable":true,"href":"https:\/\/paracherkaoui.ma\/index.php\/wp-json\/wp\/v2\/media\/15257"}],"wp:attachment":[{"href":"https:\/\/paracherkaoui.ma\/index.php\/wp-json\/wp\/v2\/media?parent=15213"}],"wp:term":[{"taxonomy":"product_brand","embeddable":true,"href":"https:\/\/paracherkaoui.ma\/index.php\/wp-json\/wp\/v2\/product_brand?post=15213"},{"taxonomy":"product_cat","embeddable":true,"href":"https:\/\/paracherkaoui.ma\/index.php\/wp-json\/wp\/v2\/product_cat?post=15213"},{"taxonomy":"product_tag","embeddable":true,"href":"https:\/\/paracherkaoui.ma\/index.php\/wp-json\/wp\/v2\/product_tag?post=15213"}],"curies":[{"name":"wp","href":"https:\/\/api.w.org\/{rel}","templated":true}]}}