{"id":14803,"date":"2025-12-12T17:50:55","date_gmt":"2025-12-12T16:50:55","guid":{"rendered":"https:\/\/test.ecbeaute.com\/?post_type=product&#038;p=14803"},"modified":"2025-12-12T17:50:59","modified_gmt":"2025-12-12T16:50:59","slug":"k18-damage-shield-apres-shampooing-protecteur-de-ph-250-ml","status":"publish","type":"product","link":"https:\/\/paracherkaoui.ma\/index.php\/produit\/k18-damage-shield-apres-shampooing-protecteur-de-ph-250-ml\/","title":{"rendered":"K18 DAMAGE SHIELD APRES SHAMPOOING PROTECTEUR DE PH 250 ML"},"content":{"rendered":"<p>D\u00e9couvrez le pouvoir du K18 Damage Shield Apr\u00e8s-Shampooing Protecteur de pH et offrez \u00e0 vos cheveux une protection in\u00e9gal\u00e9e contre les agressions quotidiennes. Ce soin nourrissant r\u00e9volutionnaire utilise le c\u00e9l\u00e8bre K18 PEPTIDE, un ingr\u00e9dient biomim\u00e9tique unique qui r\u00e9pare et renforce les cheveux de l\u2019int\u00e9rieur pendant le lavage. En pr\u00e9servant la sant\u00e9 capillaire, cet apr\u00e8s-shampooing fortifie les barri\u00e8res lipidiques pour des cheveux plus r\u00e9sistants et moins sujets aux dommages caus\u00e9s par les UV, le coiffage et les polluants environnementaux.<br \/>\nSa formule au pH optimis\u00e9 travaille en douceur pour r\u00e9duire le gonflement des cuticules, permettant ainsi de conserver des cheveux lisses et ultra-brillants. Gr\u00e2ce \u00e0 son effet d\u00e9m\u00ealant et adoucissant, il facilite le coiffage sans alourdir ni laisser de r\u00e9sidus gr\u00e2ce \u00e0 l\u2019absence de silicones et de cires filmog\u00e8nes. R\u00e9sultat ? Une chevelure l\u00e9g\u00e8re, douce et \u00e9clatante de sant\u00e9.<br \/>\nEn l&rsquo;utilisant r\u00e9guli\u00e8rement, vos cheveux b\u00e9n\u00e9ficieront jusqu\u2019\u00e0 3 jours de protection contre les agressions externes, tout en retrouvant leur force naturelle. L\u2019efficacit\u00e9 combin\u00e9e de ce soin permet de maintenir une chevelure soign\u00e9e, souple et visiblement revitalis\u00e9e. Id\u00e9al pour un usage quotidien, le K18 Damage Shield est votre alli\u00e9 incontournable pour une routine capillaire protectrice et r\u00e9paratrice. Prenez soin de vos cheveux, ils le valent bien !<br \/>\nConseils d&rsquo;utilisation :<br \/>\nAppliquer sur cheveux propres et humides apr\u00e8s le shampooing.<br \/>\nR\u00e9partir uniform\u00e9ment des mi-longueurs jusqu\u2019aux pointes.<br \/>\nLaisser agir pendant 1 \u00e0 2 minutes pour une absorption optimale.<br \/>\nRincer abondamment \u00e0 l\u2019eau ti\u00e8de.<br \/>\nComposition :<br \/>\nWater (Aqua) (Eau), Isopropyl Palmitate, Stearyl Alcohol, Propanediol, Isopentyldiol, Behentrimonium Chloride, Tocopherol, Tocopheryl Acetate, sh-Oligopeptide-78, Alteromonas Ferment Extract, Prunus Amygdalus Dulcis (Sweet Almond) Oil, Simmondsia Chinensis (Jojoba) Seed Oil, Phospholipids, Jojoba Esters, Calcium Gluconate, Hydroxypropyl Guar Hydroxypropyltrimonium Chloride, Ceramide NP, Phytosteryl\/ Isostearyl\/Cetyl\/Stearyl\/Behenyl Dimer Dilinoleate, Polyquaternium-16, Stearalkonium Chloride, Isopropyl Alcohol, Butylene Glycol, Gluconolactone, Phenoxyethanol, Sodium Benzoate, Citric Acid, Sodium Hydroxide, Fragrance (Parfum), Hydroxycitronellal.<\/p>\n","protected":false},"excerpt":{"rendered":"<p>D\u00e9couvrez le pouvoir du K18 Damage Shield Apr\u00e8s-Shampooing Protecteur de pH et offrez \u00e0 vos cheveux une protection in\u00e9gal\u00e9e contre<\/p>\n","protected":false},"featured_media":14855,"comment_status":"open","ping_status":"closed","template":"","meta":[],"product_brand":[218],"product_cat":[225],"product_tag":[],"class_list":{"0":"post-14803","1":"product","2":"type-product","3":"status-publish","4":"has-post-thumbnail","6":"product_brand-k18","7":"product_cat-apres-shampoing","9":"first","10":"instock","11":"shipping-taxable","12":"purchasable","13":"product-type-simple"},"yoast_head":"<!-- This site is optimized with the Yoast SEO plugin v26.6 - https:\/\/yoast.com\/wordpress\/plugins\/seo\/ -->\r\n<title>K18 DAMAGE SHIELD APRES SHAMPOOING PROTECTEUR DE PH 250 ML - Paracherkaoui.ma<\/title>\r\n<meta name=\"robots\" content=\"index, follow, max-snippet:-1, max-image-preview:large, max-video-preview:-1\" \/>\r\n<link rel=\"canonical\" href=\"https:\/\/paracherkaoui.ma\/index.php\/produit\/k18-damage-shield-apres-shampooing-protecteur-de-ph-250-ml\/\" \/>\r\n<meta property=\"og:locale\" content=\"fr_FR\" \/>\r\n<meta property=\"og:type\" content=\"article\" \/>\r\n<meta property=\"og:title\" content=\"K18 DAMAGE SHIELD APRES SHAMPOOING PROTECTEUR DE PH 250 ML - Paracherkaoui.ma\" \/>\r\n<meta property=\"og:description\" content=\"D\u00e9couvrez le pouvoir du K18 Damage Shield Apr\u00e8s-Shampooing Protecteur de pH et offrez \u00e0 vos cheveux une protection in\u00e9gal\u00e9e contre\" \/>\r\n<meta property=\"og:url\" content=\"https:\/\/paracherkaoui.ma\/index.php\/produit\/k18-damage-shield-apres-shampooing-protecteur-de-ph-250-ml\/\" \/>\r\n<meta property=\"og:site_name\" content=\"Paracherkaoui.ma\" \/>\r\n<meta property=\"article:modified_time\" content=\"2025-12-12T16:50:59+00:00\" \/>\r\n<meta property=\"og:image\" content=\"https:\/\/paracherkaoui.ma\/wp-content\/uploads\/2025\/12\/k18-k18-damage-shield-apres-shampooing-protecteur-de-ph-250-ml-apres-shampoing.jpg\" \/>\r\n\t<meta property=\"og:image:width\" content=\"700\" \/>\r\n\t<meta property=\"og:image:height\" content=\"700\" \/>\r\n\t<meta property=\"og:image:type\" content=\"image\/jpeg\" \/>\r\n<meta name=\"twitter:card\" content=\"summary_large_image\" \/>\r\n<meta name=\"twitter:label1\" content=\"Dur\u00e9e de lecture estim\u00e9e\" \/>\n\t<meta name=\"twitter:data1\" content=\"2 minutes\" \/>\r\n<script type=\"application\/ld+json\" class=\"yoast-schema-graph\">{\"@context\":\"https:\/\/schema.org\",\"@graph\":[{\"@type\":\"WebPage\",\"@id\":\"https:\/\/paracherkaoui.ma\/index.php\/produit\/k18-damage-shield-apres-shampooing-protecteur-de-ph-250-ml\/\",\"url\":\"https:\/\/paracherkaoui.ma\/index.php\/produit\/k18-damage-shield-apres-shampooing-protecteur-de-ph-250-ml\/\",\"name\":\"K18 DAMAGE SHIELD APRES SHAMPOOING PROTECTEUR DE PH 250 ML - Paracherkaoui.ma\",\"isPartOf\":{\"@id\":\"https:\/\/paracherkaoui.ma\/#website\"},\"primaryImageOfPage\":{\"@id\":\"https:\/\/paracherkaoui.ma\/index.php\/produit\/k18-damage-shield-apres-shampooing-protecteur-de-ph-250-ml\/#primaryimage\"},\"image\":{\"@id\":\"https:\/\/paracherkaoui.ma\/index.php\/produit\/k18-damage-shield-apres-shampooing-protecteur-de-ph-250-ml\/#primaryimage\"},\"thumbnailUrl\":\"https:\/\/paracherkaoui.ma\/wp-content\/uploads\/2025\/12\/k18-k18-damage-shield-apres-shampooing-protecteur-de-ph-250-ml-apres-shampoing.jpg\",\"datePublished\":\"2025-12-12T16:50:55+00:00\",\"dateModified\":\"2025-12-12T16:50:59+00:00\",\"breadcrumb\":{\"@id\":\"https:\/\/paracherkaoui.ma\/index.php\/produit\/k18-damage-shield-apres-shampooing-protecteur-de-ph-250-ml\/#breadcrumb\"},\"inLanguage\":\"fr-FR\",\"potentialAction\":[{\"@type\":\"ReadAction\",\"target\":[\"https:\/\/paracherkaoui.ma\/index.php\/produit\/k18-damage-shield-apres-shampooing-protecteur-de-ph-250-ml\/\"]}]},{\"@type\":\"ImageObject\",\"inLanguage\":\"fr-FR\",\"@id\":\"https:\/\/paracherkaoui.ma\/index.php\/produit\/k18-damage-shield-apres-shampooing-protecteur-de-ph-250-ml\/#primaryimage\",\"url\":\"https:\/\/paracherkaoui.ma\/wp-content\/uploads\/2025\/12\/k18-k18-damage-shield-apres-shampooing-protecteur-de-ph-250-ml-apres-shampoing.jpg\",\"contentUrl\":\"https:\/\/paracherkaoui.ma\/wp-content\/uploads\/2025\/12\/k18-k18-damage-shield-apres-shampooing-protecteur-de-ph-250-ml-apres-shampoing.jpg\",\"width\":700,\"height\":700},{\"@type\":\"BreadcrumbList\",\"@id\":\"https:\/\/paracherkaoui.ma\/index.php\/produit\/k18-damage-shield-apres-shampooing-protecteur-de-ph-250-ml\/#breadcrumb\",\"itemListElement\":[{\"@type\":\"ListItem\",\"position\":1,\"name\":\"Accueil\",\"item\":\"https:\/\/paracherkaoui.ma\/\"},{\"@type\":\"ListItem\",\"position\":2,\"name\":\"Boutique\",\"item\":\"https:\/\/paracherkaoui.ma\/index.php\/boutique\/\"},{\"@type\":\"ListItem\",\"position\":3,\"name\":\"K18 DAMAGE SHIELD APRES SHAMPOOING PROTECTEUR DE PH 250 ML\"}]},{\"@type\":\"WebSite\",\"@id\":\"https:\/\/paracherkaoui.ma\/#website\",\"url\":\"https:\/\/paracherkaoui.ma\/\",\"name\":\"Paracherkaoui.ma\",\"description\":\"Achetez en ligne sur Paracherkaoui.ma\",\"potentialAction\":[{\"@type\":\"SearchAction\",\"target\":{\"@type\":\"EntryPoint\",\"urlTemplate\":\"https:\/\/paracherkaoui.ma\/?s={search_term_string}\"},\"query-input\":{\"@type\":\"PropertyValueSpecification\",\"valueRequired\":true,\"valueName\":\"search_term_string\"}}],\"inLanguage\":\"fr-FR\"}]}<\/script>\r\n<!-- \/ Yoast SEO plugin. -->","yoast_head_json":{"title":"K18 DAMAGE SHIELD APRES SHAMPOOING PROTECTEUR DE PH 250 ML - Paracherkaoui.ma","robots":{"index":"index","follow":"follow","max-snippet":"max-snippet:-1","max-image-preview":"max-image-preview:large","max-video-preview":"max-video-preview:-1"},"canonical":"https:\/\/paracherkaoui.ma\/index.php\/produit\/k18-damage-shield-apres-shampooing-protecteur-de-ph-250-ml\/","og_locale":"fr_FR","og_type":"article","og_title":"K18 DAMAGE SHIELD APRES SHAMPOOING PROTECTEUR DE PH 250 ML - Paracherkaoui.ma","og_description":"D\u00e9couvrez le pouvoir du K18 Damage Shield Apr\u00e8s-Shampooing Protecteur de pH et offrez \u00e0 vos cheveux une protection in\u00e9gal\u00e9e contre","og_url":"https:\/\/paracherkaoui.ma\/index.php\/produit\/k18-damage-shield-apres-shampooing-protecteur-de-ph-250-ml\/","og_site_name":"Paracherkaoui.ma","article_modified_time":"2025-12-12T16:50:59+00:00","og_image":[{"width":700,"height":700,"url":"https:\/\/paracherkaoui.ma\/wp-content\/uploads\/2025\/12\/k18-k18-damage-shield-apres-shampooing-protecteur-de-ph-250-ml-apres-shampoing.jpg","type":"image\/jpeg"}],"twitter_card":"summary_large_image","twitter_misc":{"Dur\u00e9e de lecture estim\u00e9e":"2 minutes"},"schema":{"@context":"https:\/\/schema.org","@graph":[{"@type":"WebPage","@id":"https:\/\/paracherkaoui.ma\/index.php\/produit\/k18-damage-shield-apres-shampooing-protecteur-de-ph-250-ml\/","url":"https:\/\/paracherkaoui.ma\/index.php\/produit\/k18-damage-shield-apres-shampooing-protecteur-de-ph-250-ml\/","name":"K18 DAMAGE SHIELD APRES SHAMPOOING PROTECTEUR DE PH 250 ML - Paracherkaoui.ma","isPartOf":{"@id":"https:\/\/paracherkaoui.ma\/#website"},"primaryImageOfPage":{"@id":"https:\/\/paracherkaoui.ma\/index.php\/produit\/k18-damage-shield-apres-shampooing-protecteur-de-ph-250-ml\/#primaryimage"},"image":{"@id":"https:\/\/paracherkaoui.ma\/index.php\/produit\/k18-damage-shield-apres-shampooing-protecteur-de-ph-250-ml\/#primaryimage"},"thumbnailUrl":"https:\/\/paracherkaoui.ma\/wp-content\/uploads\/2025\/12\/k18-k18-damage-shield-apres-shampooing-protecteur-de-ph-250-ml-apres-shampoing.jpg","datePublished":"2025-12-12T16:50:55+00:00","dateModified":"2025-12-12T16:50:59+00:00","breadcrumb":{"@id":"https:\/\/paracherkaoui.ma\/index.php\/produit\/k18-damage-shield-apres-shampooing-protecteur-de-ph-250-ml\/#breadcrumb"},"inLanguage":"fr-FR","potentialAction":[{"@type":"ReadAction","target":["https:\/\/paracherkaoui.ma\/index.php\/produit\/k18-damage-shield-apres-shampooing-protecteur-de-ph-250-ml\/"]}]},{"@type":"ImageObject","inLanguage":"fr-FR","@id":"https:\/\/paracherkaoui.ma\/index.php\/produit\/k18-damage-shield-apres-shampooing-protecteur-de-ph-250-ml\/#primaryimage","url":"https:\/\/paracherkaoui.ma\/wp-content\/uploads\/2025\/12\/k18-k18-damage-shield-apres-shampooing-protecteur-de-ph-250-ml-apres-shampoing.jpg","contentUrl":"https:\/\/paracherkaoui.ma\/wp-content\/uploads\/2025\/12\/k18-k18-damage-shield-apres-shampooing-protecteur-de-ph-250-ml-apres-shampoing.jpg","width":700,"height":700},{"@type":"BreadcrumbList","@id":"https:\/\/paracherkaoui.ma\/index.php\/produit\/k18-damage-shield-apres-shampooing-protecteur-de-ph-250-ml\/#breadcrumb","itemListElement":[{"@type":"ListItem","position":1,"name":"Accueil","item":"https:\/\/paracherkaoui.ma\/"},{"@type":"ListItem","position":2,"name":"Boutique","item":"https:\/\/paracherkaoui.ma\/index.php\/boutique\/"},{"@type":"ListItem","position":3,"name":"K18 DAMAGE SHIELD APRES SHAMPOOING PROTECTEUR DE PH 250 ML"}]},{"@type":"WebSite","@id":"https:\/\/paracherkaoui.ma\/#website","url":"https:\/\/paracherkaoui.ma\/","name":"Paracherkaoui.ma","description":"Achetez en ligne sur Paracherkaoui.ma","potentialAction":[{"@type":"SearchAction","target":{"@type":"EntryPoint","urlTemplate":"https:\/\/paracherkaoui.ma\/?s={search_term_string}"},"query-input":{"@type":"PropertyValueSpecification","valueRequired":true,"valueName":"search_term_string"}}],"inLanguage":"fr-FR"}]}},"_links":{"self":[{"href":"https:\/\/paracherkaoui.ma\/index.php\/wp-json\/wp\/v2\/product\/14803","targetHints":{"allow":["GET"]}}],"collection":[{"href":"https:\/\/paracherkaoui.ma\/index.php\/wp-json\/wp\/v2\/product"}],"about":[{"href":"https:\/\/paracherkaoui.ma\/index.php\/wp-json\/wp\/v2\/types\/product"}],"replies":[{"embeddable":true,"href":"https:\/\/paracherkaoui.ma\/index.php\/wp-json\/wp\/v2\/comments?post=14803"}],"version-history":[{"count":1,"href":"https:\/\/paracherkaoui.ma\/index.php\/wp-json\/wp\/v2\/product\/14803\/revisions"}],"predecessor-version":[{"id":14856,"href":"https:\/\/paracherkaoui.ma\/index.php\/wp-json\/wp\/v2\/product\/14803\/revisions\/14856"}],"wp:featuredmedia":[{"embeddable":true,"href":"https:\/\/paracherkaoui.ma\/index.php\/wp-json\/wp\/v2\/media\/14855"}],"wp:attachment":[{"href":"https:\/\/paracherkaoui.ma\/index.php\/wp-json\/wp\/v2\/media?parent=14803"}],"wp:term":[{"taxonomy":"product_brand","embeddable":true,"href":"https:\/\/paracherkaoui.ma\/index.php\/wp-json\/wp\/v2\/product_brand?post=14803"},{"taxonomy":"product_cat","embeddable":true,"href":"https:\/\/paracherkaoui.ma\/index.php\/wp-json\/wp\/v2\/product_cat?post=14803"},{"taxonomy":"product_tag","embeddable":true,"href":"https:\/\/paracherkaoui.ma\/index.php\/wp-json\/wp\/v2\/product_tag?post=14803"}],"curies":[{"name":"wp","href":"https:\/\/api.w.org\/{rel}","templated":true}]}}