{"id":14618,"date":"2025-12-12T17:50:43","date_gmt":"2025-12-12T16:50:43","guid":{"rendered":"https:\/\/test.ecbeaute.com\/?post_type=product&#038;p=14618"},"modified":"2025-12-12T17:50:46","modified_gmt":"2025-12-12T16:50:46","slug":"puressentiel-anti-poux-lotion-100-ml-peigne","status":"publish","type":"product","link":"https:\/\/paracherkaoui.ma\/index.php\/produit\/puressentiel-anti-poux-lotion-100-ml-peigne\/","title":{"rendered":"PURESSENTIEL ANTI POUX LOTION 100 ML + PEIGNE"},"content":{"rendered":"<p>Sa formule 100% Naturelle , sans insecticide neurotoxique, associe des huiles v\u00e9g\u00e9tales (coco, calophyllum, jojoba\u2026) qui agissent de fa\u00e7on m\u00e9canique pour bloquer les orifices respiratoires des poux, larves et lentes, et des huiles essentielles (Lavande, clou de girofle, g\u00e9ranium\u2026) aux vertus apaisantes et antiseptiques, id\u00e9ales pour calmer les irritations du cuir chevelu. Efficace d\u00e8s la premi\u00e8re application et actif d\u00e8s 10 minutes, sa formule est douce, elle laisse les cheveux doux et brillants. Sa forme spray est facile et pratique \u00e0 utiliser. Parfum frais, peut \u00eatre utilis\u00e9 chez les enfants asthmatiques et d\u00e8s l\u2019\u00e2ge de 3 ans. Peigne \u00e0 poux inclus. Vaporiser g\u00e9n\u00e9reusement sur cheveux secs, de fa\u00e7on \u00e0 obtenir une impr\u00e9gnation compl\u00e8te. Laisser agir 10 minutes, laver les cheveux et passer soigneusement le peigne \u00e0 poux pour retirer les poux, lentes et larves morts<\/p>\n<p>CONSEILS D&rsquo;UTILISATION :<\/p>\n<p>Appliquer g\u00e9n\u00e9reusement raie par raie Puressentiel Anti-poux sur cheveux secs de fa\u00e7on \u00e0 obtenir une impr\u00e9gnation compl\u00e8te. Laisser agir 10 minutes. Laver les cheveux avec le shampooing Poux doux Puressentiel. Passer soigneusement le peigne \u00e0 poux pour retirer les lentes, les larves et les poux morts.<\/p>\n<p>Pr\u00e9cautions d&#8217;emploi :<br \/>\nNe pas utiliser chez les enfants de moins de 3 ans, chez les femmes enceintes ou allaitant, en cas d\u2019allergie \u00e0 l\u2019un des constituants. Eviter tout contact avec les yeux et les muqueuses. En cas de contact avec les yeux, rincer abondamment \u00e0 l\u2019eau claire puis sinon avec une huile v\u00e9g\u00e9tale.<\/p>\n","protected":false},"excerpt":{"rendered":"<p>Sa formule 100% Naturelle , sans insecticide neurotoxique, associe des huiles v\u00e9g\u00e9tales (coco, calophyllum, jojoba\u2026) qui agissent de fa\u00e7on m\u00e9canique<\/p>\n","protected":false},"featured_media":14658,"comment_status":"open","ping_status":"closed","template":"","meta":[],"product_brand":[204],"product_cat":[197],"product_tag":[],"class_list":{"0":"post-14618","1":"product","2":"type-product","3":"status-publish","4":"has-post-thumbnail","6":"product_brand-puressentiel","7":"product_cat-anti-poux","9":"first","10":"instock","11":"sale","12":"shipping-taxable","13":"purchasable","14":"product-type-simple"},"yoast_head":"<!-- This site is optimized with the Yoast SEO plugin v26.6 - https:\/\/yoast.com\/wordpress\/plugins\/seo\/ -->\r\n<title>PURESSENTIEL ANTI POUX LOTION 100 ML + PEIGNE - Paracherkaoui.ma<\/title>\r\n<meta name=\"robots\" content=\"index, follow, max-snippet:-1, max-image-preview:large, max-video-preview:-1\" \/>\r\n<link rel=\"canonical\" href=\"https:\/\/paracherkaoui.ma\/index.php\/produit\/puressentiel-anti-poux-lotion-100-ml-peigne\/\" \/>\r\n<meta property=\"og:locale\" content=\"fr_FR\" \/>\r\n<meta property=\"og:type\" content=\"article\" \/>\r\n<meta property=\"og:title\" content=\"PURESSENTIEL ANTI POUX LOTION 100 ML + PEIGNE - Paracherkaoui.ma\" \/>\r\n<meta property=\"og:description\" content=\"Sa formule 100% Naturelle , sans insecticide neurotoxique, associe des huiles v\u00e9g\u00e9tales (coco, calophyllum, jojoba\u2026) qui agissent de fa\u00e7on m\u00e9canique\" \/>\r\n<meta property=\"og:url\" content=\"https:\/\/paracherkaoui.ma\/index.php\/produit\/puressentiel-anti-poux-lotion-100-ml-peigne\/\" \/>\r\n<meta property=\"og:site_name\" content=\"Paracherkaoui.ma\" \/>\r\n<meta property=\"article:modified_time\" content=\"2025-12-12T16:50:46+00:00\" \/>\r\n<meta property=\"og:image\" content=\"https:\/\/paracherkaoui.ma\/wp-content\/uploads\/2025\/12\/puressentiel-puressentiel-anti-poux-lotion-100-ml-peigne-anti-poux.jpg\" \/>\r\n\t<meta property=\"og:image:width\" content=\"700\" \/>\r\n\t<meta property=\"og:image:height\" content=\"700\" \/>\r\n\t<meta property=\"og:image:type\" content=\"image\/jpeg\" \/>\r\n<meta name=\"twitter:card\" content=\"summary_large_image\" \/>\r\n<meta name=\"twitter:label1\" content=\"Dur\u00e9e de lecture estim\u00e9e\" \/>\n\t<meta name=\"twitter:data1\" content=\"1 minute\" \/>\r\n<script type=\"application\/ld+json\" class=\"yoast-schema-graph\">{\"@context\":\"https:\/\/schema.org\",\"@graph\":[{\"@type\":\"WebPage\",\"@id\":\"https:\/\/paracherkaoui.ma\/index.php\/produit\/puressentiel-anti-poux-lotion-100-ml-peigne\/\",\"url\":\"https:\/\/paracherkaoui.ma\/index.php\/produit\/puressentiel-anti-poux-lotion-100-ml-peigne\/\",\"name\":\"PURESSENTIEL ANTI POUX LOTION 100 ML + PEIGNE - Paracherkaoui.ma\",\"isPartOf\":{\"@id\":\"https:\/\/paracherkaoui.ma\/#website\"},\"primaryImageOfPage\":{\"@id\":\"https:\/\/paracherkaoui.ma\/index.php\/produit\/puressentiel-anti-poux-lotion-100-ml-peigne\/#primaryimage\"},\"image\":{\"@id\":\"https:\/\/paracherkaoui.ma\/index.php\/produit\/puressentiel-anti-poux-lotion-100-ml-peigne\/#primaryimage\"},\"thumbnailUrl\":\"https:\/\/paracherkaoui.ma\/wp-content\/uploads\/2025\/12\/puressentiel-puressentiel-anti-poux-lotion-100-ml-peigne-anti-poux.jpg\",\"datePublished\":\"2025-12-12T16:50:43+00:00\",\"dateModified\":\"2025-12-12T16:50:46+00:00\",\"breadcrumb\":{\"@id\":\"https:\/\/paracherkaoui.ma\/index.php\/produit\/puressentiel-anti-poux-lotion-100-ml-peigne\/#breadcrumb\"},\"inLanguage\":\"fr-FR\",\"potentialAction\":[{\"@type\":\"ReadAction\",\"target\":[\"https:\/\/paracherkaoui.ma\/index.php\/produit\/puressentiel-anti-poux-lotion-100-ml-peigne\/\"]}]},{\"@type\":\"ImageObject\",\"inLanguage\":\"fr-FR\",\"@id\":\"https:\/\/paracherkaoui.ma\/index.php\/produit\/puressentiel-anti-poux-lotion-100-ml-peigne\/#primaryimage\",\"url\":\"https:\/\/paracherkaoui.ma\/wp-content\/uploads\/2025\/12\/puressentiel-puressentiel-anti-poux-lotion-100-ml-peigne-anti-poux.jpg\",\"contentUrl\":\"https:\/\/paracherkaoui.ma\/wp-content\/uploads\/2025\/12\/puressentiel-puressentiel-anti-poux-lotion-100-ml-peigne-anti-poux.jpg\",\"width\":700,\"height\":700},{\"@type\":\"BreadcrumbList\",\"@id\":\"https:\/\/paracherkaoui.ma\/index.php\/produit\/puressentiel-anti-poux-lotion-100-ml-peigne\/#breadcrumb\",\"itemListElement\":[{\"@type\":\"ListItem\",\"position\":1,\"name\":\"Accueil\",\"item\":\"https:\/\/paracherkaoui.ma\/\"},{\"@type\":\"ListItem\",\"position\":2,\"name\":\"Boutique\",\"item\":\"https:\/\/paracherkaoui.ma\/index.php\/boutique\/\"},{\"@type\":\"ListItem\",\"position\":3,\"name\":\"PURESSENTIEL ANTI POUX LOTION 100 ML + PEIGNE\"}]},{\"@type\":\"WebSite\",\"@id\":\"https:\/\/paracherkaoui.ma\/#website\",\"url\":\"https:\/\/paracherkaoui.ma\/\",\"name\":\"Paracherkaoui.ma\",\"description\":\"Achetez en ligne sur Paracherkaoui.ma\",\"potentialAction\":[{\"@type\":\"SearchAction\",\"target\":{\"@type\":\"EntryPoint\",\"urlTemplate\":\"https:\/\/paracherkaoui.ma\/?s={search_term_string}\"},\"query-input\":{\"@type\":\"PropertyValueSpecification\",\"valueRequired\":true,\"valueName\":\"search_term_string\"}}],\"inLanguage\":\"fr-FR\"}]}<\/script>\r\n<!-- \/ Yoast SEO plugin. -->","yoast_head_json":{"title":"PURESSENTIEL ANTI POUX LOTION 100 ML + PEIGNE - Paracherkaoui.ma","robots":{"index":"index","follow":"follow","max-snippet":"max-snippet:-1","max-image-preview":"max-image-preview:large","max-video-preview":"max-video-preview:-1"},"canonical":"https:\/\/paracherkaoui.ma\/index.php\/produit\/puressentiel-anti-poux-lotion-100-ml-peigne\/","og_locale":"fr_FR","og_type":"article","og_title":"PURESSENTIEL ANTI POUX LOTION 100 ML + PEIGNE - Paracherkaoui.ma","og_description":"Sa formule 100% Naturelle , sans insecticide neurotoxique, associe des huiles v\u00e9g\u00e9tales (coco, calophyllum, jojoba\u2026) qui agissent de fa\u00e7on m\u00e9canique","og_url":"https:\/\/paracherkaoui.ma\/index.php\/produit\/puressentiel-anti-poux-lotion-100-ml-peigne\/","og_site_name":"Paracherkaoui.ma","article_modified_time":"2025-12-12T16:50:46+00:00","og_image":[{"width":700,"height":700,"url":"https:\/\/paracherkaoui.ma\/wp-content\/uploads\/2025\/12\/puressentiel-puressentiel-anti-poux-lotion-100-ml-peigne-anti-poux.jpg","type":"image\/jpeg"}],"twitter_card":"summary_large_image","twitter_misc":{"Dur\u00e9e de lecture estim\u00e9e":"1 minute"},"schema":{"@context":"https:\/\/schema.org","@graph":[{"@type":"WebPage","@id":"https:\/\/paracherkaoui.ma\/index.php\/produit\/puressentiel-anti-poux-lotion-100-ml-peigne\/","url":"https:\/\/paracherkaoui.ma\/index.php\/produit\/puressentiel-anti-poux-lotion-100-ml-peigne\/","name":"PURESSENTIEL ANTI POUX LOTION 100 ML + PEIGNE - Paracherkaoui.ma","isPartOf":{"@id":"https:\/\/paracherkaoui.ma\/#website"},"primaryImageOfPage":{"@id":"https:\/\/paracherkaoui.ma\/index.php\/produit\/puressentiel-anti-poux-lotion-100-ml-peigne\/#primaryimage"},"image":{"@id":"https:\/\/paracherkaoui.ma\/index.php\/produit\/puressentiel-anti-poux-lotion-100-ml-peigne\/#primaryimage"},"thumbnailUrl":"https:\/\/paracherkaoui.ma\/wp-content\/uploads\/2025\/12\/puressentiel-puressentiel-anti-poux-lotion-100-ml-peigne-anti-poux.jpg","datePublished":"2025-12-12T16:50:43+00:00","dateModified":"2025-12-12T16:50:46+00:00","breadcrumb":{"@id":"https:\/\/paracherkaoui.ma\/index.php\/produit\/puressentiel-anti-poux-lotion-100-ml-peigne\/#breadcrumb"},"inLanguage":"fr-FR","potentialAction":[{"@type":"ReadAction","target":["https:\/\/paracherkaoui.ma\/index.php\/produit\/puressentiel-anti-poux-lotion-100-ml-peigne\/"]}]},{"@type":"ImageObject","inLanguage":"fr-FR","@id":"https:\/\/paracherkaoui.ma\/index.php\/produit\/puressentiel-anti-poux-lotion-100-ml-peigne\/#primaryimage","url":"https:\/\/paracherkaoui.ma\/wp-content\/uploads\/2025\/12\/puressentiel-puressentiel-anti-poux-lotion-100-ml-peigne-anti-poux.jpg","contentUrl":"https:\/\/paracherkaoui.ma\/wp-content\/uploads\/2025\/12\/puressentiel-puressentiel-anti-poux-lotion-100-ml-peigne-anti-poux.jpg","width":700,"height":700},{"@type":"BreadcrumbList","@id":"https:\/\/paracherkaoui.ma\/index.php\/produit\/puressentiel-anti-poux-lotion-100-ml-peigne\/#breadcrumb","itemListElement":[{"@type":"ListItem","position":1,"name":"Accueil","item":"https:\/\/paracherkaoui.ma\/"},{"@type":"ListItem","position":2,"name":"Boutique","item":"https:\/\/paracherkaoui.ma\/index.php\/boutique\/"},{"@type":"ListItem","position":3,"name":"PURESSENTIEL ANTI POUX LOTION 100 ML + PEIGNE"}]},{"@type":"WebSite","@id":"https:\/\/paracherkaoui.ma\/#website","url":"https:\/\/paracherkaoui.ma\/","name":"Paracherkaoui.ma","description":"Achetez en ligne sur Paracherkaoui.ma","potentialAction":[{"@type":"SearchAction","target":{"@type":"EntryPoint","urlTemplate":"https:\/\/paracherkaoui.ma\/?s={search_term_string}"},"query-input":{"@type":"PropertyValueSpecification","valueRequired":true,"valueName":"search_term_string"}}],"inLanguage":"fr-FR"}]}},"_links":{"self":[{"href":"https:\/\/paracherkaoui.ma\/index.php\/wp-json\/wp\/v2\/product\/14618","targetHints":{"allow":["GET"]}}],"collection":[{"href":"https:\/\/paracherkaoui.ma\/index.php\/wp-json\/wp\/v2\/product"}],"about":[{"href":"https:\/\/paracherkaoui.ma\/index.php\/wp-json\/wp\/v2\/types\/product"}],"replies":[{"embeddable":true,"href":"https:\/\/paracherkaoui.ma\/index.php\/wp-json\/wp\/v2\/comments?post=14618"}],"version-history":[{"count":1,"href":"https:\/\/paracherkaoui.ma\/index.php\/wp-json\/wp\/v2\/product\/14618\/revisions"}],"predecessor-version":[{"id":14659,"href":"https:\/\/paracherkaoui.ma\/index.php\/wp-json\/wp\/v2\/product\/14618\/revisions\/14659"}],"wp:featuredmedia":[{"embeddable":true,"href":"https:\/\/paracherkaoui.ma\/index.php\/wp-json\/wp\/v2\/media\/14658"}],"wp:attachment":[{"href":"https:\/\/paracherkaoui.ma\/index.php\/wp-json\/wp\/v2\/media?parent=14618"}],"wp:term":[{"taxonomy":"product_brand","embeddable":true,"href":"https:\/\/paracherkaoui.ma\/index.php\/wp-json\/wp\/v2\/product_brand?post=14618"},{"taxonomy":"product_cat","embeddable":true,"href":"https:\/\/paracherkaoui.ma\/index.php\/wp-json\/wp\/v2\/product_cat?post=14618"},{"taxonomy":"product_tag","embeddable":true,"href":"https:\/\/paracherkaoui.ma\/index.php\/wp-json\/wp\/v2\/product_tag?post=14618"}],"curies":[{"name":"wp","href":"https:\/\/api.w.org\/{rel}","templated":true}]}}