{"id":14379,"date":"2025-12-12T17:50:19","date_gmt":"2025-12-12T16:50:19","guid":{"rendered":"https:\/\/test.ecbeaute.com\/?post_type=product&#038;p=14379"},"modified":"2025-12-12T17:50:22","modified_gmt":"2025-12-12T16:50:22","slug":"cattier-masque-soin-couleur-extrait-de-riz-beurre-de-babassu-200-ml","status":"publish","type":"product","link":"https:\/\/paracherkaoui.ma\/index.php\/produit\/cattier-masque-soin-couleur-extrait-de-riz-beurre-de-babassu-200-ml\/","title":{"rendered":"CATTIER MASQUE SOIN COULEUR EXTRAIT DE RIZ BEURRE DE BABASSU 200 ML"},"content":{"rendered":"<p>Le Masque soin couleur de Cattier est un masque certifi\u00e9 biologique vegan et anti-pollution pour les cheveux color\u00e9s. Sa composition riche en Kerarice permet de conserver la couleur des cheveux et de les prot\u00e9ger des radiations du soleil gr\u00e2ce ses actions anti-radicalaires et anti-oxydantes en leur apportant plus de douceur et brillance. Une texture cr\u00e9meuse, pour nourrir, adoucir, conserver la couleur et de rendre les cheveux plus forts et plus r\u00e9sistants.<br \/>\nConseils d&rsquo;utilisation:<br \/>\nAppliquer le masque soin couleur sur les longueurs et pointes propres et essor\u00e9es. Laisser poser 5 \u00e0 10 minutes. Rincer abondamment.<br \/>\nAvant d\u2019utiliser un produit de notre marque, nous vous invitons \u00e0 lire la liste d\u2019ingr\u00e9dients figurant sur son emballage afin de vous assurer que les ingr\u00e9dients sont adapt\u00e9s \u00e0 votre utilisation personnelle.<\/p>\n","protected":false},"excerpt":{"rendered":"<p>Le Masque soin couleur de Cattier est un masque certifi\u00e9 biologique vegan et anti-pollution pour les cheveux color\u00e9s. Sa composition<\/p>\n","protected":false},"featured_media":14448,"comment_status":"open","ping_status":"closed","template":"","meta":[],"product_brand":[187],"product_cat":[183],"product_tag":[],"class_list":{"0":"post-14379","1":"product","2":"type-product","3":"status-publish","4":"has-post-thumbnail","6":"product_brand-cattier","7":"product_cat-masques-et-cremes","9":"first","10":"instock","11":"shipping-taxable","12":"purchasable","13":"product-type-simple"},"yoast_head":"<!-- This site is optimized with the Yoast SEO plugin v26.6 - https:\/\/yoast.com\/wordpress\/plugins\/seo\/ -->\r\n<title>CATTIER MASQUE SOIN COULEUR EXTRAIT DE RIZ BEURRE DE BABASSU 200 ML - Paracherkaoui.ma<\/title>\r\n<meta name=\"robots\" content=\"index, follow, max-snippet:-1, max-image-preview:large, max-video-preview:-1\" \/>\r\n<link rel=\"canonical\" href=\"https:\/\/paracherkaoui.ma\/index.php\/produit\/cattier-masque-soin-couleur-extrait-de-riz-beurre-de-babassu-200-ml\/\" \/>\r\n<meta property=\"og:locale\" content=\"fr_FR\" \/>\r\n<meta property=\"og:type\" content=\"article\" \/>\r\n<meta property=\"og:title\" content=\"CATTIER MASQUE SOIN COULEUR EXTRAIT DE RIZ BEURRE DE BABASSU 200 ML - Paracherkaoui.ma\" \/>\r\n<meta property=\"og:description\" content=\"Le Masque soin couleur de Cattier est un masque certifi\u00e9 biologique vegan et anti-pollution pour les cheveux color\u00e9s. Sa composition\" \/>\r\n<meta property=\"og:url\" content=\"https:\/\/paracherkaoui.ma\/index.php\/produit\/cattier-masque-soin-couleur-extrait-de-riz-beurre-de-babassu-200-ml\/\" \/>\r\n<meta property=\"og:site_name\" content=\"Paracherkaoui.ma\" \/>\r\n<meta property=\"article:modified_time\" content=\"2025-12-12T16:50:22+00:00\" \/>\r\n<meta property=\"og:image\" content=\"https:\/\/paracherkaoui.ma\/wp-content\/uploads\/2025\/12\/cattier-cattier-masque-soin-couleur-extrait-de-riz-beurre-de-babassu-200-ml-masque-creme-et-soins.jpg\" \/>\r\n\t<meta property=\"og:image:width\" content=\"700\" \/>\r\n\t<meta property=\"og:image:height\" content=\"700\" \/>\r\n\t<meta property=\"og:image:type\" content=\"image\/jpeg\" \/>\r\n<meta name=\"twitter:card\" content=\"summary_large_image\" \/>\r\n<meta name=\"twitter:label1\" content=\"Dur\u00e9e de lecture estim\u00e9e\" \/>\n\t<meta name=\"twitter:data1\" content=\"1 minute\" \/>\r\n<script type=\"application\/ld+json\" class=\"yoast-schema-graph\">{\"@context\":\"https:\/\/schema.org\",\"@graph\":[{\"@type\":\"WebPage\",\"@id\":\"https:\/\/paracherkaoui.ma\/index.php\/produit\/cattier-masque-soin-couleur-extrait-de-riz-beurre-de-babassu-200-ml\/\",\"url\":\"https:\/\/paracherkaoui.ma\/index.php\/produit\/cattier-masque-soin-couleur-extrait-de-riz-beurre-de-babassu-200-ml\/\",\"name\":\"CATTIER MASQUE SOIN COULEUR EXTRAIT DE RIZ BEURRE DE BABASSU 200 ML - Paracherkaoui.ma\",\"isPartOf\":{\"@id\":\"https:\/\/paracherkaoui.ma\/#website\"},\"primaryImageOfPage\":{\"@id\":\"https:\/\/paracherkaoui.ma\/index.php\/produit\/cattier-masque-soin-couleur-extrait-de-riz-beurre-de-babassu-200-ml\/#primaryimage\"},\"image\":{\"@id\":\"https:\/\/paracherkaoui.ma\/index.php\/produit\/cattier-masque-soin-couleur-extrait-de-riz-beurre-de-babassu-200-ml\/#primaryimage\"},\"thumbnailUrl\":\"https:\/\/paracherkaoui.ma\/wp-content\/uploads\/2025\/12\/cattier-cattier-masque-soin-couleur-extrait-de-riz-beurre-de-babassu-200-ml-masque-creme-et-soins.jpg\",\"datePublished\":\"2025-12-12T16:50:19+00:00\",\"dateModified\":\"2025-12-12T16:50:22+00:00\",\"breadcrumb\":{\"@id\":\"https:\/\/paracherkaoui.ma\/index.php\/produit\/cattier-masque-soin-couleur-extrait-de-riz-beurre-de-babassu-200-ml\/#breadcrumb\"},\"inLanguage\":\"fr-FR\",\"potentialAction\":[{\"@type\":\"ReadAction\",\"target\":[\"https:\/\/paracherkaoui.ma\/index.php\/produit\/cattier-masque-soin-couleur-extrait-de-riz-beurre-de-babassu-200-ml\/\"]}]},{\"@type\":\"ImageObject\",\"inLanguage\":\"fr-FR\",\"@id\":\"https:\/\/paracherkaoui.ma\/index.php\/produit\/cattier-masque-soin-couleur-extrait-de-riz-beurre-de-babassu-200-ml\/#primaryimage\",\"url\":\"https:\/\/paracherkaoui.ma\/wp-content\/uploads\/2025\/12\/cattier-cattier-masque-soin-couleur-extrait-de-riz-beurre-de-babassu-200-ml-masque-creme-et-soins.jpg\",\"contentUrl\":\"https:\/\/paracherkaoui.ma\/wp-content\/uploads\/2025\/12\/cattier-cattier-masque-soin-couleur-extrait-de-riz-beurre-de-babassu-200-ml-masque-creme-et-soins.jpg\",\"width\":700,\"height\":700},{\"@type\":\"BreadcrumbList\",\"@id\":\"https:\/\/paracherkaoui.ma\/index.php\/produit\/cattier-masque-soin-couleur-extrait-de-riz-beurre-de-babassu-200-ml\/#breadcrumb\",\"itemListElement\":[{\"@type\":\"ListItem\",\"position\":1,\"name\":\"Accueil\",\"item\":\"https:\/\/paracherkaoui.ma\/\"},{\"@type\":\"ListItem\",\"position\":2,\"name\":\"Boutique\",\"item\":\"https:\/\/paracherkaoui.ma\/index.php\/boutique\/\"},{\"@type\":\"ListItem\",\"position\":3,\"name\":\"CATTIER MASQUE SOIN COULEUR EXTRAIT DE RIZ BEURRE DE BABASSU 200 ML\"}]},{\"@type\":\"WebSite\",\"@id\":\"https:\/\/paracherkaoui.ma\/#website\",\"url\":\"https:\/\/paracherkaoui.ma\/\",\"name\":\"Paracherkaoui.ma\",\"description\":\"Achetez en ligne sur Paracherkaoui.ma\",\"potentialAction\":[{\"@type\":\"SearchAction\",\"target\":{\"@type\":\"EntryPoint\",\"urlTemplate\":\"https:\/\/paracherkaoui.ma\/?s={search_term_string}\"},\"query-input\":{\"@type\":\"PropertyValueSpecification\",\"valueRequired\":true,\"valueName\":\"search_term_string\"}}],\"inLanguage\":\"fr-FR\"}]}<\/script>\r\n<!-- \/ Yoast SEO plugin. -->","yoast_head_json":{"title":"CATTIER MASQUE SOIN COULEUR EXTRAIT DE RIZ BEURRE DE BABASSU 200 ML - Paracherkaoui.ma","robots":{"index":"index","follow":"follow","max-snippet":"max-snippet:-1","max-image-preview":"max-image-preview:large","max-video-preview":"max-video-preview:-1"},"canonical":"https:\/\/paracherkaoui.ma\/index.php\/produit\/cattier-masque-soin-couleur-extrait-de-riz-beurre-de-babassu-200-ml\/","og_locale":"fr_FR","og_type":"article","og_title":"CATTIER MASQUE SOIN COULEUR EXTRAIT DE RIZ BEURRE DE BABASSU 200 ML - Paracherkaoui.ma","og_description":"Le Masque soin couleur de Cattier est un masque certifi\u00e9 biologique vegan et anti-pollution pour les cheveux color\u00e9s. Sa composition","og_url":"https:\/\/paracherkaoui.ma\/index.php\/produit\/cattier-masque-soin-couleur-extrait-de-riz-beurre-de-babassu-200-ml\/","og_site_name":"Paracherkaoui.ma","article_modified_time":"2025-12-12T16:50:22+00:00","og_image":[{"width":700,"height":700,"url":"https:\/\/paracherkaoui.ma\/wp-content\/uploads\/2025\/12\/cattier-cattier-masque-soin-couleur-extrait-de-riz-beurre-de-babassu-200-ml-masque-creme-et-soins.jpg","type":"image\/jpeg"}],"twitter_card":"summary_large_image","twitter_misc":{"Dur\u00e9e de lecture estim\u00e9e":"1 minute"},"schema":{"@context":"https:\/\/schema.org","@graph":[{"@type":"WebPage","@id":"https:\/\/paracherkaoui.ma\/index.php\/produit\/cattier-masque-soin-couleur-extrait-de-riz-beurre-de-babassu-200-ml\/","url":"https:\/\/paracherkaoui.ma\/index.php\/produit\/cattier-masque-soin-couleur-extrait-de-riz-beurre-de-babassu-200-ml\/","name":"CATTIER MASQUE SOIN COULEUR EXTRAIT DE RIZ BEURRE DE BABASSU 200 ML - Paracherkaoui.ma","isPartOf":{"@id":"https:\/\/paracherkaoui.ma\/#website"},"primaryImageOfPage":{"@id":"https:\/\/paracherkaoui.ma\/index.php\/produit\/cattier-masque-soin-couleur-extrait-de-riz-beurre-de-babassu-200-ml\/#primaryimage"},"image":{"@id":"https:\/\/paracherkaoui.ma\/index.php\/produit\/cattier-masque-soin-couleur-extrait-de-riz-beurre-de-babassu-200-ml\/#primaryimage"},"thumbnailUrl":"https:\/\/paracherkaoui.ma\/wp-content\/uploads\/2025\/12\/cattier-cattier-masque-soin-couleur-extrait-de-riz-beurre-de-babassu-200-ml-masque-creme-et-soins.jpg","datePublished":"2025-12-12T16:50:19+00:00","dateModified":"2025-12-12T16:50:22+00:00","breadcrumb":{"@id":"https:\/\/paracherkaoui.ma\/index.php\/produit\/cattier-masque-soin-couleur-extrait-de-riz-beurre-de-babassu-200-ml\/#breadcrumb"},"inLanguage":"fr-FR","potentialAction":[{"@type":"ReadAction","target":["https:\/\/paracherkaoui.ma\/index.php\/produit\/cattier-masque-soin-couleur-extrait-de-riz-beurre-de-babassu-200-ml\/"]}]},{"@type":"ImageObject","inLanguage":"fr-FR","@id":"https:\/\/paracherkaoui.ma\/index.php\/produit\/cattier-masque-soin-couleur-extrait-de-riz-beurre-de-babassu-200-ml\/#primaryimage","url":"https:\/\/paracherkaoui.ma\/wp-content\/uploads\/2025\/12\/cattier-cattier-masque-soin-couleur-extrait-de-riz-beurre-de-babassu-200-ml-masque-creme-et-soins.jpg","contentUrl":"https:\/\/paracherkaoui.ma\/wp-content\/uploads\/2025\/12\/cattier-cattier-masque-soin-couleur-extrait-de-riz-beurre-de-babassu-200-ml-masque-creme-et-soins.jpg","width":700,"height":700},{"@type":"BreadcrumbList","@id":"https:\/\/paracherkaoui.ma\/index.php\/produit\/cattier-masque-soin-couleur-extrait-de-riz-beurre-de-babassu-200-ml\/#breadcrumb","itemListElement":[{"@type":"ListItem","position":1,"name":"Accueil","item":"https:\/\/paracherkaoui.ma\/"},{"@type":"ListItem","position":2,"name":"Boutique","item":"https:\/\/paracherkaoui.ma\/index.php\/boutique\/"},{"@type":"ListItem","position":3,"name":"CATTIER MASQUE SOIN COULEUR EXTRAIT DE RIZ BEURRE DE BABASSU 200 ML"}]},{"@type":"WebSite","@id":"https:\/\/paracherkaoui.ma\/#website","url":"https:\/\/paracherkaoui.ma\/","name":"Paracherkaoui.ma","description":"Achetez en ligne sur Paracherkaoui.ma","potentialAction":[{"@type":"SearchAction","target":{"@type":"EntryPoint","urlTemplate":"https:\/\/paracherkaoui.ma\/?s={search_term_string}"},"query-input":{"@type":"PropertyValueSpecification","valueRequired":true,"valueName":"search_term_string"}}],"inLanguage":"fr-FR"}]}},"_links":{"self":[{"href":"https:\/\/paracherkaoui.ma\/index.php\/wp-json\/wp\/v2\/product\/14379","targetHints":{"allow":["GET"]}}],"collection":[{"href":"https:\/\/paracherkaoui.ma\/index.php\/wp-json\/wp\/v2\/product"}],"about":[{"href":"https:\/\/paracherkaoui.ma\/index.php\/wp-json\/wp\/v2\/types\/product"}],"replies":[{"embeddable":true,"href":"https:\/\/paracherkaoui.ma\/index.php\/wp-json\/wp\/v2\/comments?post=14379"}],"version-history":[{"count":1,"href":"https:\/\/paracherkaoui.ma\/index.php\/wp-json\/wp\/v2\/product\/14379\/revisions"}],"predecessor-version":[{"id":14450,"href":"https:\/\/paracherkaoui.ma\/index.php\/wp-json\/wp\/v2\/product\/14379\/revisions\/14450"}],"wp:featuredmedia":[{"embeddable":true,"href":"https:\/\/paracherkaoui.ma\/index.php\/wp-json\/wp\/v2\/media\/14448"}],"wp:attachment":[{"href":"https:\/\/paracherkaoui.ma\/index.php\/wp-json\/wp\/v2\/media?parent=14379"}],"wp:term":[{"taxonomy":"product_brand","embeddable":true,"href":"https:\/\/paracherkaoui.ma\/index.php\/wp-json\/wp\/v2\/product_brand?post=14379"},{"taxonomy":"product_cat","embeddable":true,"href":"https:\/\/paracherkaoui.ma\/index.php\/wp-json\/wp\/v2\/product_cat?post=14379"},{"taxonomy":"product_tag","embeddable":true,"href":"https:\/\/paracherkaoui.ma\/index.php\/wp-json\/wp\/v2\/product_tag?post=14379"}],"curies":[{"name":"wp","href":"https:\/\/api.w.org\/{rel}","templated":true}]}}