{"id":14192,"date":"2025-12-12T17:50:03","date_gmt":"2025-12-12T16:50:03","guid":{"rendered":"https:\/\/test.ecbeaute.com\/?post_type=product&#038;p=14192"},"modified":"2025-12-12T17:50:06","modified_gmt":"2025-12-12T16:50:06","slug":"uriage-deodorant-douceur-efficacite-24-h50-ml","status":"publish","type":"product","link":"https:\/\/paracherkaoui.ma\/index.php\/produit\/uriage-deodorant-douceur-efficacite-24-h50-ml\/","title":{"rendered":"URIAGE DEODORANT DOUCEUR EFFICACITE 24 H50 ML"},"content":{"rendered":"<p>Descriptif : R\u00e9gulateur de transpiration Anti-odeurs Adoucissant et apaisant Efficacit\u00e9 24 h Haute tol\u00e9rance Sans traces blanches sur la peau Parfum frais et discret Mini format &#8211; Maxi dur\u00e9e Indications : Agit sur les m\u00e9canismes li\u00e9s \u00e0 la transpiration et aux mauvaises odeurs. Formule : Chlorhydrate d&rsquo;aluminium, Tri\u00e9thylcitrate, Ethylexylglyc\u00e9rine, Bisalobol Conseils d&rsquo;utilisation : 1 \u00e0 2 pulv\u00e9risations par aisselle suffisent<\/p>\n","protected":false},"excerpt":{"rendered":"<p>Descriptif : R\u00e9gulateur de transpiration Anti-odeurs Adoucissant et apaisant Efficacit\u00e9 24 h Haute tol\u00e9rance Sans traces blanches sur la peau<\/p>\n","protected":false},"featured_media":14234,"comment_status":"open","ping_status":"closed","template":"","meta":[],"product_brand":[130],"product_cat":[178],"product_tag":[],"class_list":{"0":"post-14192","1":"product","2":"type-product","3":"status-publish","4":"has-post-thumbnail","6":"product_brand-uriage","7":"product_cat-anti-transpirants","9":"first","10":"instock","11":"sale","12":"shipping-taxable","13":"purchasable","14":"product-type-simple"},"yoast_head":"<!-- This site is optimized with the Yoast SEO plugin v26.6 - https:\/\/yoast.com\/wordpress\/plugins\/seo\/ -->\r\n<title>URIAGE DEODORANT DOUCEUR EFFICACITE 24 H50 ML - Paracherkaoui.ma<\/title>\r\n<meta name=\"robots\" content=\"index, follow, max-snippet:-1, max-image-preview:large, max-video-preview:-1\" \/>\r\n<link rel=\"canonical\" href=\"https:\/\/paracherkaoui.ma\/index.php\/produit\/uriage-deodorant-douceur-efficacite-24-h50-ml\/\" \/>\r\n<meta property=\"og:locale\" content=\"fr_FR\" \/>\r\n<meta property=\"og:type\" content=\"article\" \/>\r\n<meta property=\"og:title\" content=\"URIAGE DEODORANT DOUCEUR EFFICACITE 24 H50 ML - Paracherkaoui.ma\" \/>\r\n<meta property=\"og:description\" content=\"Descriptif : R\u00e9gulateur de transpiration Anti-odeurs Adoucissant et apaisant Efficacit\u00e9 24 h Haute tol\u00e9rance Sans traces blanches sur la peau\" \/>\r\n<meta property=\"og:url\" content=\"https:\/\/paracherkaoui.ma\/index.php\/produit\/uriage-deodorant-douceur-efficacite-24-h50-ml\/\" \/>\r\n<meta property=\"og:site_name\" content=\"Paracherkaoui.ma\" \/>\r\n<meta property=\"article:modified_time\" content=\"2025-12-12T16:50:06+00:00\" \/>\r\n<meta property=\"og:image\" content=\"https:\/\/paracherkaoui.ma\/wp-content\/uploads\/2025\/12\/uriage-deodorant-douceur-efficacite-24-h50-ml.jpg\" \/>\r\n\t<meta property=\"og:image:width\" content=\"700\" \/>\r\n\t<meta property=\"og:image:height\" content=\"700\" \/>\r\n\t<meta property=\"og:image:type\" content=\"image\/jpeg\" \/>\r\n<meta name=\"twitter:card\" content=\"summary_large_image\" \/>\r\n<script type=\"application\/ld+json\" class=\"yoast-schema-graph\">{\"@context\":\"https:\/\/schema.org\",\"@graph\":[{\"@type\":\"WebPage\",\"@id\":\"https:\/\/paracherkaoui.ma\/index.php\/produit\/uriage-deodorant-douceur-efficacite-24-h50-ml\/\",\"url\":\"https:\/\/paracherkaoui.ma\/index.php\/produit\/uriage-deodorant-douceur-efficacite-24-h50-ml\/\",\"name\":\"URIAGE DEODORANT DOUCEUR EFFICACITE 24 H50 ML - Paracherkaoui.ma\",\"isPartOf\":{\"@id\":\"https:\/\/paracherkaoui.ma\/#website\"},\"primaryImageOfPage\":{\"@id\":\"https:\/\/paracherkaoui.ma\/index.php\/produit\/uriage-deodorant-douceur-efficacite-24-h50-ml\/#primaryimage\"},\"image\":{\"@id\":\"https:\/\/paracherkaoui.ma\/index.php\/produit\/uriage-deodorant-douceur-efficacite-24-h50-ml\/#primaryimage\"},\"thumbnailUrl\":\"https:\/\/paracherkaoui.ma\/wp-content\/uploads\/2025\/12\/uriage-deodorant-douceur-efficacite-24-h50-ml.jpg\",\"datePublished\":\"2025-12-12T16:50:03+00:00\",\"dateModified\":\"2025-12-12T16:50:06+00:00\",\"breadcrumb\":{\"@id\":\"https:\/\/paracherkaoui.ma\/index.php\/produit\/uriage-deodorant-douceur-efficacite-24-h50-ml\/#breadcrumb\"},\"inLanguage\":\"fr-FR\",\"potentialAction\":[{\"@type\":\"ReadAction\",\"target\":[\"https:\/\/paracherkaoui.ma\/index.php\/produit\/uriage-deodorant-douceur-efficacite-24-h50-ml\/\"]}]},{\"@type\":\"ImageObject\",\"inLanguage\":\"fr-FR\",\"@id\":\"https:\/\/paracherkaoui.ma\/index.php\/produit\/uriage-deodorant-douceur-efficacite-24-h50-ml\/#primaryimage\",\"url\":\"https:\/\/paracherkaoui.ma\/wp-content\/uploads\/2025\/12\/uriage-deodorant-douceur-efficacite-24-h50-ml.jpg\",\"contentUrl\":\"https:\/\/paracherkaoui.ma\/wp-content\/uploads\/2025\/12\/uriage-deodorant-douceur-efficacite-24-h50-ml.jpg\",\"width\":700,\"height\":700},{\"@type\":\"BreadcrumbList\",\"@id\":\"https:\/\/paracherkaoui.ma\/index.php\/produit\/uriage-deodorant-douceur-efficacite-24-h50-ml\/#breadcrumb\",\"itemListElement\":[{\"@type\":\"ListItem\",\"position\":1,\"name\":\"Accueil\",\"item\":\"https:\/\/paracherkaoui.ma\/\"},{\"@type\":\"ListItem\",\"position\":2,\"name\":\"Boutique\",\"item\":\"https:\/\/paracherkaoui.ma\/index.php\/boutique\/\"},{\"@type\":\"ListItem\",\"position\":3,\"name\":\"URIAGE DEODORANT DOUCEUR EFFICACITE 24 H50 ML\"}]},{\"@type\":\"WebSite\",\"@id\":\"https:\/\/paracherkaoui.ma\/#website\",\"url\":\"https:\/\/paracherkaoui.ma\/\",\"name\":\"Paracherkaoui.ma\",\"description\":\"Achetez en ligne sur Paracherkaoui.ma\",\"potentialAction\":[{\"@type\":\"SearchAction\",\"target\":{\"@type\":\"EntryPoint\",\"urlTemplate\":\"https:\/\/paracherkaoui.ma\/?s={search_term_string}\"},\"query-input\":{\"@type\":\"PropertyValueSpecification\",\"valueRequired\":true,\"valueName\":\"search_term_string\"}}],\"inLanguage\":\"fr-FR\"}]}<\/script>\r\n<!-- \/ Yoast SEO plugin. -->","yoast_head_json":{"title":"URIAGE DEODORANT DOUCEUR EFFICACITE 24 H50 ML - Paracherkaoui.ma","robots":{"index":"index","follow":"follow","max-snippet":"max-snippet:-1","max-image-preview":"max-image-preview:large","max-video-preview":"max-video-preview:-1"},"canonical":"https:\/\/paracherkaoui.ma\/index.php\/produit\/uriage-deodorant-douceur-efficacite-24-h50-ml\/","og_locale":"fr_FR","og_type":"article","og_title":"URIAGE DEODORANT DOUCEUR EFFICACITE 24 H50 ML - Paracherkaoui.ma","og_description":"Descriptif : R\u00e9gulateur de transpiration Anti-odeurs Adoucissant et apaisant Efficacit\u00e9 24 h Haute tol\u00e9rance Sans traces blanches sur la peau","og_url":"https:\/\/paracherkaoui.ma\/index.php\/produit\/uriage-deodorant-douceur-efficacite-24-h50-ml\/","og_site_name":"Paracherkaoui.ma","article_modified_time":"2025-12-12T16:50:06+00:00","og_image":[{"width":700,"height":700,"url":"https:\/\/paracherkaoui.ma\/wp-content\/uploads\/2025\/12\/uriage-deodorant-douceur-efficacite-24-h50-ml.jpg","type":"image\/jpeg"}],"twitter_card":"summary_large_image","schema":{"@context":"https:\/\/schema.org","@graph":[{"@type":"WebPage","@id":"https:\/\/paracherkaoui.ma\/index.php\/produit\/uriage-deodorant-douceur-efficacite-24-h50-ml\/","url":"https:\/\/paracherkaoui.ma\/index.php\/produit\/uriage-deodorant-douceur-efficacite-24-h50-ml\/","name":"URIAGE DEODORANT DOUCEUR EFFICACITE 24 H50 ML - Paracherkaoui.ma","isPartOf":{"@id":"https:\/\/paracherkaoui.ma\/#website"},"primaryImageOfPage":{"@id":"https:\/\/paracherkaoui.ma\/index.php\/produit\/uriage-deodorant-douceur-efficacite-24-h50-ml\/#primaryimage"},"image":{"@id":"https:\/\/paracherkaoui.ma\/index.php\/produit\/uriage-deodorant-douceur-efficacite-24-h50-ml\/#primaryimage"},"thumbnailUrl":"https:\/\/paracherkaoui.ma\/wp-content\/uploads\/2025\/12\/uriage-deodorant-douceur-efficacite-24-h50-ml.jpg","datePublished":"2025-12-12T16:50:03+00:00","dateModified":"2025-12-12T16:50:06+00:00","breadcrumb":{"@id":"https:\/\/paracherkaoui.ma\/index.php\/produit\/uriage-deodorant-douceur-efficacite-24-h50-ml\/#breadcrumb"},"inLanguage":"fr-FR","potentialAction":[{"@type":"ReadAction","target":["https:\/\/paracherkaoui.ma\/index.php\/produit\/uriage-deodorant-douceur-efficacite-24-h50-ml\/"]}]},{"@type":"ImageObject","inLanguage":"fr-FR","@id":"https:\/\/paracherkaoui.ma\/index.php\/produit\/uriage-deodorant-douceur-efficacite-24-h50-ml\/#primaryimage","url":"https:\/\/paracherkaoui.ma\/wp-content\/uploads\/2025\/12\/uriage-deodorant-douceur-efficacite-24-h50-ml.jpg","contentUrl":"https:\/\/paracherkaoui.ma\/wp-content\/uploads\/2025\/12\/uriage-deodorant-douceur-efficacite-24-h50-ml.jpg","width":700,"height":700},{"@type":"BreadcrumbList","@id":"https:\/\/paracherkaoui.ma\/index.php\/produit\/uriage-deodorant-douceur-efficacite-24-h50-ml\/#breadcrumb","itemListElement":[{"@type":"ListItem","position":1,"name":"Accueil","item":"https:\/\/paracherkaoui.ma\/"},{"@type":"ListItem","position":2,"name":"Boutique","item":"https:\/\/paracherkaoui.ma\/index.php\/boutique\/"},{"@type":"ListItem","position":3,"name":"URIAGE DEODORANT DOUCEUR EFFICACITE 24 H50 ML"}]},{"@type":"WebSite","@id":"https:\/\/paracherkaoui.ma\/#website","url":"https:\/\/paracherkaoui.ma\/","name":"Paracherkaoui.ma","description":"Achetez en ligne sur Paracherkaoui.ma","potentialAction":[{"@type":"SearchAction","target":{"@type":"EntryPoint","urlTemplate":"https:\/\/paracherkaoui.ma\/?s={search_term_string}"},"query-input":{"@type":"PropertyValueSpecification","valueRequired":true,"valueName":"search_term_string"}}],"inLanguage":"fr-FR"}]}},"_links":{"self":[{"href":"https:\/\/paracherkaoui.ma\/index.php\/wp-json\/wp\/v2\/product\/14192","targetHints":{"allow":["GET"]}}],"collection":[{"href":"https:\/\/paracherkaoui.ma\/index.php\/wp-json\/wp\/v2\/product"}],"about":[{"href":"https:\/\/paracherkaoui.ma\/index.php\/wp-json\/wp\/v2\/types\/product"}],"replies":[{"embeddable":true,"href":"https:\/\/paracherkaoui.ma\/index.php\/wp-json\/wp\/v2\/comments?post=14192"}],"version-history":[{"count":1,"href":"https:\/\/paracherkaoui.ma\/index.php\/wp-json\/wp\/v2\/product\/14192\/revisions"}],"predecessor-version":[{"id":14235,"href":"https:\/\/paracherkaoui.ma\/index.php\/wp-json\/wp\/v2\/product\/14192\/revisions\/14235"}],"wp:featuredmedia":[{"embeddable":true,"href":"https:\/\/paracherkaoui.ma\/index.php\/wp-json\/wp\/v2\/media\/14234"}],"wp:attachment":[{"href":"https:\/\/paracherkaoui.ma\/index.php\/wp-json\/wp\/v2\/media?parent=14192"}],"wp:term":[{"taxonomy":"product_brand","embeddable":true,"href":"https:\/\/paracherkaoui.ma\/index.php\/wp-json\/wp\/v2\/product_brand?post=14192"},{"taxonomy":"product_cat","embeddable":true,"href":"https:\/\/paracherkaoui.ma\/index.php\/wp-json\/wp\/v2\/product_cat?post=14192"},{"taxonomy":"product_tag","embeddable":true,"href":"https:\/\/paracherkaoui.ma\/index.php\/wp-json\/wp\/v2\/product_tag?post=14192"}],"curies":[{"name":"wp","href":"https:\/\/api.w.org\/{rel}","templated":true}]}}