{"id":13730,"date":"2025-12-12T17:48:39","date_gmt":"2025-12-12T16:48:39","guid":{"rendered":"https:\/\/test.ecbeaute.com\/?post_type=product&#038;p=13730"},"modified":"2025-12-12T17:48:42","modified_gmt":"2025-12-12T16:48:42","slug":"filorga-ncef-reverse-mat-fluide-multi-correcteur-supreme-50-ml","status":"publish","type":"product","link":"https:\/\/paracherkaoui.ma\/index.php\/produit\/filorga-ncef-reverse-mat-fluide-multi-correcteur-supreme-50-ml\/","title":{"rendered":"FILORGA NCEF REVERSE MAT FLUIDE MULTI CORRECTEUR SUPREME 50 ML"},"content":{"rendered":"<p>INDICATIONS :<br \/>\nFILORGA NCTF-Reverse Mat. NCTF-Reverse Mat est un fluide r\u00e9g\u00e9n\u00e9rant issu de la gamme NCTF-Reverse. Elle propose 4 soins r\u00e9g\u00e9n\u00e9rants qui contiennent l&rsquo;\u00e9quivalent d&rsquo;une dose de NCTF (complexe poly-revitalisant unique, int\u00e9gr\u00e9 \u00e0 une concentration \u00e9quivalente \u00e0 un traitement anti-\u00e2ge injectable en cabinet) et s&rsquo;inspire des rituels de beaut\u00e9 asiatiques. Le fluide NCTF-Reverse Mat est sp\u00e9cialement adapt\u00e9e aux peaux grasses. Il revitalise le visage et la peau tout en le lissant et en luttant contre le rel\u00e2chement cutan\u00e9. La peau retrouve fermet\u00e9 et \u00e9clat.<br \/>\nPR\u00c9SENTATION :<br \/>\n1 Flacon-pompe de 50 ml<br \/>\nCONSEIL D&rsquo;UTILISATIONS :<br \/>\nAppliquer en soin quotidien matin et\/ou soir sur l\u2019ensemble du visage. Pour un programme regenerant complet, utiliser le fluide NCTF-REVERSE MAT\u00ae apr\u00e8s le s\u00e9rum NCTF-INTENSIVE\u00ae.<\/p>\n","protected":false},"excerpt":{"rendered":"<p>INDICATIONS : FILORGA NCTF-Reverse Mat. NCTF-Reverse Mat est un fluide r\u00e9g\u00e9n\u00e9rant issu de la gamme NCTF-Reverse. Elle propose 4 soins<\/p>\n","protected":false},"featured_media":13778,"comment_status":"open","ping_status":"closed","template":"","meta":[],"product_brand":[141],"product_cat":[173],"product_tag":[],"class_list":{"0":"post-13730","1":"product","2":"type-product","3":"status-publish","4":"has-post-thumbnail","6":"product_brand-filorga","7":"product_cat-cremes-et-soins-visage","9":"first","10":"instock","11":"sale","12":"shipping-taxable","13":"purchasable","14":"product-type-simple"},"yoast_head":"<!-- This site is optimized with the Yoast SEO plugin v26.6 - https:\/\/yoast.com\/wordpress\/plugins\/seo\/ -->\r\n<title>FILORGA NCEF REVERSE MAT FLUIDE MULTI CORRECTEUR SUPREME 50 ML - Paracherkaoui.ma<\/title>\r\n<meta name=\"robots\" content=\"index, follow, max-snippet:-1, max-image-preview:large, max-video-preview:-1\" \/>\r\n<link rel=\"canonical\" href=\"https:\/\/paracherkaoui.ma\/index.php\/produit\/filorga-ncef-reverse-mat-fluide-multi-correcteur-supreme-50-ml\/\" \/>\r\n<meta property=\"og:locale\" content=\"fr_FR\" \/>\r\n<meta property=\"og:type\" content=\"article\" \/>\r\n<meta property=\"og:title\" content=\"FILORGA NCEF REVERSE MAT FLUIDE MULTI CORRECTEUR SUPREME 50 ML - Paracherkaoui.ma\" \/>\r\n<meta property=\"og:description\" content=\"INDICATIONS : FILORGA NCTF-Reverse Mat. NCTF-Reverse Mat est un fluide r\u00e9g\u00e9n\u00e9rant issu de la gamme NCTF-Reverse. Elle propose 4 soins\" \/>\r\n<meta property=\"og:url\" content=\"https:\/\/paracherkaoui.ma\/index.php\/produit\/filorga-ncef-reverse-mat-fluide-multi-correcteur-supreme-50-ml\/\" \/>\r\n<meta property=\"og:site_name\" content=\"Paracherkaoui.ma\" \/>\r\n<meta property=\"article:modified_time\" content=\"2025-12-12T16:48:42+00:00\" \/>\r\n<meta property=\"og:image\" content=\"https:\/\/paracherkaoui.ma\/wp-content\/uploads\/2025\/12\/filorga-ncef-reverse-mat-fluide-multi-correcteur-supreme-50-ml.jpg\" \/>\r\n\t<meta property=\"og:image:width\" content=\"700\" \/>\r\n\t<meta property=\"og:image:height\" content=\"700\" \/>\r\n\t<meta property=\"og:image:type\" content=\"image\/jpeg\" \/>\r\n<meta name=\"twitter:card\" content=\"summary_large_image\" \/>\r\n<meta name=\"twitter:label1\" content=\"Dur\u00e9e de lecture estim\u00e9e\" \/>\n\t<meta name=\"twitter:data1\" content=\"1 minute\" \/>\r\n<script type=\"application\/ld+json\" class=\"yoast-schema-graph\">{\"@context\":\"https:\/\/schema.org\",\"@graph\":[{\"@type\":\"WebPage\",\"@id\":\"https:\/\/paracherkaoui.ma\/index.php\/produit\/filorga-ncef-reverse-mat-fluide-multi-correcteur-supreme-50-ml\/\",\"url\":\"https:\/\/paracherkaoui.ma\/index.php\/produit\/filorga-ncef-reverse-mat-fluide-multi-correcteur-supreme-50-ml\/\",\"name\":\"FILORGA NCEF REVERSE MAT FLUIDE MULTI CORRECTEUR SUPREME 50 ML - Paracherkaoui.ma\",\"isPartOf\":{\"@id\":\"https:\/\/paracherkaoui.ma\/#website\"},\"primaryImageOfPage\":{\"@id\":\"https:\/\/paracherkaoui.ma\/index.php\/produit\/filorga-ncef-reverse-mat-fluide-multi-correcteur-supreme-50-ml\/#primaryimage\"},\"image\":{\"@id\":\"https:\/\/paracherkaoui.ma\/index.php\/produit\/filorga-ncef-reverse-mat-fluide-multi-correcteur-supreme-50-ml\/#primaryimage\"},\"thumbnailUrl\":\"https:\/\/paracherkaoui.ma\/wp-content\/uploads\/2025\/12\/filorga-ncef-reverse-mat-fluide-multi-correcteur-supreme-50-ml.jpg\",\"datePublished\":\"2025-12-12T16:48:39+00:00\",\"dateModified\":\"2025-12-12T16:48:42+00:00\",\"breadcrumb\":{\"@id\":\"https:\/\/paracherkaoui.ma\/index.php\/produit\/filorga-ncef-reverse-mat-fluide-multi-correcteur-supreme-50-ml\/#breadcrumb\"},\"inLanguage\":\"fr-FR\",\"potentialAction\":[{\"@type\":\"ReadAction\",\"target\":[\"https:\/\/paracherkaoui.ma\/index.php\/produit\/filorga-ncef-reverse-mat-fluide-multi-correcteur-supreme-50-ml\/\"]}]},{\"@type\":\"ImageObject\",\"inLanguage\":\"fr-FR\",\"@id\":\"https:\/\/paracherkaoui.ma\/index.php\/produit\/filorga-ncef-reverse-mat-fluide-multi-correcteur-supreme-50-ml\/#primaryimage\",\"url\":\"https:\/\/paracherkaoui.ma\/wp-content\/uploads\/2025\/12\/filorga-ncef-reverse-mat-fluide-multi-correcteur-supreme-50-ml.jpg\",\"contentUrl\":\"https:\/\/paracherkaoui.ma\/wp-content\/uploads\/2025\/12\/filorga-ncef-reverse-mat-fluide-multi-correcteur-supreme-50-ml.jpg\",\"width\":700,\"height\":700},{\"@type\":\"BreadcrumbList\",\"@id\":\"https:\/\/paracherkaoui.ma\/index.php\/produit\/filorga-ncef-reverse-mat-fluide-multi-correcteur-supreme-50-ml\/#breadcrumb\",\"itemListElement\":[{\"@type\":\"ListItem\",\"position\":1,\"name\":\"Accueil\",\"item\":\"https:\/\/paracherkaoui.ma\/\"},{\"@type\":\"ListItem\",\"position\":2,\"name\":\"Boutique\",\"item\":\"https:\/\/paracherkaoui.ma\/index.php\/boutique\/\"},{\"@type\":\"ListItem\",\"position\":3,\"name\":\"FILORGA NCEF REVERSE MAT FLUIDE MULTI CORRECTEUR SUPREME 50 ML\"}]},{\"@type\":\"WebSite\",\"@id\":\"https:\/\/paracherkaoui.ma\/#website\",\"url\":\"https:\/\/paracherkaoui.ma\/\",\"name\":\"Paracherkaoui.ma\",\"description\":\"Achetez en ligne sur Paracherkaoui.ma\",\"potentialAction\":[{\"@type\":\"SearchAction\",\"target\":{\"@type\":\"EntryPoint\",\"urlTemplate\":\"https:\/\/paracherkaoui.ma\/?s={search_term_string}\"},\"query-input\":{\"@type\":\"PropertyValueSpecification\",\"valueRequired\":true,\"valueName\":\"search_term_string\"}}],\"inLanguage\":\"fr-FR\"}]}<\/script>\r\n<!-- \/ Yoast SEO plugin. -->","yoast_head_json":{"title":"FILORGA NCEF REVERSE MAT FLUIDE MULTI CORRECTEUR SUPREME 50 ML - Paracherkaoui.ma","robots":{"index":"index","follow":"follow","max-snippet":"max-snippet:-1","max-image-preview":"max-image-preview:large","max-video-preview":"max-video-preview:-1"},"canonical":"https:\/\/paracherkaoui.ma\/index.php\/produit\/filorga-ncef-reverse-mat-fluide-multi-correcteur-supreme-50-ml\/","og_locale":"fr_FR","og_type":"article","og_title":"FILORGA NCEF REVERSE MAT FLUIDE MULTI CORRECTEUR SUPREME 50 ML - Paracherkaoui.ma","og_description":"INDICATIONS : FILORGA NCTF-Reverse Mat. NCTF-Reverse Mat est un fluide r\u00e9g\u00e9n\u00e9rant issu de la gamme NCTF-Reverse. Elle propose 4 soins","og_url":"https:\/\/paracherkaoui.ma\/index.php\/produit\/filorga-ncef-reverse-mat-fluide-multi-correcteur-supreme-50-ml\/","og_site_name":"Paracherkaoui.ma","article_modified_time":"2025-12-12T16:48:42+00:00","og_image":[{"width":700,"height":700,"url":"https:\/\/paracherkaoui.ma\/wp-content\/uploads\/2025\/12\/filorga-ncef-reverse-mat-fluide-multi-correcteur-supreme-50-ml.jpg","type":"image\/jpeg"}],"twitter_card":"summary_large_image","twitter_misc":{"Dur\u00e9e de lecture estim\u00e9e":"1 minute"},"schema":{"@context":"https:\/\/schema.org","@graph":[{"@type":"WebPage","@id":"https:\/\/paracherkaoui.ma\/index.php\/produit\/filorga-ncef-reverse-mat-fluide-multi-correcteur-supreme-50-ml\/","url":"https:\/\/paracherkaoui.ma\/index.php\/produit\/filorga-ncef-reverse-mat-fluide-multi-correcteur-supreme-50-ml\/","name":"FILORGA NCEF REVERSE MAT FLUIDE MULTI CORRECTEUR SUPREME 50 ML - Paracherkaoui.ma","isPartOf":{"@id":"https:\/\/paracherkaoui.ma\/#website"},"primaryImageOfPage":{"@id":"https:\/\/paracherkaoui.ma\/index.php\/produit\/filorga-ncef-reverse-mat-fluide-multi-correcteur-supreme-50-ml\/#primaryimage"},"image":{"@id":"https:\/\/paracherkaoui.ma\/index.php\/produit\/filorga-ncef-reverse-mat-fluide-multi-correcteur-supreme-50-ml\/#primaryimage"},"thumbnailUrl":"https:\/\/paracherkaoui.ma\/wp-content\/uploads\/2025\/12\/filorga-ncef-reverse-mat-fluide-multi-correcteur-supreme-50-ml.jpg","datePublished":"2025-12-12T16:48:39+00:00","dateModified":"2025-12-12T16:48:42+00:00","breadcrumb":{"@id":"https:\/\/paracherkaoui.ma\/index.php\/produit\/filorga-ncef-reverse-mat-fluide-multi-correcteur-supreme-50-ml\/#breadcrumb"},"inLanguage":"fr-FR","potentialAction":[{"@type":"ReadAction","target":["https:\/\/paracherkaoui.ma\/index.php\/produit\/filorga-ncef-reverse-mat-fluide-multi-correcteur-supreme-50-ml\/"]}]},{"@type":"ImageObject","inLanguage":"fr-FR","@id":"https:\/\/paracherkaoui.ma\/index.php\/produit\/filorga-ncef-reverse-mat-fluide-multi-correcteur-supreme-50-ml\/#primaryimage","url":"https:\/\/paracherkaoui.ma\/wp-content\/uploads\/2025\/12\/filorga-ncef-reverse-mat-fluide-multi-correcteur-supreme-50-ml.jpg","contentUrl":"https:\/\/paracherkaoui.ma\/wp-content\/uploads\/2025\/12\/filorga-ncef-reverse-mat-fluide-multi-correcteur-supreme-50-ml.jpg","width":700,"height":700},{"@type":"BreadcrumbList","@id":"https:\/\/paracherkaoui.ma\/index.php\/produit\/filorga-ncef-reverse-mat-fluide-multi-correcteur-supreme-50-ml\/#breadcrumb","itemListElement":[{"@type":"ListItem","position":1,"name":"Accueil","item":"https:\/\/paracherkaoui.ma\/"},{"@type":"ListItem","position":2,"name":"Boutique","item":"https:\/\/paracherkaoui.ma\/index.php\/boutique\/"},{"@type":"ListItem","position":3,"name":"FILORGA NCEF REVERSE MAT FLUIDE MULTI CORRECTEUR SUPREME 50 ML"}]},{"@type":"WebSite","@id":"https:\/\/paracherkaoui.ma\/#website","url":"https:\/\/paracherkaoui.ma\/","name":"Paracherkaoui.ma","description":"Achetez en ligne sur Paracherkaoui.ma","potentialAction":[{"@type":"SearchAction","target":{"@type":"EntryPoint","urlTemplate":"https:\/\/paracherkaoui.ma\/?s={search_term_string}"},"query-input":{"@type":"PropertyValueSpecification","valueRequired":true,"valueName":"search_term_string"}}],"inLanguage":"fr-FR"}]}},"_links":{"self":[{"href":"https:\/\/paracherkaoui.ma\/index.php\/wp-json\/wp\/v2\/product\/13730","targetHints":{"allow":["GET"]}}],"collection":[{"href":"https:\/\/paracherkaoui.ma\/index.php\/wp-json\/wp\/v2\/product"}],"about":[{"href":"https:\/\/paracherkaoui.ma\/index.php\/wp-json\/wp\/v2\/types\/product"}],"replies":[{"embeddable":true,"href":"https:\/\/paracherkaoui.ma\/index.php\/wp-json\/wp\/v2\/comments?post=13730"}],"version-history":[{"count":1,"href":"https:\/\/paracherkaoui.ma\/index.php\/wp-json\/wp\/v2\/product\/13730\/revisions"}],"predecessor-version":[{"id":13779,"href":"https:\/\/paracherkaoui.ma\/index.php\/wp-json\/wp\/v2\/product\/13730\/revisions\/13779"}],"wp:featuredmedia":[{"embeddable":true,"href":"https:\/\/paracherkaoui.ma\/index.php\/wp-json\/wp\/v2\/media\/13778"}],"wp:attachment":[{"href":"https:\/\/paracherkaoui.ma\/index.php\/wp-json\/wp\/v2\/media?parent=13730"}],"wp:term":[{"taxonomy":"product_brand","embeddable":true,"href":"https:\/\/paracherkaoui.ma\/index.php\/wp-json\/wp\/v2\/product_brand?post=13730"},{"taxonomy":"product_cat","embeddable":true,"href":"https:\/\/paracherkaoui.ma\/index.php\/wp-json\/wp\/v2\/product_cat?post=13730"},{"taxonomy":"product_tag","embeddable":true,"href":"https:\/\/paracherkaoui.ma\/index.php\/wp-json\/wp\/v2\/product_tag?post=13730"}],"curies":[{"name":"wp","href":"https:\/\/api.w.org\/{rel}","templated":true}]}}