{"id":13639,"date":"2025-12-12T17:48:34","date_gmt":"2025-12-12T16:48:34","guid":{"rendered":"https:\/\/test.ecbeaute.com\/?post_type=product&#038;p=13639"},"modified":"2025-12-12T17:48:36","modified_gmt":"2025-12-12T16:48:36","slug":"bioderma-cicabio-arnica-40-ml-creme-arnica","status":"publish","type":"product","link":"https:\/\/paracherkaoui.ma\/index.php\/produit\/bioderma-cicabio-arnica-40-ml-creme-arnica\/","title":{"rendered":"BIODERMA CICABIO ARNICA+ 40 ML CREME ARNICA"},"content":{"rendered":"<p>\u2022\u00a0En plus d&rsquo;une r\u00e9sorption naturelle et efficace, Cicabio Arnica+\u00a0soulage rapidement les sensations d&rsquo;inconfort\u00a0par l\u2019action biologique de l\u2019Antalgicine, innovation\u00a0issue de la Recherche Avanc\u00e9e BIODERMA. Sa formule exclusive associe : Un extrait d\u2019Arnica\u00a0et de l&rsquo;Apig\u00e9nine\u00a0qui favorisent une \u00e9limination rapide et cibl\u00e9e des pigments responsables de la coloration du bleu.- Le Zinc qui pr\u00e9vient la prolif\u00e9ration bact\u00e9rienne.- La Glyc\u00e9rine\u00a0pour maintenir une bonne hydratation\u00a0cutan\u00e9e. \u2022Sa texture cr\u00e8me, sans alcool, permet une p\u00e9n\u00e9tration et une absorption rapide pour un confort optimal et imm\u00e9diat.\u2022Excellente tol\u00e9rance. Sans parfum. Sans colorant. Non com\u00e9dog\u00e8ne.<br \/>\nConseils d&rsquo;utilisation:<\/p>\n<p>Appliquez Cicabio Arnica+\u00a0d\u00e8s que possible par l\u00e9gers massages sur la zone fragilis\u00e9e.Renouvelez l\u2019application une \u00e0 deux fois par jour jusqu\u2019\u00e0 une compl\u00e8te r\u00e9paration cutan\u00e9e. En pr\u00e9vention : appliquez Cicabio Arnica+\u00a02 fois par jour pendant 7 jours.En soin : appliquez Cicabio Arnica+\u00a02 fois par jour jusqu\u2019\u00e0 compl\u00e8te r\u00e9paration cutan\u00e9e.\u2022\u00a0Ne pas appliquer Cicabio Arnica+\u00a0chez les sujets sensibles \u00e0 l\u2019arnica, pr\u00e8s des yeux, ni sur les muqueuses et les plaies ouvertes. \u2022\u00a0Ne pas utiliser Cicabio Arnica+\u00a0avant 12 mois (nourrisson). Pour la femme enceinte un avis m\u00e9dical est n\u00e9cessaire.<\/p>\n","protected":false},"excerpt":{"rendered":"<p>\u2022\u00a0En plus d&rsquo;une r\u00e9sorption naturelle et efficace, Cicabio Arnica+\u00a0soulage rapidement les sensations d&rsquo;inconfort\u00a0par l\u2019action biologique de l\u2019Antalgicine, innovation\u00a0issue de la<\/p>\n","protected":false},"featured_media":13679,"comment_status":"open","ping_status":"closed","template":"","meta":[],"product_brand":[137],"product_cat":[173],"product_tag":[],"class_list":{"0":"post-13639","1":"product","2":"type-product","3":"status-publish","4":"has-post-thumbnail","6":"product_brand-bioderma","7":"product_cat-cremes-et-soins-visage","9":"first","10":"instock","11":"sale","12":"shipping-taxable","13":"purchasable","14":"product-type-simple"},"yoast_head":"<!-- This site is optimized with the Yoast SEO plugin v26.6 - https:\/\/yoast.com\/wordpress\/plugins\/seo\/ -->\r\n<title>BIODERMA CICABIO ARNICA+ 40 ML CREME ARNICA - Paracherkaoui.ma<\/title>\r\n<meta name=\"robots\" content=\"index, follow, max-snippet:-1, max-image-preview:large, max-video-preview:-1\" \/>\r\n<link rel=\"canonical\" href=\"https:\/\/paracherkaoui.ma\/index.php\/produit\/bioderma-cicabio-arnica-40-ml-creme-arnica\/\" \/>\r\n<meta property=\"og:locale\" content=\"fr_FR\" \/>\r\n<meta property=\"og:type\" content=\"article\" \/>\r\n<meta property=\"og:title\" content=\"BIODERMA CICABIO ARNICA+ 40 ML CREME ARNICA - Paracherkaoui.ma\" \/>\r\n<meta property=\"og:description\" content=\"\u2022\u00a0En plus d&rsquo;une r\u00e9sorption naturelle et efficace, Cicabio Arnica+\u00a0soulage rapidement les sensations d&rsquo;inconfort\u00a0par l\u2019action biologique de l\u2019Antalgicine, innovation\u00a0issue de la\" \/>\r\n<meta property=\"og:url\" content=\"https:\/\/paracherkaoui.ma\/index.php\/produit\/bioderma-cicabio-arnica-40-ml-creme-arnica\/\" \/>\r\n<meta property=\"og:site_name\" content=\"Paracherkaoui.ma\" \/>\r\n<meta property=\"article:modified_time\" content=\"2025-12-12T16:48:36+00:00\" \/>\r\n<meta property=\"og:image\" content=\"https:\/\/paracherkaoui.ma\/wp-content\/uploads\/2025\/12\/bioderma-bioderma-cicabio-arnica-40-ml-creme-arnica-home.jpg\" \/>\r\n\t<meta property=\"og:image:width\" content=\"700\" \/>\r\n\t<meta property=\"og:image:height\" content=\"700\" \/>\r\n\t<meta property=\"og:image:type\" content=\"image\/jpeg\" \/>\r\n<meta name=\"twitter:card\" content=\"summary_large_image\" \/>\r\n<meta name=\"twitter:label1\" content=\"Dur\u00e9e de lecture estim\u00e9e\" \/>\n\t<meta name=\"twitter:data1\" content=\"1 minute\" \/>\r\n<script type=\"application\/ld+json\" class=\"yoast-schema-graph\">{\"@context\":\"https:\/\/schema.org\",\"@graph\":[{\"@type\":\"WebPage\",\"@id\":\"https:\/\/paracherkaoui.ma\/index.php\/produit\/bioderma-cicabio-arnica-40-ml-creme-arnica\/\",\"url\":\"https:\/\/paracherkaoui.ma\/index.php\/produit\/bioderma-cicabio-arnica-40-ml-creme-arnica\/\",\"name\":\"BIODERMA CICABIO ARNICA+ 40 ML CREME ARNICA - Paracherkaoui.ma\",\"isPartOf\":{\"@id\":\"https:\/\/paracherkaoui.ma\/#website\"},\"primaryImageOfPage\":{\"@id\":\"https:\/\/paracherkaoui.ma\/index.php\/produit\/bioderma-cicabio-arnica-40-ml-creme-arnica\/#primaryimage\"},\"image\":{\"@id\":\"https:\/\/paracherkaoui.ma\/index.php\/produit\/bioderma-cicabio-arnica-40-ml-creme-arnica\/#primaryimage\"},\"thumbnailUrl\":\"https:\/\/paracherkaoui.ma\/wp-content\/uploads\/2025\/12\/bioderma-bioderma-cicabio-arnica-40-ml-creme-arnica-home.jpg\",\"datePublished\":\"2025-12-12T16:48:34+00:00\",\"dateModified\":\"2025-12-12T16:48:36+00:00\",\"breadcrumb\":{\"@id\":\"https:\/\/paracherkaoui.ma\/index.php\/produit\/bioderma-cicabio-arnica-40-ml-creme-arnica\/#breadcrumb\"},\"inLanguage\":\"fr-FR\",\"potentialAction\":[{\"@type\":\"ReadAction\",\"target\":[\"https:\/\/paracherkaoui.ma\/index.php\/produit\/bioderma-cicabio-arnica-40-ml-creme-arnica\/\"]}]},{\"@type\":\"ImageObject\",\"inLanguage\":\"fr-FR\",\"@id\":\"https:\/\/paracherkaoui.ma\/index.php\/produit\/bioderma-cicabio-arnica-40-ml-creme-arnica\/#primaryimage\",\"url\":\"https:\/\/paracherkaoui.ma\/wp-content\/uploads\/2025\/12\/bioderma-bioderma-cicabio-arnica-40-ml-creme-arnica-home.jpg\",\"contentUrl\":\"https:\/\/paracherkaoui.ma\/wp-content\/uploads\/2025\/12\/bioderma-bioderma-cicabio-arnica-40-ml-creme-arnica-home.jpg\",\"width\":700,\"height\":700},{\"@type\":\"BreadcrumbList\",\"@id\":\"https:\/\/paracherkaoui.ma\/index.php\/produit\/bioderma-cicabio-arnica-40-ml-creme-arnica\/#breadcrumb\",\"itemListElement\":[{\"@type\":\"ListItem\",\"position\":1,\"name\":\"Accueil\",\"item\":\"https:\/\/paracherkaoui.ma\/\"},{\"@type\":\"ListItem\",\"position\":2,\"name\":\"Boutique\",\"item\":\"https:\/\/paracherkaoui.ma\/index.php\/boutique\/\"},{\"@type\":\"ListItem\",\"position\":3,\"name\":\"BIODERMA CICABIO ARNICA+ 40 ML CREME ARNICA\"}]},{\"@type\":\"WebSite\",\"@id\":\"https:\/\/paracherkaoui.ma\/#website\",\"url\":\"https:\/\/paracherkaoui.ma\/\",\"name\":\"Paracherkaoui.ma\",\"description\":\"Achetez en ligne sur Paracherkaoui.ma\",\"potentialAction\":[{\"@type\":\"SearchAction\",\"target\":{\"@type\":\"EntryPoint\",\"urlTemplate\":\"https:\/\/paracherkaoui.ma\/?s={search_term_string}\"},\"query-input\":{\"@type\":\"PropertyValueSpecification\",\"valueRequired\":true,\"valueName\":\"search_term_string\"}}],\"inLanguage\":\"fr-FR\"}]}<\/script>\r\n<!-- \/ Yoast SEO plugin. -->","yoast_head_json":{"title":"BIODERMA CICABIO ARNICA+ 40 ML CREME ARNICA - Paracherkaoui.ma","robots":{"index":"index","follow":"follow","max-snippet":"max-snippet:-1","max-image-preview":"max-image-preview:large","max-video-preview":"max-video-preview:-1"},"canonical":"https:\/\/paracherkaoui.ma\/index.php\/produit\/bioderma-cicabio-arnica-40-ml-creme-arnica\/","og_locale":"fr_FR","og_type":"article","og_title":"BIODERMA CICABIO ARNICA+ 40 ML CREME ARNICA - Paracherkaoui.ma","og_description":"\u2022\u00a0En plus d&rsquo;une r\u00e9sorption naturelle et efficace, Cicabio Arnica+\u00a0soulage rapidement les sensations d&rsquo;inconfort\u00a0par l\u2019action biologique de l\u2019Antalgicine, innovation\u00a0issue de la","og_url":"https:\/\/paracherkaoui.ma\/index.php\/produit\/bioderma-cicabio-arnica-40-ml-creme-arnica\/","og_site_name":"Paracherkaoui.ma","article_modified_time":"2025-12-12T16:48:36+00:00","og_image":[{"width":700,"height":700,"url":"https:\/\/paracherkaoui.ma\/wp-content\/uploads\/2025\/12\/bioderma-bioderma-cicabio-arnica-40-ml-creme-arnica-home.jpg","type":"image\/jpeg"}],"twitter_card":"summary_large_image","twitter_misc":{"Dur\u00e9e de lecture estim\u00e9e":"1 minute"},"schema":{"@context":"https:\/\/schema.org","@graph":[{"@type":"WebPage","@id":"https:\/\/paracherkaoui.ma\/index.php\/produit\/bioderma-cicabio-arnica-40-ml-creme-arnica\/","url":"https:\/\/paracherkaoui.ma\/index.php\/produit\/bioderma-cicabio-arnica-40-ml-creme-arnica\/","name":"BIODERMA CICABIO ARNICA+ 40 ML CREME ARNICA - Paracherkaoui.ma","isPartOf":{"@id":"https:\/\/paracherkaoui.ma\/#website"},"primaryImageOfPage":{"@id":"https:\/\/paracherkaoui.ma\/index.php\/produit\/bioderma-cicabio-arnica-40-ml-creme-arnica\/#primaryimage"},"image":{"@id":"https:\/\/paracherkaoui.ma\/index.php\/produit\/bioderma-cicabio-arnica-40-ml-creme-arnica\/#primaryimage"},"thumbnailUrl":"https:\/\/paracherkaoui.ma\/wp-content\/uploads\/2025\/12\/bioderma-bioderma-cicabio-arnica-40-ml-creme-arnica-home.jpg","datePublished":"2025-12-12T16:48:34+00:00","dateModified":"2025-12-12T16:48:36+00:00","breadcrumb":{"@id":"https:\/\/paracherkaoui.ma\/index.php\/produit\/bioderma-cicabio-arnica-40-ml-creme-arnica\/#breadcrumb"},"inLanguage":"fr-FR","potentialAction":[{"@type":"ReadAction","target":["https:\/\/paracherkaoui.ma\/index.php\/produit\/bioderma-cicabio-arnica-40-ml-creme-arnica\/"]}]},{"@type":"ImageObject","inLanguage":"fr-FR","@id":"https:\/\/paracherkaoui.ma\/index.php\/produit\/bioderma-cicabio-arnica-40-ml-creme-arnica\/#primaryimage","url":"https:\/\/paracherkaoui.ma\/wp-content\/uploads\/2025\/12\/bioderma-bioderma-cicabio-arnica-40-ml-creme-arnica-home.jpg","contentUrl":"https:\/\/paracherkaoui.ma\/wp-content\/uploads\/2025\/12\/bioderma-bioderma-cicabio-arnica-40-ml-creme-arnica-home.jpg","width":700,"height":700},{"@type":"BreadcrumbList","@id":"https:\/\/paracherkaoui.ma\/index.php\/produit\/bioderma-cicabio-arnica-40-ml-creme-arnica\/#breadcrumb","itemListElement":[{"@type":"ListItem","position":1,"name":"Accueil","item":"https:\/\/paracherkaoui.ma\/"},{"@type":"ListItem","position":2,"name":"Boutique","item":"https:\/\/paracherkaoui.ma\/index.php\/boutique\/"},{"@type":"ListItem","position":3,"name":"BIODERMA CICABIO ARNICA+ 40 ML CREME ARNICA"}]},{"@type":"WebSite","@id":"https:\/\/paracherkaoui.ma\/#website","url":"https:\/\/paracherkaoui.ma\/","name":"Paracherkaoui.ma","description":"Achetez en ligne sur Paracherkaoui.ma","potentialAction":[{"@type":"SearchAction","target":{"@type":"EntryPoint","urlTemplate":"https:\/\/paracherkaoui.ma\/?s={search_term_string}"},"query-input":{"@type":"PropertyValueSpecification","valueRequired":true,"valueName":"search_term_string"}}],"inLanguage":"fr-FR"}]}},"_links":{"self":[{"href":"https:\/\/paracherkaoui.ma\/index.php\/wp-json\/wp\/v2\/product\/13639","targetHints":{"allow":["GET"]}}],"collection":[{"href":"https:\/\/paracherkaoui.ma\/index.php\/wp-json\/wp\/v2\/product"}],"about":[{"href":"https:\/\/paracherkaoui.ma\/index.php\/wp-json\/wp\/v2\/types\/product"}],"replies":[{"embeddable":true,"href":"https:\/\/paracherkaoui.ma\/index.php\/wp-json\/wp\/v2\/comments?post=13639"}],"version-history":[{"count":1,"href":"https:\/\/paracherkaoui.ma\/index.php\/wp-json\/wp\/v2\/product\/13639\/revisions"}],"predecessor-version":[{"id":13680,"href":"https:\/\/paracherkaoui.ma\/index.php\/wp-json\/wp\/v2\/product\/13639\/revisions\/13680"}],"wp:featuredmedia":[{"embeddable":true,"href":"https:\/\/paracherkaoui.ma\/index.php\/wp-json\/wp\/v2\/media\/13679"}],"wp:attachment":[{"href":"https:\/\/paracherkaoui.ma\/index.php\/wp-json\/wp\/v2\/media?parent=13639"}],"wp:term":[{"taxonomy":"product_brand","embeddable":true,"href":"https:\/\/paracherkaoui.ma\/index.php\/wp-json\/wp\/v2\/product_brand?post=13639"},{"taxonomy":"product_cat","embeddable":true,"href":"https:\/\/paracherkaoui.ma\/index.php\/wp-json\/wp\/v2\/product_cat?post=13639"},{"taxonomy":"product_tag","embeddable":true,"href":"https:\/\/paracherkaoui.ma\/index.php\/wp-json\/wp\/v2\/product_tag?post=13639"}],"curies":[{"name":"wp","href":"https:\/\/api.w.org\/{rel}","templated":true}]}}