{"id":13479,"date":"2025-12-12T17:47:59","date_gmt":"2025-12-12T16:47:59","guid":{"rendered":"https:\/\/test.ecbeaute.com\/?post_type=product&#038;p=13479"},"modified":"2025-12-12T17:48:11","modified_gmt":"2025-12-12T16:48:11","slug":"eucerin-hyaluron-filler-3-effect-50-ml-gel-creme","status":"publish","type":"product","link":"https:\/\/paracherkaoui.ma\/index.php\/produit\/eucerin-hyaluron-filler-3-effect-50-ml-gel-creme\/","title":{"rendered":"EUCERIN HYALURON FILLER * 3 EFFECT 50 ML GEL CREME"},"content":{"rendered":"<p>Sa formule innovante associe deux types d\u2019acide hyaluronique<br \/>\nHaut poids mol\u00e9culaire : il retient l\u2019eau \u00e0 la surface de la peau, apportant une hydratation imm\u00e9diate.<br \/>\nFaible poids mol\u00e9culaire : il p\u00e9n\u00e8tre les couches plus profondes de l\u2019\u00e9piderme pour combler les ridules de l\u2019int\u00e9rieur.<br \/>\nLa glyc\u00e9rine et la ProVitamine B5 offrent une hydratation durable et stimulent la r\u00e9g\u00e9n\u00e9ration cellulaire pendant la nuit. Enrichie en vitamine E, la formule aide \u00e0 lutter contre le stress oxydatif, principal facteur de vieillissement pr\u00e9matur\u00e9.<br \/>\nSa texture gel-cr\u00e8me l\u00e9g\u00e8re, non grasse et fra\u00eeche, procure une sensation de confort imm\u00e9diat et favorise une absorption rapide sans laisser de film collant.<br \/>\nAu r\u00e9veil, la peau para\u00eet reboost\u00e9e, repos\u00e9e, hydrat\u00e9e jusqu\u2019\u00e0 72h, et les signes de fatigue sont visiblement att\u00e9nu\u00e9s. Les premi\u00e8res rides sont moins marqu\u00e9es, le teint est plus lisse et lumineux.<br \/>\nTest\u00e9 dermatologiquement, ce soin offre une tr\u00e8s bonne tol\u00e9rance cutan\u00e9e, m\u00eame sur les peaux sensibles.<br \/>\nConseils d\u2019utilisation<br \/>\nAppliquer chaque soir sur le visage, le cou et le d\u00e9collet\u00e9 parfaitement nettoy\u00e9s.<br \/>\nMasser doucement jusqu&rsquo;\u00e0 absorption compl\u00e8te.<br \/>\n\u00c9viter tout contact avec les yeux.<br \/>\nConserver \u00e0 une temp\u00e9rature inf\u00e9rieure \u00e0 25 \u00b0C.<br \/>\nComposition<br \/>\nAqua, Alcohol Denat., Glycerin, Panthenol, Hydrolyzed Hyaluronic Acid, Sodium Hyaluronate, Cetearyl Isononanoate, Isopropyl Palmitate, Lauroyl Lysine, Squalane, Pantolactone, Tocopherol, Gellan Gum, Carrageenan, Dehydroxanthan Gum, Xanthan Gum, Cetyl Alcohol, Behenyl Alcohol, Citric Acid, Lactic Acid, Pentaerythrityl Tetra-di-t-butyl Hydroxyhydrocinnamate, Phenoxyethanol, Parfum<\/p>\n","protected":false},"excerpt":{"rendered":"<p>Sa formule innovante associe deux types d\u2019acide hyaluronique Haut poids mol\u00e9culaire : il retient l\u2019eau \u00e0 la surface de la<\/p>\n","protected":false},"featured_media":13512,"comment_status":"open","ping_status":"closed","template":"","meta":[],"product_brand":[134],"product_cat":[173],"product_tag":[],"class_list":{"0":"post-13479","1":"product","2":"type-product","3":"status-publish","4":"has-post-thumbnail","6":"product_brand-eucerin","7":"product_cat-cremes-et-soins-visage","9":"first","10":"instock","11":"sale","12":"shipping-taxable","13":"purchasable","14":"product-type-simple"},"yoast_head":"<!-- This site is optimized with the Yoast SEO plugin v26.6 - https:\/\/yoast.com\/wordpress\/plugins\/seo\/ -->\r\n<title>EUCERIN HYALURON FILLER * 3 EFFECT 50 ML GEL CREME - Paracherkaoui.ma<\/title>\r\n<meta name=\"robots\" content=\"index, follow, max-snippet:-1, max-image-preview:large, max-video-preview:-1\" \/>\r\n<link rel=\"canonical\" href=\"https:\/\/paracherkaoui.ma\/index.php\/produit\/eucerin-hyaluron-filler-3-effect-50-ml-gel-creme\/\" \/>\r\n<meta property=\"og:locale\" content=\"fr_FR\" \/>\r\n<meta property=\"og:type\" content=\"article\" \/>\r\n<meta property=\"og:title\" content=\"EUCERIN HYALURON FILLER * 3 EFFECT 50 ML GEL CREME - Paracherkaoui.ma\" \/>\r\n<meta property=\"og:description\" content=\"Sa formule innovante associe deux types d\u2019acide hyaluronique Haut poids mol\u00e9culaire : il retient l\u2019eau \u00e0 la surface de la\" \/>\r\n<meta property=\"og:url\" content=\"https:\/\/paracherkaoui.ma\/index.php\/produit\/eucerin-hyaluron-filler-3-effect-50-ml-gel-creme\/\" \/>\r\n<meta property=\"og:site_name\" content=\"Paracherkaoui.ma\" \/>\r\n<meta property=\"article:modified_time\" content=\"2025-12-12T16:48:11+00:00\" \/>\r\n<meta property=\"og:image\" content=\"https:\/\/paracherkaoui.ma\/wp-content\/uploads\/2025\/12\/eucerin-eucerin-hyaluron-filler-3-effect-50-ml-gel-creme-peaux-matures.jpg\" \/>\r\n\t<meta property=\"og:image:width\" content=\"700\" \/>\r\n\t<meta property=\"og:image:height\" content=\"700\" \/>\r\n\t<meta property=\"og:image:type\" content=\"image\/jpeg\" \/>\r\n<meta name=\"twitter:card\" content=\"summary_large_image\" \/>\r\n<meta name=\"twitter:label1\" content=\"Dur\u00e9e de lecture estim\u00e9e\" \/>\n\t<meta name=\"twitter:data1\" content=\"1 minute\" \/>\r\n<script type=\"application\/ld+json\" class=\"yoast-schema-graph\">{\"@context\":\"https:\/\/schema.org\",\"@graph\":[{\"@type\":\"WebPage\",\"@id\":\"https:\/\/paracherkaoui.ma\/index.php\/produit\/eucerin-hyaluron-filler-3-effect-50-ml-gel-creme\/\",\"url\":\"https:\/\/paracherkaoui.ma\/index.php\/produit\/eucerin-hyaluron-filler-3-effect-50-ml-gel-creme\/\",\"name\":\"EUCERIN HYALURON FILLER * 3 EFFECT 50 ML GEL CREME - Paracherkaoui.ma\",\"isPartOf\":{\"@id\":\"https:\/\/paracherkaoui.ma\/#website\"},\"primaryImageOfPage\":{\"@id\":\"https:\/\/paracherkaoui.ma\/index.php\/produit\/eucerin-hyaluron-filler-3-effect-50-ml-gel-creme\/#primaryimage\"},\"image\":{\"@id\":\"https:\/\/paracherkaoui.ma\/index.php\/produit\/eucerin-hyaluron-filler-3-effect-50-ml-gel-creme\/#primaryimage\"},\"thumbnailUrl\":\"https:\/\/paracherkaoui.ma\/wp-content\/uploads\/2025\/12\/eucerin-eucerin-hyaluron-filler-3-effect-50-ml-gel-creme-peaux-matures.jpg\",\"datePublished\":\"2025-12-12T16:47:59+00:00\",\"dateModified\":\"2025-12-12T16:48:11+00:00\",\"breadcrumb\":{\"@id\":\"https:\/\/paracherkaoui.ma\/index.php\/produit\/eucerin-hyaluron-filler-3-effect-50-ml-gel-creme\/#breadcrumb\"},\"inLanguage\":\"fr-FR\",\"potentialAction\":[{\"@type\":\"ReadAction\",\"target\":[\"https:\/\/paracherkaoui.ma\/index.php\/produit\/eucerin-hyaluron-filler-3-effect-50-ml-gel-creme\/\"]}]},{\"@type\":\"ImageObject\",\"inLanguage\":\"fr-FR\",\"@id\":\"https:\/\/paracherkaoui.ma\/index.php\/produit\/eucerin-hyaluron-filler-3-effect-50-ml-gel-creme\/#primaryimage\",\"url\":\"https:\/\/paracherkaoui.ma\/wp-content\/uploads\/2025\/12\/eucerin-eucerin-hyaluron-filler-3-effect-50-ml-gel-creme-peaux-matures.jpg\",\"contentUrl\":\"https:\/\/paracherkaoui.ma\/wp-content\/uploads\/2025\/12\/eucerin-eucerin-hyaluron-filler-3-effect-50-ml-gel-creme-peaux-matures.jpg\",\"width\":700,\"height\":700},{\"@type\":\"BreadcrumbList\",\"@id\":\"https:\/\/paracherkaoui.ma\/index.php\/produit\/eucerin-hyaluron-filler-3-effect-50-ml-gel-creme\/#breadcrumb\",\"itemListElement\":[{\"@type\":\"ListItem\",\"position\":1,\"name\":\"Accueil\",\"item\":\"https:\/\/paracherkaoui.ma\/\"},{\"@type\":\"ListItem\",\"position\":2,\"name\":\"Boutique\",\"item\":\"https:\/\/paracherkaoui.ma\/index.php\/boutique\/\"},{\"@type\":\"ListItem\",\"position\":3,\"name\":\"EUCERIN HYALURON FILLER * 3 EFFECT 50 ML GEL CREME\"}]},{\"@type\":\"WebSite\",\"@id\":\"https:\/\/paracherkaoui.ma\/#website\",\"url\":\"https:\/\/paracherkaoui.ma\/\",\"name\":\"Paracherkaoui.ma\",\"description\":\"Achetez en ligne sur Paracherkaoui.ma\",\"potentialAction\":[{\"@type\":\"SearchAction\",\"target\":{\"@type\":\"EntryPoint\",\"urlTemplate\":\"https:\/\/paracherkaoui.ma\/?s={search_term_string}\"},\"query-input\":{\"@type\":\"PropertyValueSpecification\",\"valueRequired\":true,\"valueName\":\"search_term_string\"}}],\"inLanguage\":\"fr-FR\"}]}<\/script>\r\n<!-- \/ Yoast SEO plugin. -->","yoast_head_json":{"title":"EUCERIN HYALURON FILLER * 3 EFFECT 50 ML GEL CREME - Paracherkaoui.ma","robots":{"index":"index","follow":"follow","max-snippet":"max-snippet:-1","max-image-preview":"max-image-preview:large","max-video-preview":"max-video-preview:-1"},"canonical":"https:\/\/paracherkaoui.ma\/index.php\/produit\/eucerin-hyaluron-filler-3-effect-50-ml-gel-creme\/","og_locale":"fr_FR","og_type":"article","og_title":"EUCERIN HYALURON FILLER * 3 EFFECT 50 ML GEL CREME - Paracherkaoui.ma","og_description":"Sa formule innovante associe deux types d\u2019acide hyaluronique Haut poids mol\u00e9culaire : il retient l\u2019eau \u00e0 la surface de la","og_url":"https:\/\/paracherkaoui.ma\/index.php\/produit\/eucerin-hyaluron-filler-3-effect-50-ml-gel-creme\/","og_site_name":"Paracherkaoui.ma","article_modified_time":"2025-12-12T16:48:11+00:00","og_image":[{"width":700,"height":700,"url":"https:\/\/paracherkaoui.ma\/wp-content\/uploads\/2025\/12\/eucerin-eucerin-hyaluron-filler-3-effect-50-ml-gel-creme-peaux-matures.jpg","type":"image\/jpeg"}],"twitter_card":"summary_large_image","twitter_misc":{"Dur\u00e9e de lecture estim\u00e9e":"1 minute"},"schema":{"@context":"https:\/\/schema.org","@graph":[{"@type":"WebPage","@id":"https:\/\/paracherkaoui.ma\/index.php\/produit\/eucerin-hyaluron-filler-3-effect-50-ml-gel-creme\/","url":"https:\/\/paracherkaoui.ma\/index.php\/produit\/eucerin-hyaluron-filler-3-effect-50-ml-gel-creme\/","name":"EUCERIN HYALURON FILLER * 3 EFFECT 50 ML GEL CREME - Paracherkaoui.ma","isPartOf":{"@id":"https:\/\/paracherkaoui.ma\/#website"},"primaryImageOfPage":{"@id":"https:\/\/paracherkaoui.ma\/index.php\/produit\/eucerin-hyaluron-filler-3-effect-50-ml-gel-creme\/#primaryimage"},"image":{"@id":"https:\/\/paracherkaoui.ma\/index.php\/produit\/eucerin-hyaluron-filler-3-effect-50-ml-gel-creme\/#primaryimage"},"thumbnailUrl":"https:\/\/paracherkaoui.ma\/wp-content\/uploads\/2025\/12\/eucerin-eucerin-hyaluron-filler-3-effect-50-ml-gel-creme-peaux-matures.jpg","datePublished":"2025-12-12T16:47:59+00:00","dateModified":"2025-12-12T16:48:11+00:00","breadcrumb":{"@id":"https:\/\/paracherkaoui.ma\/index.php\/produit\/eucerin-hyaluron-filler-3-effect-50-ml-gel-creme\/#breadcrumb"},"inLanguage":"fr-FR","potentialAction":[{"@type":"ReadAction","target":["https:\/\/paracherkaoui.ma\/index.php\/produit\/eucerin-hyaluron-filler-3-effect-50-ml-gel-creme\/"]}]},{"@type":"ImageObject","inLanguage":"fr-FR","@id":"https:\/\/paracherkaoui.ma\/index.php\/produit\/eucerin-hyaluron-filler-3-effect-50-ml-gel-creme\/#primaryimage","url":"https:\/\/paracherkaoui.ma\/wp-content\/uploads\/2025\/12\/eucerin-eucerin-hyaluron-filler-3-effect-50-ml-gel-creme-peaux-matures.jpg","contentUrl":"https:\/\/paracherkaoui.ma\/wp-content\/uploads\/2025\/12\/eucerin-eucerin-hyaluron-filler-3-effect-50-ml-gel-creme-peaux-matures.jpg","width":700,"height":700},{"@type":"BreadcrumbList","@id":"https:\/\/paracherkaoui.ma\/index.php\/produit\/eucerin-hyaluron-filler-3-effect-50-ml-gel-creme\/#breadcrumb","itemListElement":[{"@type":"ListItem","position":1,"name":"Accueil","item":"https:\/\/paracherkaoui.ma\/"},{"@type":"ListItem","position":2,"name":"Boutique","item":"https:\/\/paracherkaoui.ma\/index.php\/boutique\/"},{"@type":"ListItem","position":3,"name":"EUCERIN HYALURON FILLER * 3 EFFECT 50 ML GEL CREME"}]},{"@type":"WebSite","@id":"https:\/\/paracherkaoui.ma\/#website","url":"https:\/\/paracherkaoui.ma\/","name":"Paracherkaoui.ma","description":"Achetez en ligne sur Paracherkaoui.ma","potentialAction":[{"@type":"SearchAction","target":{"@type":"EntryPoint","urlTemplate":"https:\/\/paracherkaoui.ma\/?s={search_term_string}"},"query-input":{"@type":"PropertyValueSpecification","valueRequired":true,"valueName":"search_term_string"}}],"inLanguage":"fr-FR"}]}},"_links":{"self":[{"href":"https:\/\/paracherkaoui.ma\/index.php\/wp-json\/wp\/v2\/product\/13479","targetHints":{"allow":["GET"]}}],"collection":[{"href":"https:\/\/paracherkaoui.ma\/index.php\/wp-json\/wp\/v2\/product"}],"about":[{"href":"https:\/\/paracherkaoui.ma\/index.php\/wp-json\/wp\/v2\/types\/product"}],"replies":[{"embeddable":true,"href":"https:\/\/paracherkaoui.ma\/index.php\/wp-json\/wp\/v2\/comments?post=13479"}],"version-history":[{"count":1,"href":"https:\/\/paracherkaoui.ma\/index.php\/wp-json\/wp\/v2\/product\/13479\/revisions"}],"predecessor-version":[{"id":13513,"href":"https:\/\/paracherkaoui.ma\/index.php\/wp-json\/wp\/v2\/product\/13479\/revisions\/13513"}],"wp:featuredmedia":[{"embeddable":true,"href":"https:\/\/paracherkaoui.ma\/index.php\/wp-json\/wp\/v2\/media\/13512"}],"wp:attachment":[{"href":"https:\/\/paracherkaoui.ma\/index.php\/wp-json\/wp\/v2\/media?parent=13479"}],"wp:term":[{"taxonomy":"product_brand","embeddable":true,"href":"https:\/\/paracherkaoui.ma\/index.php\/wp-json\/wp\/v2\/product_brand?post=13479"},{"taxonomy":"product_cat","embeddable":true,"href":"https:\/\/paracherkaoui.ma\/index.php\/wp-json\/wp\/v2\/product_cat?post=13479"},{"taxonomy":"product_tag","embeddable":true,"href":"https:\/\/paracherkaoui.ma\/index.php\/wp-json\/wp\/v2\/product_tag?post=13479"}],"curies":[{"name":"wp","href":"https:\/\/api.w.org\/{rel}","templated":true}]}}