{"id":13421,"date":"2025-12-12T17:47:41","date_gmt":"2025-12-12T16:47:41","guid":{"rendered":"https:\/\/test.ecbeaute.com\/?post_type=product&#038;p=13421"},"modified":"2025-12-12T17:47:42","modified_gmt":"2025-12-12T16:47:42","slug":"uriage-eau-thermale-masque-deau-nuit-50-ml","status":"publish","type":"product","link":"https:\/\/paracherkaoui.ma\/index.php\/produit\/uriage-eau-thermale-masque-deau-nuit-50-ml\/","title":{"rendered":"URIAGE EAU THERMALE MASQUE D\u2019EAU NUIT 50 ML"},"content":{"rendered":"<p>DESCRIPTION :<br \/>\nPlongez votre peau dans un v\u00e9ritable \u00ab Bain Thermal \u00bb. La puissance hydratante de l\u2019Eau Thermale d\u2019Uriage dans un masque de nuit unique \u00e0 la texture eau g\u00e9lifi\u00e9e ultra-l\u00e9g\u00e8re. La peau est repos\u00e9e, comme \u00ab 8h de sommeil \u00bb : grain de peau liss\u00e9, peau pleinement hydrat\u00e9e, souple et douce, pour un teint ultra-frais.<br \/>\nR\u00e9g\u00e9n\u00e8re l\u2019hydratation de la peau<\/p>\n<p>Ce Masque d\u2019Eau enrichi en Eau Thermale d\u2019Uriage aide \u00e0 reconstruire la barri\u00e8re cutan\u00e9e pour maintenir un taux d\u2019hydratation optimal.<br \/>\nOptimise l\u2019hydratation en continu de l\u2019\u00e9piderme<\/p>\n<p>Permet de reformer un film de surface et de lib\u00e9rer progressivement les agents hydratants qu\u2019il contient pour assouplir la peau.<br \/>\nRestaure l\u2019effet barri\u00e8re de la peau et limite sa d\u00e9shydratation<\/p>\n<p>Agit sur la reconstruction du ciment corn\u00e9ocytaire pour booster durablement l\u2019hydratation des peaux assoiff\u00e9es.<br \/>\nDonne de l\u2019\u00e9clat<\/p>\n<p>Son extrait d\u2019Edelweiss anti-oxydant laisse place \u00e0 une peau fra\u00eeche, rayonnante.<br \/>\nCONSEILS D&rsquo;UTILISATION :<br \/>\nAppliquer en couche fine tous les soirs sur l\u2019ensemble du visage d\u00e9maquill\u00e9 et nettoy\u00e9. Laisser poser toute la nuit. Rincer au r\u00e9veil avec l\u2019Eau Micellaire Thermale ou se vaporiser le visage avec l\u2019Eau Thermale d\u2019Uriage pour prolonger l\u2019hydratation de votre peau.<\/p>\n","protected":false},"excerpt":{"rendered":"<p>DESCRIPTION : Plongez votre peau dans un v\u00e9ritable \u00ab Bain Thermal \u00bb. La puissance hydratante de l\u2019Eau Thermale d\u2019Uriage dans<\/p>\n","protected":false},"featured_media":13441,"comment_status":"open","ping_status":"closed","template":"","meta":[],"product_brand":[130],"product_cat":[173],"product_tag":[],"class_list":{"0":"post-13421","1":"product","2":"type-product","3":"status-publish","4":"has-post-thumbnail","6":"product_brand-uriage","7":"product_cat-cremes-et-soins-visage","9":"first","10":"instock","11":"sale","12":"shipping-taxable","13":"purchasable","14":"product-type-simple"},"yoast_head":"<!-- This site is optimized with the Yoast SEO plugin v26.6 - https:\/\/yoast.com\/wordpress\/plugins\/seo\/ -->\r\n<title>URIAGE EAU THERMALE MASQUE D\u2019EAU NUIT 50 ML - Paracherkaoui.ma<\/title>\r\n<meta name=\"robots\" content=\"index, follow, max-snippet:-1, max-image-preview:large, max-video-preview:-1\" \/>\r\n<link rel=\"canonical\" href=\"https:\/\/paracherkaoui.ma\/index.php\/produit\/uriage-eau-thermale-masque-deau-nuit-50-ml\/\" \/>\r\n<meta property=\"og:locale\" content=\"fr_FR\" \/>\r\n<meta property=\"og:type\" content=\"article\" \/>\r\n<meta property=\"og:title\" content=\"URIAGE EAU THERMALE MASQUE D\u2019EAU NUIT 50 ML - Paracherkaoui.ma\" \/>\r\n<meta property=\"og:description\" content=\"DESCRIPTION : Plongez votre peau dans un v\u00e9ritable \u00ab Bain Thermal \u00bb. La puissance hydratante de l\u2019Eau Thermale d\u2019Uriage dans\" \/>\r\n<meta property=\"og:url\" content=\"https:\/\/paracherkaoui.ma\/index.php\/produit\/uriage-eau-thermale-masque-deau-nuit-50-ml\/\" \/>\r\n<meta property=\"og:site_name\" content=\"Paracherkaoui.ma\" \/>\r\n<meta property=\"article:modified_time\" content=\"2025-12-12T16:47:42+00:00\" \/>\r\n<meta property=\"og:image\" content=\"https:\/\/paracherkaoui.ma\/wp-content\/uploads\/2025\/12\/uriage-uriage-eau-thermale-masque-deau-nuit-50-ml-masques-et-gommages.jpg\" \/>\r\n\t<meta property=\"og:image:width\" content=\"700\" \/>\r\n\t<meta property=\"og:image:height\" content=\"700\" \/>\r\n\t<meta property=\"og:image:type\" content=\"image\/jpeg\" \/>\r\n<meta name=\"twitter:card\" content=\"summary_large_image\" \/>\r\n<meta name=\"twitter:label1\" content=\"Dur\u00e9e de lecture estim\u00e9e\" \/>\n\t<meta name=\"twitter:data1\" content=\"1 minute\" \/>\r\n<script type=\"application\/ld+json\" class=\"yoast-schema-graph\">{\"@context\":\"https:\/\/schema.org\",\"@graph\":[{\"@type\":\"WebPage\",\"@id\":\"https:\/\/paracherkaoui.ma\/index.php\/produit\/uriage-eau-thermale-masque-deau-nuit-50-ml\/\",\"url\":\"https:\/\/paracherkaoui.ma\/index.php\/produit\/uriage-eau-thermale-masque-deau-nuit-50-ml\/\",\"name\":\"URIAGE EAU THERMALE MASQUE D\u2019EAU NUIT 50 ML - Paracherkaoui.ma\",\"isPartOf\":{\"@id\":\"https:\/\/paracherkaoui.ma\/#website\"},\"primaryImageOfPage\":{\"@id\":\"https:\/\/paracherkaoui.ma\/index.php\/produit\/uriage-eau-thermale-masque-deau-nuit-50-ml\/#primaryimage\"},\"image\":{\"@id\":\"https:\/\/paracherkaoui.ma\/index.php\/produit\/uriage-eau-thermale-masque-deau-nuit-50-ml\/#primaryimage\"},\"thumbnailUrl\":\"https:\/\/paracherkaoui.ma\/wp-content\/uploads\/2025\/12\/uriage-uriage-eau-thermale-masque-deau-nuit-50-ml-masques-et-gommages.jpg\",\"datePublished\":\"2025-12-12T16:47:41+00:00\",\"dateModified\":\"2025-12-12T16:47:42+00:00\",\"breadcrumb\":{\"@id\":\"https:\/\/paracherkaoui.ma\/index.php\/produit\/uriage-eau-thermale-masque-deau-nuit-50-ml\/#breadcrumb\"},\"inLanguage\":\"fr-FR\",\"potentialAction\":[{\"@type\":\"ReadAction\",\"target\":[\"https:\/\/paracherkaoui.ma\/index.php\/produit\/uriage-eau-thermale-masque-deau-nuit-50-ml\/\"]}]},{\"@type\":\"ImageObject\",\"inLanguage\":\"fr-FR\",\"@id\":\"https:\/\/paracherkaoui.ma\/index.php\/produit\/uriage-eau-thermale-masque-deau-nuit-50-ml\/#primaryimage\",\"url\":\"https:\/\/paracherkaoui.ma\/wp-content\/uploads\/2025\/12\/uriage-uriage-eau-thermale-masque-deau-nuit-50-ml-masques-et-gommages.jpg\",\"contentUrl\":\"https:\/\/paracherkaoui.ma\/wp-content\/uploads\/2025\/12\/uriage-uriage-eau-thermale-masque-deau-nuit-50-ml-masques-et-gommages.jpg\",\"width\":700,\"height\":700},{\"@type\":\"BreadcrumbList\",\"@id\":\"https:\/\/paracherkaoui.ma\/index.php\/produit\/uriage-eau-thermale-masque-deau-nuit-50-ml\/#breadcrumb\",\"itemListElement\":[{\"@type\":\"ListItem\",\"position\":1,\"name\":\"Accueil\",\"item\":\"https:\/\/paracherkaoui.ma\/\"},{\"@type\":\"ListItem\",\"position\":2,\"name\":\"Boutique\",\"item\":\"https:\/\/paracherkaoui.ma\/index.php\/boutique\/\"},{\"@type\":\"ListItem\",\"position\":3,\"name\":\"URIAGE EAU THERMALE MASQUE D\u2019EAU NUIT 50 ML\"}]},{\"@type\":\"WebSite\",\"@id\":\"https:\/\/paracherkaoui.ma\/#website\",\"url\":\"https:\/\/paracherkaoui.ma\/\",\"name\":\"Paracherkaoui.ma\",\"description\":\"Achetez en ligne sur Paracherkaoui.ma\",\"potentialAction\":[{\"@type\":\"SearchAction\",\"target\":{\"@type\":\"EntryPoint\",\"urlTemplate\":\"https:\/\/paracherkaoui.ma\/?s={search_term_string}\"},\"query-input\":{\"@type\":\"PropertyValueSpecification\",\"valueRequired\":true,\"valueName\":\"search_term_string\"}}],\"inLanguage\":\"fr-FR\"}]}<\/script>\r\n<!-- \/ Yoast SEO plugin. -->","yoast_head_json":{"title":"URIAGE EAU THERMALE MASQUE D\u2019EAU NUIT 50 ML - Paracherkaoui.ma","robots":{"index":"index","follow":"follow","max-snippet":"max-snippet:-1","max-image-preview":"max-image-preview:large","max-video-preview":"max-video-preview:-1"},"canonical":"https:\/\/paracherkaoui.ma\/index.php\/produit\/uriage-eau-thermale-masque-deau-nuit-50-ml\/","og_locale":"fr_FR","og_type":"article","og_title":"URIAGE EAU THERMALE MASQUE D\u2019EAU NUIT 50 ML - Paracherkaoui.ma","og_description":"DESCRIPTION : Plongez votre peau dans un v\u00e9ritable \u00ab Bain Thermal \u00bb. La puissance hydratante de l\u2019Eau Thermale d\u2019Uriage dans","og_url":"https:\/\/paracherkaoui.ma\/index.php\/produit\/uriage-eau-thermale-masque-deau-nuit-50-ml\/","og_site_name":"Paracherkaoui.ma","article_modified_time":"2025-12-12T16:47:42+00:00","og_image":[{"width":700,"height":700,"url":"https:\/\/paracherkaoui.ma\/wp-content\/uploads\/2025\/12\/uriage-uriage-eau-thermale-masque-deau-nuit-50-ml-masques-et-gommages.jpg","type":"image\/jpeg"}],"twitter_card":"summary_large_image","twitter_misc":{"Dur\u00e9e de lecture estim\u00e9e":"1 minute"},"schema":{"@context":"https:\/\/schema.org","@graph":[{"@type":"WebPage","@id":"https:\/\/paracherkaoui.ma\/index.php\/produit\/uriage-eau-thermale-masque-deau-nuit-50-ml\/","url":"https:\/\/paracherkaoui.ma\/index.php\/produit\/uriage-eau-thermale-masque-deau-nuit-50-ml\/","name":"URIAGE EAU THERMALE MASQUE D\u2019EAU NUIT 50 ML - Paracherkaoui.ma","isPartOf":{"@id":"https:\/\/paracherkaoui.ma\/#website"},"primaryImageOfPage":{"@id":"https:\/\/paracherkaoui.ma\/index.php\/produit\/uriage-eau-thermale-masque-deau-nuit-50-ml\/#primaryimage"},"image":{"@id":"https:\/\/paracherkaoui.ma\/index.php\/produit\/uriage-eau-thermale-masque-deau-nuit-50-ml\/#primaryimage"},"thumbnailUrl":"https:\/\/paracherkaoui.ma\/wp-content\/uploads\/2025\/12\/uriage-uriage-eau-thermale-masque-deau-nuit-50-ml-masques-et-gommages.jpg","datePublished":"2025-12-12T16:47:41+00:00","dateModified":"2025-12-12T16:47:42+00:00","breadcrumb":{"@id":"https:\/\/paracherkaoui.ma\/index.php\/produit\/uriage-eau-thermale-masque-deau-nuit-50-ml\/#breadcrumb"},"inLanguage":"fr-FR","potentialAction":[{"@type":"ReadAction","target":["https:\/\/paracherkaoui.ma\/index.php\/produit\/uriage-eau-thermale-masque-deau-nuit-50-ml\/"]}]},{"@type":"ImageObject","inLanguage":"fr-FR","@id":"https:\/\/paracherkaoui.ma\/index.php\/produit\/uriage-eau-thermale-masque-deau-nuit-50-ml\/#primaryimage","url":"https:\/\/paracherkaoui.ma\/wp-content\/uploads\/2025\/12\/uriage-uriage-eau-thermale-masque-deau-nuit-50-ml-masques-et-gommages.jpg","contentUrl":"https:\/\/paracherkaoui.ma\/wp-content\/uploads\/2025\/12\/uriage-uriage-eau-thermale-masque-deau-nuit-50-ml-masques-et-gommages.jpg","width":700,"height":700},{"@type":"BreadcrumbList","@id":"https:\/\/paracherkaoui.ma\/index.php\/produit\/uriage-eau-thermale-masque-deau-nuit-50-ml\/#breadcrumb","itemListElement":[{"@type":"ListItem","position":1,"name":"Accueil","item":"https:\/\/paracherkaoui.ma\/"},{"@type":"ListItem","position":2,"name":"Boutique","item":"https:\/\/paracherkaoui.ma\/index.php\/boutique\/"},{"@type":"ListItem","position":3,"name":"URIAGE EAU THERMALE MASQUE D\u2019EAU NUIT 50 ML"}]},{"@type":"WebSite","@id":"https:\/\/paracherkaoui.ma\/#website","url":"https:\/\/paracherkaoui.ma\/","name":"Paracherkaoui.ma","description":"Achetez en ligne sur Paracherkaoui.ma","potentialAction":[{"@type":"SearchAction","target":{"@type":"EntryPoint","urlTemplate":"https:\/\/paracherkaoui.ma\/?s={search_term_string}"},"query-input":{"@type":"PropertyValueSpecification","valueRequired":true,"valueName":"search_term_string"}}],"inLanguage":"fr-FR"}]}},"_links":{"self":[{"href":"https:\/\/paracherkaoui.ma\/index.php\/wp-json\/wp\/v2\/product\/13421","targetHints":{"allow":["GET"]}}],"collection":[{"href":"https:\/\/paracherkaoui.ma\/index.php\/wp-json\/wp\/v2\/product"}],"about":[{"href":"https:\/\/paracherkaoui.ma\/index.php\/wp-json\/wp\/v2\/types\/product"}],"replies":[{"embeddable":true,"href":"https:\/\/paracherkaoui.ma\/index.php\/wp-json\/wp\/v2\/comments?post=13421"}],"version-history":[{"count":1,"href":"https:\/\/paracherkaoui.ma\/index.php\/wp-json\/wp\/v2\/product\/13421\/revisions"}],"predecessor-version":[{"id":13442,"href":"https:\/\/paracherkaoui.ma\/index.php\/wp-json\/wp\/v2\/product\/13421\/revisions\/13442"}],"wp:featuredmedia":[{"embeddable":true,"href":"https:\/\/paracherkaoui.ma\/index.php\/wp-json\/wp\/v2\/media\/13441"}],"wp:attachment":[{"href":"https:\/\/paracherkaoui.ma\/index.php\/wp-json\/wp\/v2\/media?parent=13421"}],"wp:term":[{"taxonomy":"product_brand","embeddable":true,"href":"https:\/\/paracherkaoui.ma\/index.php\/wp-json\/wp\/v2\/product_brand?post=13421"},{"taxonomy":"product_cat","embeddable":true,"href":"https:\/\/paracherkaoui.ma\/index.php\/wp-json\/wp\/v2\/product_cat?post=13421"},{"taxonomy":"product_tag","embeddable":true,"href":"https:\/\/paracherkaoui.ma\/index.php\/wp-json\/wp\/v2\/product_tag?post=13421"}],"curies":[{"name":"wp","href":"https:\/\/api.w.org\/{rel}","templated":true}]}}