{"id":13370,"date":"2025-12-12T17:47:38","date_gmt":"2025-12-12T16:47:38","guid":{"rendered":"https:\/\/test.ecbeaute.com\/?post_type=product&#038;p=13370"},"modified":"2025-12-12T17:47:41","modified_gmt":"2025-12-12T16:47:41","slug":"avene-cleanance-hydra-creme-apaisante-40-ml","status":"publish","type":"product","link":"https:\/\/paracherkaoui.ma\/index.php\/produit\/avene-cleanance-hydra-creme-apaisante-40-ml\/","title":{"rendered":"AVENE CLEANANCE HYDRA CREME APAISANTE 40 ML"},"content":{"rendered":"<p>Une cr\u00e8me hydratante compensatrice et relipidante, qui compense les effets dess\u00e9chants des traitements m\u00e9dicamenteux qui ass\u00e8chent les peaux \u00e0 tendance acn\u00e9ique. Gr\u00e2ce \u00e0 une combinaison d&rsquo;actifs cibl\u00e9s : le Glycol\u00e9ol relipidant, et le Sulfate de dextran, un actif qui calme les irritations et attenue les rougeurs, cette cr\u00e8me contribue \u00e0 reconstituer le film hydrolipidique alt\u00e9r\u00e9,\u00e0 nourrir et \u00e0 restaurer le confort cutan\u00e9 afin de faciliter le suivi des traitements m\u00e9dicamenteux. De plus sa texture onctueuse, non grasse, est facile \u00e0 \u00e9taler et rapidement absorb\u00e9e.<br \/>\nLes bienfaits :<br \/>\n\u2022 RELIPIDANT : pour compenser les effets dess\u00e9chants des traitements m\u00e9dicamenteux.<br \/>\n\u2022 NOURRISSANT : restaure le confort cutan\u00e9.<br \/>\n\u2022 APAISANT : pour les peaux fragilis\u00e9es.<br \/>\nConseils d&rsquo;utilisation:<br \/>\nEtalez une noisette de produit matin et\/ou soir sur le bout de vos doigts et la faire p\u00e9n\u00e9trer en lissage doux en insistant sur les zones tr\u00e9s s\u00e8ches (joues, front etc..).<\/p>\n","protected":false},"excerpt":{"rendered":"<p>Une cr\u00e8me hydratante compensatrice et relipidante, qui compense les effets dess\u00e9chants des traitements m\u00e9dicamenteux qui ass\u00e8chent les peaux \u00e0 tendance<\/p>\n","protected":false},"featured_media":13417,"comment_status":"open","ping_status":"closed","template":"","meta":[],"product_brand":[136],"product_cat":[173],"product_tag":[],"class_list":{"0":"post-13370","1":"product","2":"type-product","3":"status-publish","4":"has-post-thumbnail","6":"product_brand-avene","7":"product_cat-cremes-et-soins-visage","9":"first","10":"instock","11":"sale","12":"shipping-taxable","13":"purchasable","14":"product-type-simple"},"yoast_head":"<!-- This site is optimized with the Yoast SEO plugin v26.6 - https:\/\/yoast.com\/wordpress\/plugins\/seo\/ -->\r\n<title>AVENE CLEANANCE HYDRA CREME APAISANTE 40 ML - Paracherkaoui.ma<\/title>\r\n<meta name=\"robots\" content=\"index, follow, max-snippet:-1, max-image-preview:large, max-video-preview:-1\" \/>\r\n<link rel=\"canonical\" href=\"https:\/\/paracherkaoui.ma\/index.php\/produit\/avene-cleanance-hydra-creme-apaisante-40-ml\/\" \/>\r\n<meta property=\"og:locale\" content=\"fr_FR\" \/>\r\n<meta property=\"og:type\" content=\"article\" \/>\r\n<meta property=\"og:title\" content=\"AVENE CLEANANCE HYDRA CREME APAISANTE 40 ML - Paracherkaoui.ma\" \/>\r\n<meta property=\"og:description\" content=\"Une cr\u00e8me hydratante compensatrice et relipidante, qui compense les effets dess\u00e9chants des traitements m\u00e9dicamenteux qui ass\u00e8chent les peaux \u00e0 tendance\" \/>\r\n<meta property=\"og:url\" content=\"https:\/\/paracherkaoui.ma\/index.php\/produit\/avene-cleanance-hydra-creme-apaisante-40-ml\/\" \/>\r\n<meta property=\"og:site_name\" content=\"Paracherkaoui.ma\" \/>\r\n<meta property=\"article:modified_time\" content=\"2025-12-12T16:47:41+00:00\" \/>\r\n<meta property=\"og:image\" content=\"https:\/\/paracherkaoui.ma\/wp-content\/uploads\/2025\/12\/avene-avene-cleanance-hydra-creme-apaisante-40-ml-soins-anti-imperfections.jpg\" \/>\r\n\t<meta property=\"og:image:width\" content=\"700\" \/>\r\n\t<meta property=\"og:image:height\" content=\"700\" \/>\r\n\t<meta property=\"og:image:type\" content=\"image\/jpeg\" \/>\r\n<meta name=\"twitter:card\" content=\"summary_large_image\" \/>\r\n<meta name=\"twitter:label1\" content=\"Dur\u00e9e de lecture estim\u00e9e\" \/>\n\t<meta name=\"twitter:data1\" content=\"1 minute\" \/>\r\n<script type=\"application\/ld+json\" class=\"yoast-schema-graph\">{\"@context\":\"https:\/\/schema.org\",\"@graph\":[{\"@type\":\"WebPage\",\"@id\":\"https:\/\/paracherkaoui.ma\/index.php\/produit\/avene-cleanance-hydra-creme-apaisante-40-ml\/\",\"url\":\"https:\/\/paracherkaoui.ma\/index.php\/produit\/avene-cleanance-hydra-creme-apaisante-40-ml\/\",\"name\":\"AVENE CLEANANCE HYDRA CREME APAISANTE 40 ML - Paracherkaoui.ma\",\"isPartOf\":{\"@id\":\"https:\/\/paracherkaoui.ma\/#website\"},\"primaryImageOfPage\":{\"@id\":\"https:\/\/paracherkaoui.ma\/index.php\/produit\/avene-cleanance-hydra-creme-apaisante-40-ml\/#primaryimage\"},\"image\":{\"@id\":\"https:\/\/paracherkaoui.ma\/index.php\/produit\/avene-cleanance-hydra-creme-apaisante-40-ml\/#primaryimage\"},\"thumbnailUrl\":\"https:\/\/paracherkaoui.ma\/wp-content\/uploads\/2025\/12\/avene-avene-cleanance-hydra-creme-apaisante-40-ml-soins-anti-imperfections.jpg\",\"datePublished\":\"2025-12-12T16:47:38+00:00\",\"dateModified\":\"2025-12-12T16:47:41+00:00\",\"breadcrumb\":{\"@id\":\"https:\/\/paracherkaoui.ma\/index.php\/produit\/avene-cleanance-hydra-creme-apaisante-40-ml\/#breadcrumb\"},\"inLanguage\":\"fr-FR\",\"potentialAction\":[{\"@type\":\"ReadAction\",\"target\":[\"https:\/\/paracherkaoui.ma\/index.php\/produit\/avene-cleanance-hydra-creme-apaisante-40-ml\/\"]}]},{\"@type\":\"ImageObject\",\"inLanguage\":\"fr-FR\",\"@id\":\"https:\/\/paracherkaoui.ma\/index.php\/produit\/avene-cleanance-hydra-creme-apaisante-40-ml\/#primaryimage\",\"url\":\"https:\/\/paracherkaoui.ma\/wp-content\/uploads\/2025\/12\/avene-avene-cleanance-hydra-creme-apaisante-40-ml-soins-anti-imperfections.jpg\",\"contentUrl\":\"https:\/\/paracherkaoui.ma\/wp-content\/uploads\/2025\/12\/avene-avene-cleanance-hydra-creme-apaisante-40-ml-soins-anti-imperfections.jpg\",\"width\":700,\"height\":700},{\"@type\":\"BreadcrumbList\",\"@id\":\"https:\/\/paracherkaoui.ma\/index.php\/produit\/avene-cleanance-hydra-creme-apaisante-40-ml\/#breadcrumb\",\"itemListElement\":[{\"@type\":\"ListItem\",\"position\":1,\"name\":\"Accueil\",\"item\":\"https:\/\/paracherkaoui.ma\/\"},{\"@type\":\"ListItem\",\"position\":2,\"name\":\"Boutique\",\"item\":\"https:\/\/paracherkaoui.ma\/index.php\/boutique\/\"},{\"@type\":\"ListItem\",\"position\":3,\"name\":\"AVENE CLEANANCE HYDRA CREME APAISANTE 40 ML\"}]},{\"@type\":\"WebSite\",\"@id\":\"https:\/\/paracherkaoui.ma\/#website\",\"url\":\"https:\/\/paracherkaoui.ma\/\",\"name\":\"Paracherkaoui.ma\",\"description\":\"Achetez en ligne sur Paracherkaoui.ma\",\"potentialAction\":[{\"@type\":\"SearchAction\",\"target\":{\"@type\":\"EntryPoint\",\"urlTemplate\":\"https:\/\/paracherkaoui.ma\/?s={search_term_string}\"},\"query-input\":{\"@type\":\"PropertyValueSpecification\",\"valueRequired\":true,\"valueName\":\"search_term_string\"}}],\"inLanguage\":\"fr-FR\"}]}<\/script>\r\n<!-- \/ Yoast SEO plugin. -->","yoast_head_json":{"title":"AVENE CLEANANCE HYDRA CREME APAISANTE 40 ML - Paracherkaoui.ma","robots":{"index":"index","follow":"follow","max-snippet":"max-snippet:-1","max-image-preview":"max-image-preview:large","max-video-preview":"max-video-preview:-1"},"canonical":"https:\/\/paracherkaoui.ma\/index.php\/produit\/avene-cleanance-hydra-creme-apaisante-40-ml\/","og_locale":"fr_FR","og_type":"article","og_title":"AVENE CLEANANCE HYDRA CREME APAISANTE 40 ML - Paracherkaoui.ma","og_description":"Une cr\u00e8me hydratante compensatrice et relipidante, qui compense les effets dess\u00e9chants des traitements m\u00e9dicamenteux qui ass\u00e8chent les peaux \u00e0 tendance","og_url":"https:\/\/paracherkaoui.ma\/index.php\/produit\/avene-cleanance-hydra-creme-apaisante-40-ml\/","og_site_name":"Paracherkaoui.ma","article_modified_time":"2025-12-12T16:47:41+00:00","og_image":[{"width":700,"height":700,"url":"https:\/\/paracherkaoui.ma\/wp-content\/uploads\/2025\/12\/avene-avene-cleanance-hydra-creme-apaisante-40-ml-soins-anti-imperfections.jpg","type":"image\/jpeg"}],"twitter_card":"summary_large_image","twitter_misc":{"Dur\u00e9e de lecture estim\u00e9e":"1 minute"},"schema":{"@context":"https:\/\/schema.org","@graph":[{"@type":"WebPage","@id":"https:\/\/paracherkaoui.ma\/index.php\/produit\/avene-cleanance-hydra-creme-apaisante-40-ml\/","url":"https:\/\/paracherkaoui.ma\/index.php\/produit\/avene-cleanance-hydra-creme-apaisante-40-ml\/","name":"AVENE CLEANANCE HYDRA CREME APAISANTE 40 ML - Paracherkaoui.ma","isPartOf":{"@id":"https:\/\/paracherkaoui.ma\/#website"},"primaryImageOfPage":{"@id":"https:\/\/paracherkaoui.ma\/index.php\/produit\/avene-cleanance-hydra-creme-apaisante-40-ml\/#primaryimage"},"image":{"@id":"https:\/\/paracherkaoui.ma\/index.php\/produit\/avene-cleanance-hydra-creme-apaisante-40-ml\/#primaryimage"},"thumbnailUrl":"https:\/\/paracherkaoui.ma\/wp-content\/uploads\/2025\/12\/avene-avene-cleanance-hydra-creme-apaisante-40-ml-soins-anti-imperfections.jpg","datePublished":"2025-12-12T16:47:38+00:00","dateModified":"2025-12-12T16:47:41+00:00","breadcrumb":{"@id":"https:\/\/paracherkaoui.ma\/index.php\/produit\/avene-cleanance-hydra-creme-apaisante-40-ml\/#breadcrumb"},"inLanguage":"fr-FR","potentialAction":[{"@type":"ReadAction","target":["https:\/\/paracherkaoui.ma\/index.php\/produit\/avene-cleanance-hydra-creme-apaisante-40-ml\/"]}]},{"@type":"ImageObject","inLanguage":"fr-FR","@id":"https:\/\/paracherkaoui.ma\/index.php\/produit\/avene-cleanance-hydra-creme-apaisante-40-ml\/#primaryimage","url":"https:\/\/paracherkaoui.ma\/wp-content\/uploads\/2025\/12\/avene-avene-cleanance-hydra-creme-apaisante-40-ml-soins-anti-imperfections.jpg","contentUrl":"https:\/\/paracherkaoui.ma\/wp-content\/uploads\/2025\/12\/avene-avene-cleanance-hydra-creme-apaisante-40-ml-soins-anti-imperfections.jpg","width":700,"height":700},{"@type":"BreadcrumbList","@id":"https:\/\/paracherkaoui.ma\/index.php\/produit\/avene-cleanance-hydra-creme-apaisante-40-ml\/#breadcrumb","itemListElement":[{"@type":"ListItem","position":1,"name":"Accueil","item":"https:\/\/paracherkaoui.ma\/"},{"@type":"ListItem","position":2,"name":"Boutique","item":"https:\/\/paracherkaoui.ma\/index.php\/boutique\/"},{"@type":"ListItem","position":3,"name":"AVENE CLEANANCE HYDRA CREME APAISANTE 40 ML"}]},{"@type":"WebSite","@id":"https:\/\/paracherkaoui.ma\/#website","url":"https:\/\/paracherkaoui.ma\/","name":"Paracherkaoui.ma","description":"Achetez en ligne sur Paracherkaoui.ma","potentialAction":[{"@type":"SearchAction","target":{"@type":"EntryPoint","urlTemplate":"https:\/\/paracherkaoui.ma\/?s={search_term_string}"},"query-input":{"@type":"PropertyValueSpecification","valueRequired":true,"valueName":"search_term_string"}}],"inLanguage":"fr-FR"}]}},"_links":{"self":[{"href":"https:\/\/paracherkaoui.ma\/index.php\/wp-json\/wp\/v2\/product\/13370","targetHints":{"allow":["GET"]}}],"collection":[{"href":"https:\/\/paracherkaoui.ma\/index.php\/wp-json\/wp\/v2\/product"}],"about":[{"href":"https:\/\/paracherkaoui.ma\/index.php\/wp-json\/wp\/v2\/types\/product"}],"replies":[{"embeddable":true,"href":"https:\/\/paracherkaoui.ma\/index.php\/wp-json\/wp\/v2\/comments?post=13370"}],"version-history":[{"count":1,"href":"https:\/\/paracherkaoui.ma\/index.php\/wp-json\/wp\/v2\/product\/13370\/revisions"}],"predecessor-version":[{"id":13418,"href":"https:\/\/paracherkaoui.ma\/index.php\/wp-json\/wp\/v2\/product\/13370\/revisions\/13418"}],"wp:featuredmedia":[{"embeddable":true,"href":"https:\/\/paracherkaoui.ma\/index.php\/wp-json\/wp\/v2\/media\/13417"}],"wp:attachment":[{"href":"https:\/\/paracherkaoui.ma\/index.php\/wp-json\/wp\/v2\/media?parent=13370"}],"wp:term":[{"taxonomy":"product_brand","embeddable":true,"href":"https:\/\/paracherkaoui.ma\/index.php\/wp-json\/wp\/v2\/product_brand?post=13370"},{"taxonomy":"product_cat","embeddable":true,"href":"https:\/\/paracherkaoui.ma\/index.php\/wp-json\/wp\/v2\/product_cat?post=13370"},{"taxonomy":"product_tag","embeddable":true,"href":"https:\/\/paracherkaoui.ma\/index.php\/wp-json\/wp\/v2\/product_tag?post=13370"}],"curies":[{"name":"wp","href":"https:\/\/api.w.org\/{rel}","templated":true}]}}