{"id":13212,"date":"2025-12-12T17:47:25","date_gmt":"2025-12-12T16:47:25","guid":{"rendered":"https:\/\/test.ecbeaute.com\/?post_type=product&#038;p=13212"},"modified":"2025-12-12T17:47:28","modified_gmt":"2025-12-12T16:47:28","slug":"avene-hydrance-legere-emulsion-hydratante-40-ml","status":"publish","type":"product","link":"https:\/\/paracherkaoui.ma\/index.php\/produit\/avene-hydrance-legere-emulsion-hydratante-40-ml\/","title":{"rendered":"AVENE HYDRANCE LEGERE EMULSION HYDRATANTE 40 ML"},"content":{"rendered":"<p>Hydrate votre peau durablement. Sa texture fine et fra\u00eeche laisse la peau infiniment confortable et douce.<br \/>\nHydratante:<br \/>\nSes agents hydratants optimisent de surcro\u00eet la p\u00e9n\u00e9tration et la diffusion de l\u2019Eau thermale d\u2019Av\u00e8ne dans la peau et contr\u00f4le la perte insensible en eau.<br \/>\nPurifiante :<br \/>\nSes capsules s\u00e9boabsorbantes retiennent le s\u00e9bum et matifient votre teint.<br \/>\nApaisante :<br \/>\nRiche en Eau thermale d\u2019Av\u00e8ne, apaisante et anti-irritante, elle enveloppe votre peau d\u2019un voile de douceur.\u00a0Couches sup\u00e9rieures de la peau<br \/>\nConseils d&rsquo;utilisation:<br \/>\no Appliquez le matin ou le soir sur une peau parfaitement propre et s\u00e8che.<br \/>\no Le matin, vous pouvez choisir d\u2019appliquer Hydrance Optimale UV l\u00e9g\u00e8re qui vous prot\u00e8gera du soleil.<br \/>\nIngr\u00e9dients :<br \/>\nTRIETHYLHEXANOIN. 1,2-HEXANEDIOL. POLYMETHYL METHACRYLATE. POTASSIUM CETYL PHOSPHATE. ACRYLATES\/C10-30 ALKYL ACRYLATE CROSSPOLYMER. BENZOIC ACID. C12-20 ALKYL GLUCOSIDE. FRAGRANCE (PARFUM). HYDROXYETHYL ACRYLATE\/SODIUM ACRYLOYLDIMETHYL TAURATE COPOLYMER. PHYTOSTEROLS. POLYSORBATE 60. SCLEROTIUM GUM. SODIUM HYDROXIDE. SORBITAN ISOSTEARATE. SQUALANE. WATER (AQUA)<\/p>\n","protected":false},"excerpt":{"rendered":"<p>Hydrate votre peau durablement. Sa texture fine et fra\u00eeche laisse la peau infiniment confortable et douce. Hydratante: Ses agents hydratants<\/p>\n","protected":false},"featured_media":13260,"comment_status":"open","ping_status":"closed","template":"","meta":[],"product_brand":[136],"product_cat":[173],"product_tag":[],"class_list":{"0":"post-13212","1":"product","2":"type-product","3":"status-publish","4":"has-post-thumbnail","6":"product_brand-avene","7":"product_cat-cremes-et-soins-visage","9":"first","10":"instock","11":"sale","12":"shipping-taxable","13":"purchasable","14":"product-type-simple"},"yoast_head":"<!-- This site is optimized with the Yoast SEO plugin v26.6 - https:\/\/yoast.com\/wordpress\/plugins\/seo\/ -->\r\n<title>AVENE HYDRANCE LEGERE EMULSION HYDRATANTE 40 ML - Paracherkaoui.ma<\/title>\r\n<meta name=\"robots\" content=\"index, follow, max-snippet:-1, max-image-preview:large, max-video-preview:-1\" \/>\r\n<link rel=\"canonical\" href=\"https:\/\/paracherkaoui.ma\/index.php\/produit\/avene-hydrance-legere-emulsion-hydratante-40-ml\/\" \/>\r\n<meta property=\"og:locale\" content=\"fr_FR\" \/>\r\n<meta property=\"og:type\" content=\"article\" \/>\r\n<meta property=\"og:title\" content=\"AVENE HYDRANCE LEGERE EMULSION HYDRATANTE 40 ML - Paracherkaoui.ma\" \/>\r\n<meta property=\"og:description\" content=\"Hydrate votre peau durablement. Sa texture fine et fra\u00eeche laisse la peau infiniment confortable et douce. Hydratante: Ses agents hydratants\" \/>\r\n<meta property=\"og:url\" content=\"https:\/\/paracherkaoui.ma\/index.php\/produit\/avene-hydrance-legere-emulsion-hydratante-40-ml\/\" \/>\r\n<meta property=\"og:site_name\" content=\"Paracherkaoui.ma\" \/>\r\n<meta property=\"article:modified_time\" content=\"2025-12-12T16:47:28+00:00\" \/>\r\n<meta property=\"og:image\" content=\"https:\/\/paracherkaoui.ma\/wp-content\/uploads\/2025\/12\/avene-avene-hydrance-legere-emulsion-hydratante-40-ml-home.jpg\" \/>\r\n\t<meta property=\"og:image:width\" content=\"700\" \/>\r\n\t<meta property=\"og:image:height\" content=\"700\" \/>\r\n\t<meta property=\"og:image:type\" content=\"image\/jpeg\" \/>\r\n<meta name=\"twitter:card\" content=\"summary_large_image\" \/>\r\n<meta name=\"twitter:label1\" content=\"Dur\u00e9e de lecture estim\u00e9e\" \/>\n\t<meta name=\"twitter:data1\" content=\"1 minute\" \/>\r\n<script type=\"application\/ld+json\" class=\"yoast-schema-graph\">{\"@context\":\"https:\/\/schema.org\",\"@graph\":[{\"@type\":\"WebPage\",\"@id\":\"https:\/\/paracherkaoui.ma\/index.php\/produit\/avene-hydrance-legere-emulsion-hydratante-40-ml\/\",\"url\":\"https:\/\/paracherkaoui.ma\/index.php\/produit\/avene-hydrance-legere-emulsion-hydratante-40-ml\/\",\"name\":\"AVENE HYDRANCE LEGERE EMULSION HYDRATANTE 40 ML - Paracherkaoui.ma\",\"isPartOf\":{\"@id\":\"https:\/\/paracherkaoui.ma\/#website\"},\"primaryImageOfPage\":{\"@id\":\"https:\/\/paracherkaoui.ma\/index.php\/produit\/avene-hydrance-legere-emulsion-hydratante-40-ml\/#primaryimage\"},\"image\":{\"@id\":\"https:\/\/paracherkaoui.ma\/index.php\/produit\/avene-hydrance-legere-emulsion-hydratante-40-ml\/#primaryimage\"},\"thumbnailUrl\":\"https:\/\/paracherkaoui.ma\/wp-content\/uploads\/2025\/12\/avene-avene-hydrance-legere-emulsion-hydratante-40-ml-home.jpg\",\"datePublished\":\"2025-12-12T16:47:25+00:00\",\"dateModified\":\"2025-12-12T16:47:28+00:00\",\"breadcrumb\":{\"@id\":\"https:\/\/paracherkaoui.ma\/index.php\/produit\/avene-hydrance-legere-emulsion-hydratante-40-ml\/#breadcrumb\"},\"inLanguage\":\"fr-FR\",\"potentialAction\":[{\"@type\":\"ReadAction\",\"target\":[\"https:\/\/paracherkaoui.ma\/index.php\/produit\/avene-hydrance-legere-emulsion-hydratante-40-ml\/\"]}]},{\"@type\":\"ImageObject\",\"inLanguage\":\"fr-FR\",\"@id\":\"https:\/\/paracherkaoui.ma\/index.php\/produit\/avene-hydrance-legere-emulsion-hydratante-40-ml\/#primaryimage\",\"url\":\"https:\/\/paracherkaoui.ma\/wp-content\/uploads\/2025\/12\/avene-avene-hydrance-legere-emulsion-hydratante-40-ml-home.jpg\",\"contentUrl\":\"https:\/\/paracherkaoui.ma\/wp-content\/uploads\/2025\/12\/avene-avene-hydrance-legere-emulsion-hydratante-40-ml-home.jpg\",\"width\":700,\"height\":700},{\"@type\":\"BreadcrumbList\",\"@id\":\"https:\/\/paracherkaoui.ma\/index.php\/produit\/avene-hydrance-legere-emulsion-hydratante-40-ml\/#breadcrumb\",\"itemListElement\":[{\"@type\":\"ListItem\",\"position\":1,\"name\":\"Accueil\",\"item\":\"https:\/\/paracherkaoui.ma\/\"},{\"@type\":\"ListItem\",\"position\":2,\"name\":\"Boutique\",\"item\":\"https:\/\/paracherkaoui.ma\/index.php\/boutique\/\"},{\"@type\":\"ListItem\",\"position\":3,\"name\":\"AVENE HYDRANCE LEGERE EMULSION HYDRATANTE 40 ML\"}]},{\"@type\":\"WebSite\",\"@id\":\"https:\/\/paracherkaoui.ma\/#website\",\"url\":\"https:\/\/paracherkaoui.ma\/\",\"name\":\"Paracherkaoui.ma\",\"description\":\"Achetez en ligne sur Paracherkaoui.ma\",\"potentialAction\":[{\"@type\":\"SearchAction\",\"target\":{\"@type\":\"EntryPoint\",\"urlTemplate\":\"https:\/\/paracherkaoui.ma\/?s={search_term_string}\"},\"query-input\":{\"@type\":\"PropertyValueSpecification\",\"valueRequired\":true,\"valueName\":\"search_term_string\"}}],\"inLanguage\":\"fr-FR\"}]}<\/script>\r\n<!-- \/ Yoast SEO plugin. -->","yoast_head_json":{"title":"AVENE HYDRANCE LEGERE EMULSION HYDRATANTE 40 ML - Paracherkaoui.ma","robots":{"index":"index","follow":"follow","max-snippet":"max-snippet:-1","max-image-preview":"max-image-preview:large","max-video-preview":"max-video-preview:-1"},"canonical":"https:\/\/paracherkaoui.ma\/index.php\/produit\/avene-hydrance-legere-emulsion-hydratante-40-ml\/","og_locale":"fr_FR","og_type":"article","og_title":"AVENE HYDRANCE LEGERE EMULSION HYDRATANTE 40 ML - Paracherkaoui.ma","og_description":"Hydrate votre peau durablement. Sa texture fine et fra\u00eeche laisse la peau infiniment confortable et douce. Hydratante: Ses agents hydratants","og_url":"https:\/\/paracherkaoui.ma\/index.php\/produit\/avene-hydrance-legere-emulsion-hydratante-40-ml\/","og_site_name":"Paracherkaoui.ma","article_modified_time":"2025-12-12T16:47:28+00:00","og_image":[{"width":700,"height":700,"url":"https:\/\/paracherkaoui.ma\/wp-content\/uploads\/2025\/12\/avene-avene-hydrance-legere-emulsion-hydratante-40-ml-home.jpg","type":"image\/jpeg"}],"twitter_card":"summary_large_image","twitter_misc":{"Dur\u00e9e de lecture estim\u00e9e":"1 minute"},"schema":{"@context":"https:\/\/schema.org","@graph":[{"@type":"WebPage","@id":"https:\/\/paracherkaoui.ma\/index.php\/produit\/avene-hydrance-legere-emulsion-hydratante-40-ml\/","url":"https:\/\/paracherkaoui.ma\/index.php\/produit\/avene-hydrance-legere-emulsion-hydratante-40-ml\/","name":"AVENE HYDRANCE LEGERE EMULSION HYDRATANTE 40 ML - Paracherkaoui.ma","isPartOf":{"@id":"https:\/\/paracherkaoui.ma\/#website"},"primaryImageOfPage":{"@id":"https:\/\/paracherkaoui.ma\/index.php\/produit\/avene-hydrance-legere-emulsion-hydratante-40-ml\/#primaryimage"},"image":{"@id":"https:\/\/paracherkaoui.ma\/index.php\/produit\/avene-hydrance-legere-emulsion-hydratante-40-ml\/#primaryimage"},"thumbnailUrl":"https:\/\/paracherkaoui.ma\/wp-content\/uploads\/2025\/12\/avene-avene-hydrance-legere-emulsion-hydratante-40-ml-home.jpg","datePublished":"2025-12-12T16:47:25+00:00","dateModified":"2025-12-12T16:47:28+00:00","breadcrumb":{"@id":"https:\/\/paracherkaoui.ma\/index.php\/produit\/avene-hydrance-legere-emulsion-hydratante-40-ml\/#breadcrumb"},"inLanguage":"fr-FR","potentialAction":[{"@type":"ReadAction","target":["https:\/\/paracherkaoui.ma\/index.php\/produit\/avene-hydrance-legere-emulsion-hydratante-40-ml\/"]}]},{"@type":"ImageObject","inLanguage":"fr-FR","@id":"https:\/\/paracherkaoui.ma\/index.php\/produit\/avene-hydrance-legere-emulsion-hydratante-40-ml\/#primaryimage","url":"https:\/\/paracherkaoui.ma\/wp-content\/uploads\/2025\/12\/avene-avene-hydrance-legere-emulsion-hydratante-40-ml-home.jpg","contentUrl":"https:\/\/paracherkaoui.ma\/wp-content\/uploads\/2025\/12\/avene-avene-hydrance-legere-emulsion-hydratante-40-ml-home.jpg","width":700,"height":700},{"@type":"BreadcrumbList","@id":"https:\/\/paracherkaoui.ma\/index.php\/produit\/avene-hydrance-legere-emulsion-hydratante-40-ml\/#breadcrumb","itemListElement":[{"@type":"ListItem","position":1,"name":"Accueil","item":"https:\/\/paracherkaoui.ma\/"},{"@type":"ListItem","position":2,"name":"Boutique","item":"https:\/\/paracherkaoui.ma\/index.php\/boutique\/"},{"@type":"ListItem","position":3,"name":"AVENE HYDRANCE LEGERE EMULSION HYDRATANTE 40 ML"}]},{"@type":"WebSite","@id":"https:\/\/paracherkaoui.ma\/#website","url":"https:\/\/paracherkaoui.ma\/","name":"Paracherkaoui.ma","description":"Achetez en ligne sur Paracherkaoui.ma","potentialAction":[{"@type":"SearchAction","target":{"@type":"EntryPoint","urlTemplate":"https:\/\/paracherkaoui.ma\/?s={search_term_string}"},"query-input":{"@type":"PropertyValueSpecification","valueRequired":true,"valueName":"search_term_string"}}],"inLanguage":"fr-FR"}]}},"_links":{"self":[{"href":"https:\/\/paracherkaoui.ma\/index.php\/wp-json\/wp\/v2\/product\/13212","targetHints":{"allow":["GET"]}}],"collection":[{"href":"https:\/\/paracherkaoui.ma\/index.php\/wp-json\/wp\/v2\/product"}],"about":[{"href":"https:\/\/paracherkaoui.ma\/index.php\/wp-json\/wp\/v2\/types\/product"}],"replies":[{"embeddable":true,"href":"https:\/\/paracherkaoui.ma\/index.php\/wp-json\/wp\/v2\/comments?post=13212"}],"version-history":[{"count":1,"href":"https:\/\/paracherkaoui.ma\/index.php\/wp-json\/wp\/v2\/product\/13212\/revisions"}],"predecessor-version":[{"id":13261,"href":"https:\/\/paracherkaoui.ma\/index.php\/wp-json\/wp\/v2\/product\/13212\/revisions\/13261"}],"wp:featuredmedia":[{"embeddable":true,"href":"https:\/\/paracherkaoui.ma\/index.php\/wp-json\/wp\/v2\/media\/13260"}],"wp:attachment":[{"href":"https:\/\/paracherkaoui.ma\/index.php\/wp-json\/wp\/v2\/media?parent=13212"}],"wp:term":[{"taxonomy":"product_brand","embeddable":true,"href":"https:\/\/paracherkaoui.ma\/index.php\/wp-json\/wp\/v2\/product_brand?post=13212"},{"taxonomy":"product_cat","embeddable":true,"href":"https:\/\/paracherkaoui.ma\/index.php\/wp-json\/wp\/v2\/product_cat?post=13212"},{"taxonomy":"product_tag","embeddable":true,"href":"https:\/\/paracherkaoui.ma\/index.php\/wp-json\/wp\/v2\/product_tag?post=13212"}],"curies":[{"name":"wp","href":"https:\/\/api.w.org\/{rel}","templated":true}]}}