{"id":13108,"date":"2025-12-12T17:47:19","date_gmt":"2025-12-12T16:47:19","guid":{"rendered":"https:\/\/test.ecbeaute.com\/?post_type=product&#038;p=13108"},"modified":"2025-12-12T17:47:20","modified_gmt":"2025-12-12T16:47:20","slug":"bioderma-photoderm-cover-touch-teinte-doree-spf-50","status":"publish","type":"product","link":"https:\/\/paracherkaoui.ma\/index.php\/produit\/bioderma-photoderm-cover-touch-teinte-doree-spf-50\/","title":{"rendered":"BIODERMA PHOTODERM COVER TOUCH TEINTE DOREE spf 50"},"content":{"rendered":"<p>Les peaux mixtes \u00e0 grasses et anciennement \u00e0 tendance acn\u00e9ique peuvent souffrir de l\u00e9sions disgracieuses telles que des taches brunes, des marques ou des rougeurs. Lors de l&rsquo;exposition au soleil, ces troubles cutan\u00e9s sont aggrav\u00e9s. Les taches brunes apparaissent encore plus fonc\u00e9es, les pores sont plus visibles et les taches rouges reviennent en force. Photoderm COVER Touch SPF50+ est adapt\u00e9 aux PEAUX MIXTES \u00c0 GRASSES et ne contient que l&rsquo;essentiel pour :<br \/>\nProt\u00e9gez -vous des rayons UVB, UVA et de la lumi\u00e8re visible avec des filtres solaires 100% min\u00e9raux . De plus, plut\u00f4t que de surcharger la peau de filtres, le SUN ACTIVE DEFENSE de BIODERMA renforce les capacit\u00e9s d&rsquo;auto-d\u00e9fense de la peau contre les impacts biologiques des UVA. La protection solaire de haute technologie combine des filtres UV et une protection biologique brevet\u00e9e qui am\u00e9liore la capacit\u00e9 de la peau \u00e0 se d\u00e9fendre pour aider \u00e0 maintenir durablement le soin de sa sant\u00e9 au soleil.<br \/>\nConseils d&rsquo;utilisation:<br \/>\nPour un usage quotidien apr\u00e8s l&rsquo;application de votre soin hydratant.<br \/>\nPour un teint z\u00e9ro d\u00e9faut au fini mat, sans effet masque, r\u00e9partir le produit sur la peau en partant du centre du visage vers l&rsquo;ext\u00e9rieur.<br \/>\nVous pouvez utiliser un m\u00e9langeur ou un pinceau de maquillage pour parfaire le look de votre visage.<br \/>\nAppliquer uniform\u00e9ment et g\u00e9n\u00e9reusement sur le visage et le cou (une petite quantit\u00e9 de produit diminue le niveau de protection solaire).<br \/>\nRenouveler l&rsquo;application apr\u00e8s avoir transpir\u00e9, nag\u00e9 ou s&rsquo;\u00eatre essuy\u00e9 avec une serviette pour maintenir la protection.<\/p>\n","protected":false},"excerpt":{"rendered":"<p>Les peaux mixtes \u00e0 grasses et anciennement \u00e0 tendance acn\u00e9ique peuvent souffrir de l\u00e9sions disgracieuses telles que des taches brunes,<\/p>\n","protected":false},"featured_media":13142,"comment_status":"open","ping_status":"closed","template":"","meta":[],"product_brand":[137],"product_cat":[171],"product_tag":[],"class_list":{"0":"post-13108","1":"product","2":"type-product","3":"status-publish","4":"has-post-thumbnail","6":"product_brand-bioderma","7":"product_cat-protection-solaire-visage","9":"first","10":"instock","11":"sale","12":"shipping-taxable","13":"purchasable","14":"product-type-simple"},"yoast_head":"<!-- This site is optimized with the Yoast SEO plugin v26.6 - https:\/\/yoast.com\/wordpress\/plugins\/seo\/ -->\r\n<title>BIODERMA PHOTODERM COVER TOUCH TEINTE DOREE spf 50 - Paracherkaoui.ma<\/title>\r\n<meta name=\"robots\" content=\"index, follow, max-snippet:-1, max-image-preview:large, max-video-preview:-1\" \/>\r\n<link rel=\"canonical\" href=\"https:\/\/paracherkaoui.ma\/index.php\/produit\/bioderma-photoderm-cover-touch-teinte-doree-spf-50\/\" \/>\r\n<meta property=\"og:locale\" content=\"fr_FR\" \/>\r\n<meta property=\"og:type\" content=\"article\" \/>\r\n<meta property=\"og:title\" content=\"BIODERMA PHOTODERM COVER TOUCH TEINTE DOREE spf 50 - Paracherkaoui.ma\" \/>\r\n<meta property=\"og:description\" content=\"Les peaux mixtes \u00e0 grasses et anciennement \u00e0 tendance acn\u00e9ique peuvent souffrir de l\u00e9sions disgracieuses telles que des taches brunes,\" \/>\r\n<meta property=\"og:url\" content=\"https:\/\/paracherkaoui.ma\/index.php\/produit\/bioderma-photoderm-cover-touch-teinte-doree-spf-50\/\" \/>\r\n<meta property=\"og:site_name\" content=\"Paracherkaoui.ma\" \/>\r\n<meta property=\"article:modified_time\" content=\"2025-12-12T16:47:20+00:00\" \/>\r\n<meta property=\"og:image\" content=\"https:\/\/paracherkaoui.ma\/wp-content\/uploads\/2025\/12\/bioderma-bioderma-photoderm-cover-touch-teinte-doree-spf-50-cremes.jpg\" \/>\r\n\t<meta property=\"og:image:width\" content=\"700\" \/>\r\n\t<meta property=\"og:image:height\" content=\"700\" \/>\r\n\t<meta property=\"og:image:type\" content=\"image\/jpeg\" \/>\r\n<meta name=\"twitter:card\" content=\"summary_large_image\" \/>\r\n<meta name=\"twitter:label1\" content=\"Dur\u00e9e de lecture estim\u00e9e\" \/>\n\t<meta name=\"twitter:data1\" content=\"1 minute\" \/>\r\n<script type=\"application\/ld+json\" class=\"yoast-schema-graph\">{\"@context\":\"https:\/\/schema.org\",\"@graph\":[{\"@type\":\"WebPage\",\"@id\":\"https:\/\/paracherkaoui.ma\/index.php\/produit\/bioderma-photoderm-cover-touch-teinte-doree-spf-50\/\",\"url\":\"https:\/\/paracherkaoui.ma\/index.php\/produit\/bioderma-photoderm-cover-touch-teinte-doree-spf-50\/\",\"name\":\"BIODERMA PHOTODERM COVER TOUCH TEINTE DOREE spf 50 - Paracherkaoui.ma\",\"isPartOf\":{\"@id\":\"https:\/\/paracherkaoui.ma\/#website\"},\"primaryImageOfPage\":{\"@id\":\"https:\/\/paracherkaoui.ma\/index.php\/produit\/bioderma-photoderm-cover-touch-teinte-doree-spf-50\/#primaryimage\"},\"image\":{\"@id\":\"https:\/\/paracherkaoui.ma\/index.php\/produit\/bioderma-photoderm-cover-touch-teinte-doree-spf-50\/#primaryimage\"},\"thumbnailUrl\":\"https:\/\/paracherkaoui.ma\/wp-content\/uploads\/2025\/12\/bioderma-bioderma-photoderm-cover-touch-teinte-doree-spf-50-cremes.jpg\",\"datePublished\":\"2025-12-12T16:47:19+00:00\",\"dateModified\":\"2025-12-12T16:47:20+00:00\",\"breadcrumb\":{\"@id\":\"https:\/\/paracherkaoui.ma\/index.php\/produit\/bioderma-photoderm-cover-touch-teinte-doree-spf-50\/#breadcrumb\"},\"inLanguage\":\"fr-FR\",\"potentialAction\":[{\"@type\":\"ReadAction\",\"target\":[\"https:\/\/paracherkaoui.ma\/index.php\/produit\/bioderma-photoderm-cover-touch-teinte-doree-spf-50\/\"]}]},{\"@type\":\"ImageObject\",\"inLanguage\":\"fr-FR\",\"@id\":\"https:\/\/paracherkaoui.ma\/index.php\/produit\/bioderma-photoderm-cover-touch-teinte-doree-spf-50\/#primaryimage\",\"url\":\"https:\/\/paracherkaoui.ma\/wp-content\/uploads\/2025\/12\/bioderma-bioderma-photoderm-cover-touch-teinte-doree-spf-50-cremes.jpg\",\"contentUrl\":\"https:\/\/paracherkaoui.ma\/wp-content\/uploads\/2025\/12\/bioderma-bioderma-photoderm-cover-touch-teinte-doree-spf-50-cremes.jpg\",\"width\":700,\"height\":700},{\"@type\":\"BreadcrumbList\",\"@id\":\"https:\/\/paracherkaoui.ma\/index.php\/produit\/bioderma-photoderm-cover-touch-teinte-doree-spf-50\/#breadcrumb\",\"itemListElement\":[{\"@type\":\"ListItem\",\"position\":1,\"name\":\"Accueil\",\"item\":\"https:\/\/paracherkaoui.ma\/\"},{\"@type\":\"ListItem\",\"position\":2,\"name\":\"Boutique\",\"item\":\"https:\/\/paracherkaoui.ma\/index.php\/boutique\/\"},{\"@type\":\"ListItem\",\"position\":3,\"name\":\"BIODERMA PHOTODERM COVER TOUCH TEINTE DOREE spf 50\"}]},{\"@type\":\"WebSite\",\"@id\":\"https:\/\/paracherkaoui.ma\/#website\",\"url\":\"https:\/\/paracherkaoui.ma\/\",\"name\":\"Paracherkaoui.ma\",\"description\":\"Achetez en ligne sur Paracherkaoui.ma\",\"potentialAction\":[{\"@type\":\"SearchAction\",\"target\":{\"@type\":\"EntryPoint\",\"urlTemplate\":\"https:\/\/paracherkaoui.ma\/?s={search_term_string}\"},\"query-input\":{\"@type\":\"PropertyValueSpecification\",\"valueRequired\":true,\"valueName\":\"search_term_string\"}}],\"inLanguage\":\"fr-FR\"}]}<\/script>\r\n<!-- \/ Yoast SEO plugin. -->","yoast_head_json":{"title":"BIODERMA PHOTODERM COVER TOUCH TEINTE DOREE spf 50 - Paracherkaoui.ma","robots":{"index":"index","follow":"follow","max-snippet":"max-snippet:-1","max-image-preview":"max-image-preview:large","max-video-preview":"max-video-preview:-1"},"canonical":"https:\/\/paracherkaoui.ma\/index.php\/produit\/bioderma-photoderm-cover-touch-teinte-doree-spf-50\/","og_locale":"fr_FR","og_type":"article","og_title":"BIODERMA PHOTODERM COVER TOUCH TEINTE DOREE spf 50 - Paracherkaoui.ma","og_description":"Les peaux mixtes \u00e0 grasses et anciennement \u00e0 tendance acn\u00e9ique peuvent souffrir de l\u00e9sions disgracieuses telles que des taches brunes,","og_url":"https:\/\/paracherkaoui.ma\/index.php\/produit\/bioderma-photoderm-cover-touch-teinte-doree-spf-50\/","og_site_name":"Paracherkaoui.ma","article_modified_time":"2025-12-12T16:47:20+00:00","og_image":[{"width":700,"height":700,"url":"https:\/\/paracherkaoui.ma\/wp-content\/uploads\/2025\/12\/bioderma-bioderma-photoderm-cover-touch-teinte-doree-spf-50-cremes.jpg","type":"image\/jpeg"}],"twitter_card":"summary_large_image","twitter_misc":{"Dur\u00e9e de lecture estim\u00e9e":"1 minute"},"schema":{"@context":"https:\/\/schema.org","@graph":[{"@type":"WebPage","@id":"https:\/\/paracherkaoui.ma\/index.php\/produit\/bioderma-photoderm-cover-touch-teinte-doree-spf-50\/","url":"https:\/\/paracherkaoui.ma\/index.php\/produit\/bioderma-photoderm-cover-touch-teinte-doree-spf-50\/","name":"BIODERMA PHOTODERM COVER TOUCH TEINTE DOREE spf 50 - Paracherkaoui.ma","isPartOf":{"@id":"https:\/\/paracherkaoui.ma\/#website"},"primaryImageOfPage":{"@id":"https:\/\/paracherkaoui.ma\/index.php\/produit\/bioderma-photoderm-cover-touch-teinte-doree-spf-50\/#primaryimage"},"image":{"@id":"https:\/\/paracherkaoui.ma\/index.php\/produit\/bioderma-photoderm-cover-touch-teinte-doree-spf-50\/#primaryimage"},"thumbnailUrl":"https:\/\/paracherkaoui.ma\/wp-content\/uploads\/2025\/12\/bioderma-bioderma-photoderm-cover-touch-teinte-doree-spf-50-cremes.jpg","datePublished":"2025-12-12T16:47:19+00:00","dateModified":"2025-12-12T16:47:20+00:00","breadcrumb":{"@id":"https:\/\/paracherkaoui.ma\/index.php\/produit\/bioderma-photoderm-cover-touch-teinte-doree-spf-50\/#breadcrumb"},"inLanguage":"fr-FR","potentialAction":[{"@type":"ReadAction","target":["https:\/\/paracherkaoui.ma\/index.php\/produit\/bioderma-photoderm-cover-touch-teinte-doree-spf-50\/"]}]},{"@type":"ImageObject","inLanguage":"fr-FR","@id":"https:\/\/paracherkaoui.ma\/index.php\/produit\/bioderma-photoderm-cover-touch-teinte-doree-spf-50\/#primaryimage","url":"https:\/\/paracherkaoui.ma\/wp-content\/uploads\/2025\/12\/bioderma-bioderma-photoderm-cover-touch-teinte-doree-spf-50-cremes.jpg","contentUrl":"https:\/\/paracherkaoui.ma\/wp-content\/uploads\/2025\/12\/bioderma-bioderma-photoderm-cover-touch-teinte-doree-spf-50-cremes.jpg","width":700,"height":700},{"@type":"BreadcrumbList","@id":"https:\/\/paracherkaoui.ma\/index.php\/produit\/bioderma-photoderm-cover-touch-teinte-doree-spf-50\/#breadcrumb","itemListElement":[{"@type":"ListItem","position":1,"name":"Accueil","item":"https:\/\/paracherkaoui.ma\/"},{"@type":"ListItem","position":2,"name":"Boutique","item":"https:\/\/paracherkaoui.ma\/index.php\/boutique\/"},{"@type":"ListItem","position":3,"name":"BIODERMA PHOTODERM COVER TOUCH TEINTE DOREE spf 50"}]},{"@type":"WebSite","@id":"https:\/\/paracherkaoui.ma\/#website","url":"https:\/\/paracherkaoui.ma\/","name":"Paracherkaoui.ma","description":"Achetez en ligne sur Paracherkaoui.ma","potentialAction":[{"@type":"SearchAction","target":{"@type":"EntryPoint","urlTemplate":"https:\/\/paracherkaoui.ma\/?s={search_term_string}"},"query-input":{"@type":"PropertyValueSpecification","valueRequired":true,"valueName":"search_term_string"}}],"inLanguage":"fr-FR"}]}},"_links":{"self":[{"href":"https:\/\/paracherkaoui.ma\/index.php\/wp-json\/wp\/v2\/product\/13108","targetHints":{"allow":["GET"]}}],"collection":[{"href":"https:\/\/paracherkaoui.ma\/index.php\/wp-json\/wp\/v2\/product"}],"about":[{"href":"https:\/\/paracherkaoui.ma\/index.php\/wp-json\/wp\/v2\/types\/product"}],"replies":[{"embeddable":true,"href":"https:\/\/paracherkaoui.ma\/index.php\/wp-json\/wp\/v2\/comments?post=13108"}],"version-history":[{"count":1,"href":"https:\/\/paracherkaoui.ma\/index.php\/wp-json\/wp\/v2\/product\/13108\/revisions"}],"predecessor-version":[{"id":13143,"href":"https:\/\/paracherkaoui.ma\/index.php\/wp-json\/wp\/v2\/product\/13108\/revisions\/13143"}],"wp:featuredmedia":[{"embeddable":true,"href":"https:\/\/paracherkaoui.ma\/index.php\/wp-json\/wp\/v2\/media\/13142"}],"wp:attachment":[{"href":"https:\/\/paracherkaoui.ma\/index.php\/wp-json\/wp\/v2\/media?parent=13108"}],"wp:term":[{"taxonomy":"product_brand","embeddable":true,"href":"https:\/\/paracherkaoui.ma\/index.php\/wp-json\/wp\/v2\/product_brand?post=13108"},{"taxonomy":"product_cat","embeddable":true,"href":"https:\/\/paracherkaoui.ma\/index.php\/wp-json\/wp\/v2\/product_cat?post=13108"},{"taxonomy":"product_tag","embeddable":true,"href":"https:\/\/paracherkaoui.ma\/index.php\/wp-json\/wp\/v2\/product_tag?post=13108"}],"curies":[{"name":"wp","href":"https:\/\/api.w.org\/{rel}","templated":true}]}}