{"id":12384,"date":"2025-12-12T17:46:13","date_gmt":"2025-12-12T16:46:13","guid":{"rendered":"https:\/\/test.ecbeaute.com\/?post_type=product&#038;p=12384"},"modified":"2025-12-12T17:46:17","modified_gmt":"2025-12-12T16:46:17","slug":"uriage-huile-demaquillante-100-ml","status":"publish","type":"product","link":"https:\/\/paracherkaoui.ma\/index.php\/produit\/uriage-huile-demaquillante-100-ml\/","title":{"rendered":"URIAGE HUILE DEMAQUILLANTE 100 ML"},"content":{"rendered":"<p>DESCRIPTION :<br \/>\nL\u2019huile d\u00e9maquillante \u00e9limine parfaitement maquillage (notamment waterproof), corps gras et autres impuret\u00e9s accumul\u00e9es au cours de la journ\u00e9e. Sa formule hydrosoluble est tr\u00e8s efficace pour \u00abcapturer\u00bb le maquillage et permet de nettoyer la peau, surtout en cas de pores dilat\u00e9s, puisque l\u2019huile se dissout au contact de l\u2019eau. Son hydratation pr\u00e9serv\u00e9e, la peau est nette, douce et \u00e9clatante.<br \/>\nD\u00e9maquille<\/p>\n<p>L&rsquo;Huile D\u00e9maquillante \u00e9limine efficacement les impuret\u00e9s et le maquillage, m\u00eame waterproof, sur le visage et les yeux.<br \/>\nPr\u00e9serve l&rsquo;hydratation<\/p>\n<p>Enrichie en Huile de Tournesol, ce soin d\u00e9maquillant prot\u00e8ge la peau du dess\u00e8chement.<br \/>\nR\u00e9veille l&rsquo;\u00e9clat<\/p>\n<p>Enrichie en Huile de cranberry, l&rsquo;Huile D\u00e9maquillante prot\u00e8ge et donne de l\u2019\u00e9clat \u00e0 la peau.<br \/>\nR\u00e9sultats<\/p>\n<p>2 doses<br \/>\nd&rsquo;huile dans le creux des mains s\u00e8ches suffisent pour un d\u00e9maquillage optimal.<br \/>\nPRINCIPES ACTIFS<br \/>\nHuile min\u00e9rale Huile de tournesol Huile de cranberry Vitamine E<br \/>\nHypoallerg\u00e9nique Sans alcool Test\u00e9e ophtalmo logiquement sur yeux sensibles et porteuses de lentilles.<br \/>\nCONSEILS D&rsquo;UTILISATION :<br \/>\nVerser 1 \u00e0 2 doses d\u2019huile dans le creux des mains s\u00e8ches. Appliquer d\u00e9licatement sur le visage et les yeux secs, par mouvements circulaires. Avec un peu d\u2019eau, r\u00e9aliser des lissages l\u00e9gers\u00a0 sur le visage, yeux et d\u00e9collet\u00e9. R\u00e9p\u00e9ter ce geste jusqu\u2019\u00e0 ce que l\u2019huile devienne laiteuse. Rincer ensuite soigneusement \u00e0 l\u2019eau claire. Vaporiser de l\u2019Eau Thermale d\u2019Uriage sur l\u2019ensemble du visage et laissez p\u00e9n\u00e9trer. Ne pas s\u00e9cher. Terminer en appliquant son soin traitant.<\/p>\n","protected":false},"excerpt":{"rendered":"<p>DESCRIPTION : L\u2019huile d\u00e9maquillante \u00e9limine parfaitement maquillage (notamment waterproof), corps gras et autres impuret\u00e9s accumul\u00e9es au cours de la journ\u00e9e.<\/p>\n","protected":false},"featured_media":12418,"comment_status":"open","ping_status":"closed","template":"","meta":[],"product_brand":[130],"product_cat":[161],"product_tag":[],"class_list":{"0":"post-12384","1":"product","2":"type-product","3":"status-publish","4":"has-post-thumbnail","6":"product_brand-uriage","7":"product_cat-hygiene-visage","9":"first","10":"instock","11":"sale","12":"shipping-taxable","13":"purchasable","14":"product-type-simple"},"yoast_head":"<!-- This site is optimized with the Yoast SEO plugin v26.6 - https:\/\/yoast.com\/wordpress\/plugins\/seo\/ -->\r\n<title>URIAGE HUILE DEMAQUILLANTE 100 ML - Paracherkaoui.ma<\/title>\r\n<meta name=\"robots\" content=\"index, follow, max-snippet:-1, max-image-preview:large, max-video-preview:-1\" \/>\r\n<link rel=\"canonical\" href=\"https:\/\/paracherkaoui.ma\/index.php\/produit\/uriage-huile-demaquillante-100-ml\/\" \/>\r\n<meta property=\"og:locale\" content=\"fr_FR\" \/>\r\n<meta property=\"og:type\" content=\"article\" \/>\r\n<meta property=\"og:title\" content=\"URIAGE HUILE DEMAQUILLANTE 100 ML - Paracherkaoui.ma\" \/>\r\n<meta property=\"og:description\" content=\"DESCRIPTION : L\u2019huile d\u00e9maquillante \u00e9limine parfaitement maquillage (notamment waterproof), corps gras et autres impuret\u00e9s accumul\u00e9es au cours de la journ\u00e9e.\" \/>\r\n<meta property=\"og:url\" content=\"https:\/\/paracherkaoui.ma\/index.php\/produit\/uriage-huile-demaquillante-100-ml\/\" \/>\r\n<meta property=\"og:site_name\" content=\"Paracherkaoui.ma\" \/>\r\n<meta property=\"article:modified_time\" content=\"2025-12-12T16:46:17+00:00\" \/>\r\n<meta property=\"og:image\" content=\"https:\/\/paracherkaoui.ma\/wp-content\/uploads\/2025\/12\/uriage-uriage-huile-demaquillante-100-ml-nettoyants-visage.jpg\" \/>\r\n\t<meta property=\"og:image:width\" content=\"700\" \/>\r\n\t<meta property=\"og:image:height\" content=\"700\" \/>\r\n\t<meta property=\"og:image:type\" content=\"image\/jpeg\" \/>\r\n<meta name=\"twitter:card\" content=\"summary_large_image\" \/>\r\n<meta name=\"twitter:label1\" content=\"Dur\u00e9e de lecture estim\u00e9e\" \/>\n\t<meta name=\"twitter:data1\" content=\"1 minute\" \/>\r\n<script type=\"application\/ld+json\" class=\"yoast-schema-graph\">{\"@context\":\"https:\/\/schema.org\",\"@graph\":[{\"@type\":\"WebPage\",\"@id\":\"https:\/\/paracherkaoui.ma\/index.php\/produit\/uriage-huile-demaquillante-100-ml\/\",\"url\":\"https:\/\/paracherkaoui.ma\/index.php\/produit\/uriage-huile-demaquillante-100-ml\/\",\"name\":\"URIAGE HUILE DEMAQUILLANTE 100 ML - Paracherkaoui.ma\",\"isPartOf\":{\"@id\":\"https:\/\/paracherkaoui.ma\/#website\"},\"primaryImageOfPage\":{\"@id\":\"https:\/\/paracherkaoui.ma\/index.php\/produit\/uriage-huile-demaquillante-100-ml\/#primaryimage\"},\"image\":{\"@id\":\"https:\/\/paracherkaoui.ma\/index.php\/produit\/uriage-huile-demaquillante-100-ml\/#primaryimage\"},\"thumbnailUrl\":\"https:\/\/paracherkaoui.ma\/wp-content\/uploads\/2025\/12\/uriage-uriage-huile-demaquillante-100-ml-nettoyants-visage.jpg\",\"datePublished\":\"2025-12-12T16:46:13+00:00\",\"dateModified\":\"2025-12-12T16:46:17+00:00\",\"breadcrumb\":{\"@id\":\"https:\/\/paracherkaoui.ma\/index.php\/produit\/uriage-huile-demaquillante-100-ml\/#breadcrumb\"},\"inLanguage\":\"fr-FR\",\"potentialAction\":[{\"@type\":\"ReadAction\",\"target\":[\"https:\/\/paracherkaoui.ma\/index.php\/produit\/uriage-huile-demaquillante-100-ml\/\"]}]},{\"@type\":\"ImageObject\",\"inLanguage\":\"fr-FR\",\"@id\":\"https:\/\/paracherkaoui.ma\/index.php\/produit\/uriage-huile-demaquillante-100-ml\/#primaryimage\",\"url\":\"https:\/\/paracherkaoui.ma\/wp-content\/uploads\/2025\/12\/uriage-uriage-huile-demaquillante-100-ml-nettoyants-visage.jpg\",\"contentUrl\":\"https:\/\/paracherkaoui.ma\/wp-content\/uploads\/2025\/12\/uriage-uriage-huile-demaquillante-100-ml-nettoyants-visage.jpg\",\"width\":700,\"height\":700},{\"@type\":\"BreadcrumbList\",\"@id\":\"https:\/\/paracherkaoui.ma\/index.php\/produit\/uriage-huile-demaquillante-100-ml\/#breadcrumb\",\"itemListElement\":[{\"@type\":\"ListItem\",\"position\":1,\"name\":\"Accueil\",\"item\":\"https:\/\/paracherkaoui.ma\/\"},{\"@type\":\"ListItem\",\"position\":2,\"name\":\"Boutique\",\"item\":\"https:\/\/paracherkaoui.ma\/index.php\/boutique\/\"},{\"@type\":\"ListItem\",\"position\":3,\"name\":\"URIAGE HUILE DEMAQUILLANTE 100 ML\"}]},{\"@type\":\"WebSite\",\"@id\":\"https:\/\/paracherkaoui.ma\/#website\",\"url\":\"https:\/\/paracherkaoui.ma\/\",\"name\":\"Paracherkaoui.ma\",\"description\":\"Achetez en ligne sur Paracherkaoui.ma\",\"potentialAction\":[{\"@type\":\"SearchAction\",\"target\":{\"@type\":\"EntryPoint\",\"urlTemplate\":\"https:\/\/paracherkaoui.ma\/?s={search_term_string}\"},\"query-input\":{\"@type\":\"PropertyValueSpecification\",\"valueRequired\":true,\"valueName\":\"search_term_string\"}}],\"inLanguage\":\"fr-FR\"}]}<\/script>\r\n<!-- \/ Yoast SEO plugin. -->","yoast_head_json":{"title":"URIAGE HUILE DEMAQUILLANTE 100 ML - Paracherkaoui.ma","robots":{"index":"index","follow":"follow","max-snippet":"max-snippet:-1","max-image-preview":"max-image-preview:large","max-video-preview":"max-video-preview:-1"},"canonical":"https:\/\/paracherkaoui.ma\/index.php\/produit\/uriage-huile-demaquillante-100-ml\/","og_locale":"fr_FR","og_type":"article","og_title":"URIAGE HUILE DEMAQUILLANTE 100 ML - Paracherkaoui.ma","og_description":"DESCRIPTION : L\u2019huile d\u00e9maquillante \u00e9limine parfaitement maquillage (notamment waterproof), corps gras et autres impuret\u00e9s accumul\u00e9es au cours de la journ\u00e9e.","og_url":"https:\/\/paracherkaoui.ma\/index.php\/produit\/uriage-huile-demaquillante-100-ml\/","og_site_name":"Paracherkaoui.ma","article_modified_time":"2025-12-12T16:46:17+00:00","og_image":[{"width":700,"height":700,"url":"https:\/\/paracherkaoui.ma\/wp-content\/uploads\/2025\/12\/uriage-uriage-huile-demaquillante-100-ml-nettoyants-visage.jpg","type":"image\/jpeg"}],"twitter_card":"summary_large_image","twitter_misc":{"Dur\u00e9e de lecture estim\u00e9e":"1 minute"},"schema":{"@context":"https:\/\/schema.org","@graph":[{"@type":"WebPage","@id":"https:\/\/paracherkaoui.ma\/index.php\/produit\/uriage-huile-demaquillante-100-ml\/","url":"https:\/\/paracherkaoui.ma\/index.php\/produit\/uriage-huile-demaquillante-100-ml\/","name":"URIAGE HUILE DEMAQUILLANTE 100 ML - Paracherkaoui.ma","isPartOf":{"@id":"https:\/\/paracherkaoui.ma\/#website"},"primaryImageOfPage":{"@id":"https:\/\/paracherkaoui.ma\/index.php\/produit\/uriage-huile-demaquillante-100-ml\/#primaryimage"},"image":{"@id":"https:\/\/paracherkaoui.ma\/index.php\/produit\/uriage-huile-demaquillante-100-ml\/#primaryimage"},"thumbnailUrl":"https:\/\/paracherkaoui.ma\/wp-content\/uploads\/2025\/12\/uriage-uriage-huile-demaquillante-100-ml-nettoyants-visage.jpg","datePublished":"2025-12-12T16:46:13+00:00","dateModified":"2025-12-12T16:46:17+00:00","breadcrumb":{"@id":"https:\/\/paracherkaoui.ma\/index.php\/produit\/uriage-huile-demaquillante-100-ml\/#breadcrumb"},"inLanguage":"fr-FR","potentialAction":[{"@type":"ReadAction","target":["https:\/\/paracherkaoui.ma\/index.php\/produit\/uriage-huile-demaquillante-100-ml\/"]}]},{"@type":"ImageObject","inLanguage":"fr-FR","@id":"https:\/\/paracherkaoui.ma\/index.php\/produit\/uriage-huile-demaquillante-100-ml\/#primaryimage","url":"https:\/\/paracherkaoui.ma\/wp-content\/uploads\/2025\/12\/uriage-uriage-huile-demaquillante-100-ml-nettoyants-visage.jpg","contentUrl":"https:\/\/paracherkaoui.ma\/wp-content\/uploads\/2025\/12\/uriage-uriage-huile-demaquillante-100-ml-nettoyants-visage.jpg","width":700,"height":700},{"@type":"BreadcrumbList","@id":"https:\/\/paracherkaoui.ma\/index.php\/produit\/uriage-huile-demaquillante-100-ml\/#breadcrumb","itemListElement":[{"@type":"ListItem","position":1,"name":"Accueil","item":"https:\/\/paracherkaoui.ma\/"},{"@type":"ListItem","position":2,"name":"Boutique","item":"https:\/\/paracherkaoui.ma\/index.php\/boutique\/"},{"@type":"ListItem","position":3,"name":"URIAGE HUILE DEMAQUILLANTE 100 ML"}]},{"@type":"WebSite","@id":"https:\/\/paracherkaoui.ma\/#website","url":"https:\/\/paracherkaoui.ma\/","name":"Paracherkaoui.ma","description":"Achetez en ligne sur Paracherkaoui.ma","potentialAction":[{"@type":"SearchAction","target":{"@type":"EntryPoint","urlTemplate":"https:\/\/paracherkaoui.ma\/?s={search_term_string}"},"query-input":{"@type":"PropertyValueSpecification","valueRequired":true,"valueName":"search_term_string"}}],"inLanguage":"fr-FR"}]}},"_links":{"self":[{"href":"https:\/\/paracherkaoui.ma\/index.php\/wp-json\/wp\/v2\/product\/12384","targetHints":{"allow":["GET"]}}],"collection":[{"href":"https:\/\/paracherkaoui.ma\/index.php\/wp-json\/wp\/v2\/product"}],"about":[{"href":"https:\/\/paracherkaoui.ma\/index.php\/wp-json\/wp\/v2\/types\/product"}],"replies":[{"embeddable":true,"href":"https:\/\/paracherkaoui.ma\/index.php\/wp-json\/wp\/v2\/comments?post=12384"}],"version-history":[{"count":1,"href":"https:\/\/paracherkaoui.ma\/index.php\/wp-json\/wp\/v2\/product\/12384\/revisions"}],"predecessor-version":[{"id":12419,"href":"https:\/\/paracherkaoui.ma\/index.php\/wp-json\/wp\/v2\/product\/12384\/revisions\/12419"}],"wp:featuredmedia":[{"embeddable":true,"href":"https:\/\/paracherkaoui.ma\/index.php\/wp-json\/wp\/v2\/media\/12418"}],"wp:attachment":[{"href":"https:\/\/paracherkaoui.ma\/index.php\/wp-json\/wp\/v2\/media?parent=12384"}],"wp:term":[{"taxonomy":"product_brand","embeddable":true,"href":"https:\/\/paracherkaoui.ma\/index.php\/wp-json\/wp\/v2\/product_brand?post=12384"},{"taxonomy":"product_cat","embeddable":true,"href":"https:\/\/paracherkaoui.ma\/index.php\/wp-json\/wp\/v2\/product_cat?post=12384"},{"taxonomy":"product_tag","embeddable":true,"href":"https:\/\/paracherkaoui.ma\/index.php\/wp-json\/wp\/v2\/product_tag?post=12384"}],"curies":[{"name":"wp","href":"https:\/\/api.w.org\/{rel}","templated":true}]}}