{"id":12140,"date":"2025-12-12T17:45:42","date_gmt":"2025-12-12T16:45:42","guid":{"rendered":"https:\/\/test.ecbeaute.com\/?post_type=product&#038;p=12140"},"modified":"2025-12-12T17:45:44","modified_gmt":"2025-12-12T16:45:44","slug":"cerave-huile-lavante-moussante-hydratante-473-ml-baume-hydratant-5ml-offert-2","status":"publish","type":"product","link":"https:\/\/paracherkaoui.ma\/index.php\/produit\/cerave-huile-lavante-moussante-hydratante-473-ml-baume-hydratant-5ml-offert-2\/","title":{"rendered":"CERAVE HUILE LAVANTE MOUSSANTE HYDRATANTE 473 ML + BAUME HYDRATANT 5ML OFFERT"},"content":{"rendered":"<p>Enrichie en 3 c\u00e9ramides essentiels (1, 3, 6-II), en acide hyaluronique et en squalane, cette huile lavante moussante contribue \u00e0 renforcer la fonction protectrice de la peau tout en lui apportant une hydratation continue pendant 24h gr\u00e2ce \u00e0 la technologie brevet\u00e9e MVE. Le complexe de triglyc\u00e9rides et le syst\u00e8me lavant \u00e0 base d\u2019acides amin\u00e9s permettent de nettoyer en douceur sans agresser la peau, tout en laissant une agr\u00e9able sensation de confort, sans film gras ni r\u00e9sidu collant.<br \/>\nSa texture soyeuse se transforme en une mousse l\u00e9g\u00e8re qui enveloppe la peau, la soulage imm\u00e9diatement des tiraillements (83% de satisfaction*) et \u00e9limine efficacement les impuret\u00e9s, la pollution et les r\u00e9sidus (81%*).<br \/>\nTest\u00e9e sous contr\u00f4le gyn\u00e9cologique, sans parfum, non com\u00e9dog\u00e8ne et haute tol\u00e9rance, cette huile lavante convient \u00e0 toute la famille, y compris aux nourrissons d\u00e8s 1 mois, aux enfants et aux adultes. Elle peut \u00eatre utilis\u00e9e sur le visage, le corps et les zones intimes, ce qui en fait un soin lavant ultra complet.<br \/>\nEfficacit\u00e9 :<br \/>\nNettoie en douceur gr\u00e2ce \u00e0 sa base lavante douce<br \/>\nEnl\u00e8ve imm\u00e9diatement les salet\u00e9s, les impuret\u00e9s et la pollution : 81%*<br \/>\nSoulage imm\u00e9diatement les tiraillements : 83%*<br \/>\nRelipide et hydrate<br \/>\nApaise les peaux tr\u00e8s s\u00e8ches \u00e0 atopiques<br \/>\nRestaure la barri\u00e8re cutan\u00e9e<br \/>\nConvient aux zones intimes (Test\u00e9e sous contr\u00f4le gyn\u00e9cologique<br \/>\nFacile \u00e0 rincer<br \/>\nNe laisse pas de r\u00e9sidus gras ou collant<br \/>\nR\u00e9sultats apr\u00e8s 2 semaines d\u2019un panel d\u2019utilisateurs compos\u00e9 de 56 femmes, \u00e2g\u00e9es de 18 \u00e0 65 ans ayant une peau normale \u00e0 tr\u00e8s s\u00e8che.<br \/>\nConseils d\u2019utilisation<br \/>\nAppliquez quotidiennement sous la douche sur peau mouill\u00e9e.<br \/>\nD\u00e9posez une noisette d\u2019huile dans vos mains et faites mousser d\u00e9licatement sur le visage et le corps.<br \/>\n\u00c9vitez le contour des yeux.<br \/>\nRincez soigneusement \u00e0 l\u2019eau claire.<br \/>\nS\u00e9chez la peau d\u00e9licatement sans frotter.<br \/>\nPour une routine compl\u00e8te, appliquez ensuite votre soin hydratant CeraVe.<br \/>\nComposition<br \/>\nIngr\u00e9dients &#038; Principes Actifs Cl\u00e9s :<br \/>\nC\u00e9ramides 1, 3 et 6-II qui aident \u00e0 restaurer la barri\u00e8re cutan\u00e9e<br \/>\nLes triglyc\u00e9rides et l\u2019huile de squalane nettoient et hydratent la peau tout en la relipidant<br \/>\nSyst\u00e8me tensioactif \u00e0 base d\u2019acides amin\u00e9es qui sont \u00e0 l\u2019origine de la texture mousseuse qui hydrate sans laisser de film gras sur la peau<br \/>\nTechnologie brevet\u00e9e de diffusion MVE : lib\u00e9ration contr\u00f4l\u00e9e et prolong\u00e9e d&rsquo;actifs pour une hydratation continue pendant 24h<br \/>\nAqua\/Water, Glycerin, Cetearyl Alcohol, Phenoxyethanol, Stearyl Alcohol, Cetyl Alcohol, PEG-40 Stearate, Behentrimonium Methosulfate, Glyceryl Stearate, Polysorbate 20, Ethylhexylglycerin, Potassium Phosphate, Disodium EDTA, Dipotassium Phosphate, Sodium Lauroyl Lactylate, Ceramide NP, Ceramide AP, Phytosphingosine, Cholesterol, Sodium Hyaluronate, Xanthan Gum, Carbomer, Tocopherol, Ceramide EOP<\/p>\n","protected":false},"excerpt":{"rendered":"<p>Enrichie en 3 c\u00e9ramides essentiels (1, 3, 6-II), en acide hyaluronique et en squalane, cette huile lavante moussante contribue \u00e0<\/p>\n","protected":false},"featured_media":11139,"comment_status":"open","ping_status":"closed","template":"","meta":[],"product_brand":[131],"product_cat":[160],"product_tag":[],"class_list":{"0":"post-12140","1":"product","2":"type-product","3":"status-publish","4":"has-post-thumbnail","6":"product_brand-cerave","7":"product_cat-hygiene-corporelle","9":"first","10":"instock","11":"sale","12":"shipping-taxable","13":"purchasable","14":"product-type-simple"},"yoast_head":"<!-- This site is optimized with the Yoast SEO plugin v26.6 - https:\/\/yoast.com\/wordpress\/plugins\/seo\/ -->\r\n<title>CERAVE HUILE LAVANTE MOUSSANTE HYDRATANTE 473 ML + BAUME HYDRATANT 5ML OFFERT - Paracherkaoui.ma<\/title>\r\n<meta name=\"robots\" content=\"index, follow, max-snippet:-1, max-image-preview:large, max-video-preview:-1\" \/>\r\n<link rel=\"canonical\" href=\"https:\/\/paracherkaoui.ma\/index.php\/produit\/cerave-huile-lavante-moussante-hydratante-473-ml-baume-hydratant-5ml-offert-2\/\" \/>\r\n<meta property=\"og:locale\" content=\"fr_FR\" \/>\r\n<meta property=\"og:type\" content=\"article\" \/>\r\n<meta property=\"og:title\" content=\"CERAVE HUILE LAVANTE MOUSSANTE HYDRATANTE 473 ML + BAUME HYDRATANT 5ML OFFERT - Paracherkaoui.ma\" \/>\r\n<meta property=\"og:description\" content=\"Enrichie en 3 c\u00e9ramides essentiels (1, 3, 6-II), en acide hyaluronique et en squalane, cette huile lavante moussante contribue \u00e0\" \/>\r\n<meta property=\"og:url\" content=\"https:\/\/paracherkaoui.ma\/index.php\/produit\/cerave-huile-lavante-moussante-hydratante-473-ml-baume-hydratant-5ml-offert-2\/\" \/>\r\n<meta property=\"og:site_name\" content=\"Paracherkaoui.ma\" \/>\r\n<meta property=\"article:modified_time\" content=\"2025-12-12T16:45:44+00:00\" \/>\r\n<meta property=\"og:image\" content=\"https:\/\/paracherkaoui.ma\/wp-content\/uploads\/2025\/12\/cerave-huile-lavante-moussante-hydratante-473-ml-baume-hydratant-5ml-offert.jpg\" \/>\r\n\t<meta property=\"og:image:width\" content=\"700\" \/>\r\n\t<meta property=\"og:image:height\" content=\"700\" \/>\r\n\t<meta property=\"og:image:type\" content=\"image\/jpeg\" \/>\r\n<meta name=\"twitter:card\" content=\"summary_large_image\" \/>\r\n<meta name=\"twitter:label1\" content=\"Dur\u00e9e de lecture estim\u00e9e\" \/>\n\t<meta name=\"twitter:data1\" content=\"2 minutes\" \/>\r\n<script type=\"application\/ld+json\" class=\"yoast-schema-graph\">{\"@context\":\"https:\/\/schema.org\",\"@graph\":[{\"@type\":\"WebPage\",\"@id\":\"https:\/\/paracherkaoui.ma\/index.php\/produit\/cerave-huile-lavante-moussante-hydratante-473-ml-baume-hydratant-5ml-offert-2\/\",\"url\":\"https:\/\/paracherkaoui.ma\/index.php\/produit\/cerave-huile-lavante-moussante-hydratante-473-ml-baume-hydratant-5ml-offert-2\/\",\"name\":\"CERAVE HUILE LAVANTE MOUSSANTE HYDRATANTE 473 ML + BAUME HYDRATANT 5ML OFFERT - Paracherkaoui.ma\",\"isPartOf\":{\"@id\":\"https:\/\/paracherkaoui.ma\/#website\"},\"primaryImageOfPage\":{\"@id\":\"https:\/\/paracherkaoui.ma\/index.php\/produit\/cerave-huile-lavante-moussante-hydratante-473-ml-baume-hydratant-5ml-offert-2\/#primaryimage\"},\"image\":{\"@id\":\"https:\/\/paracherkaoui.ma\/index.php\/produit\/cerave-huile-lavante-moussante-hydratante-473-ml-baume-hydratant-5ml-offert-2\/#primaryimage\"},\"thumbnailUrl\":\"https:\/\/paracherkaoui.ma\/wp-content\/uploads\/2025\/12\/cerave-huile-lavante-moussante-hydratante-473-ml-baume-hydratant-5ml-offert.jpg\",\"datePublished\":\"2025-12-12T16:45:42+00:00\",\"dateModified\":\"2025-12-12T16:45:44+00:00\",\"breadcrumb\":{\"@id\":\"https:\/\/paracherkaoui.ma\/index.php\/produit\/cerave-huile-lavante-moussante-hydratante-473-ml-baume-hydratant-5ml-offert-2\/#breadcrumb\"},\"inLanguage\":\"fr-FR\",\"potentialAction\":[{\"@type\":\"ReadAction\",\"target\":[\"https:\/\/paracherkaoui.ma\/index.php\/produit\/cerave-huile-lavante-moussante-hydratante-473-ml-baume-hydratant-5ml-offert-2\/\"]}]},{\"@type\":\"ImageObject\",\"inLanguage\":\"fr-FR\",\"@id\":\"https:\/\/paracherkaoui.ma\/index.php\/produit\/cerave-huile-lavante-moussante-hydratante-473-ml-baume-hydratant-5ml-offert-2\/#primaryimage\",\"url\":\"https:\/\/paracherkaoui.ma\/wp-content\/uploads\/2025\/12\/cerave-huile-lavante-moussante-hydratante-473-ml-baume-hydratant-5ml-offert.jpg\",\"contentUrl\":\"https:\/\/paracherkaoui.ma\/wp-content\/uploads\/2025\/12\/cerave-huile-lavante-moussante-hydratante-473-ml-baume-hydratant-5ml-offert.jpg\",\"width\":700,\"height\":700},{\"@type\":\"BreadcrumbList\",\"@id\":\"https:\/\/paracherkaoui.ma\/index.php\/produit\/cerave-huile-lavante-moussante-hydratante-473-ml-baume-hydratant-5ml-offert-2\/#breadcrumb\",\"itemListElement\":[{\"@type\":\"ListItem\",\"position\":1,\"name\":\"Accueil\",\"item\":\"https:\/\/paracherkaoui.ma\/\"},{\"@type\":\"ListItem\",\"position\":2,\"name\":\"Boutique\",\"item\":\"https:\/\/paracherkaoui.ma\/index.php\/boutique\/\"},{\"@type\":\"ListItem\",\"position\":3,\"name\":\"CERAVE HUILE LAVANTE MOUSSANTE HYDRATANTE 473 ML + BAUME HYDRATANT 5ML OFFERT\"}]},{\"@type\":\"WebSite\",\"@id\":\"https:\/\/paracherkaoui.ma\/#website\",\"url\":\"https:\/\/paracherkaoui.ma\/\",\"name\":\"Paracherkaoui.ma\",\"description\":\"Achetez en ligne sur Paracherkaoui.ma\",\"potentialAction\":[{\"@type\":\"SearchAction\",\"target\":{\"@type\":\"EntryPoint\",\"urlTemplate\":\"https:\/\/paracherkaoui.ma\/?s={search_term_string}\"},\"query-input\":{\"@type\":\"PropertyValueSpecification\",\"valueRequired\":true,\"valueName\":\"search_term_string\"}}],\"inLanguage\":\"fr-FR\"}]}<\/script>\r\n<!-- \/ Yoast SEO plugin. -->","yoast_head_json":{"title":"CERAVE HUILE LAVANTE MOUSSANTE HYDRATANTE 473 ML + BAUME HYDRATANT 5ML OFFERT - Paracherkaoui.ma","robots":{"index":"index","follow":"follow","max-snippet":"max-snippet:-1","max-image-preview":"max-image-preview:large","max-video-preview":"max-video-preview:-1"},"canonical":"https:\/\/paracherkaoui.ma\/index.php\/produit\/cerave-huile-lavante-moussante-hydratante-473-ml-baume-hydratant-5ml-offert-2\/","og_locale":"fr_FR","og_type":"article","og_title":"CERAVE HUILE LAVANTE MOUSSANTE HYDRATANTE 473 ML + BAUME HYDRATANT 5ML OFFERT - Paracherkaoui.ma","og_description":"Enrichie en 3 c\u00e9ramides essentiels (1, 3, 6-II), en acide hyaluronique et en squalane, cette huile lavante moussante contribue \u00e0","og_url":"https:\/\/paracherkaoui.ma\/index.php\/produit\/cerave-huile-lavante-moussante-hydratante-473-ml-baume-hydratant-5ml-offert-2\/","og_site_name":"Paracherkaoui.ma","article_modified_time":"2025-12-12T16:45:44+00:00","og_image":[{"width":700,"height":700,"url":"https:\/\/paracherkaoui.ma\/wp-content\/uploads\/2025\/12\/cerave-huile-lavante-moussante-hydratante-473-ml-baume-hydratant-5ml-offert.jpg","type":"image\/jpeg"}],"twitter_card":"summary_large_image","twitter_misc":{"Dur\u00e9e de lecture estim\u00e9e":"2 minutes"},"schema":{"@context":"https:\/\/schema.org","@graph":[{"@type":"WebPage","@id":"https:\/\/paracherkaoui.ma\/index.php\/produit\/cerave-huile-lavante-moussante-hydratante-473-ml-baume-hydratant-5ml-offert-2\/","url":"https:\/\/paracherkaoui.ma\/index.php\/produit\/cerave-huile-lavante-moussante-hydratante-473-ml-baume-hydratant-5ml-offert-2\/","name":"CERAVE HUILE LAVANTE MOUSSANTE HYDRATANTE 473 ML + BAUME HYDRATANT 5ML OFFERT - Paracherkaoui.ma","isPartOf":{"@id":"https:\/\/paracherkaoui.ma\/#website"},"primaryImageOfPage":{"@id":"https:\/\/paracherkaoui.ma\/index.php\/produit\/cerave-huile-lavante-moussante-hydratante-473-ml-baume-hydratant-5ml-offert-2\/#primaryimage"},"image":{"@id":"https:\/\/paracherkaoui.ma\/index.php\/produit\/cerave-huile-lavante-moussante-hydratante-473-ml-baume-hydratant-5ml-offert-2\/#primaryimage"},"thumbnailUrl":"https:\/\/paracherkaoui.ma\/wp-content\/uploads\/2025\/12\/cerave-huile-lavante-moussante-hydratante-473-ml-baume-hydratant-5ml-offert.jpg","datePublished":"2025-12-12T16:45:42+00:00","dateModified":"2025-12-12T16:45:44+00:00","breadcrumb":{"@id":"https:\/\/paracherkaoui.ma\/index.php\/produit\/cerave-huile-lavante-moussante-hydratante-473-ml-baume-hydratant-5ml-offert-2\/#breadcrumb"},"inLanguage":"fr-FR","potentialAction":[{"@type":"ReadAction","target":["https:\/\/paracherkaoui.ma\/index.php\/produit\/cerave-huile-lavante-moussante-hydratante-473-ml-baume-hydratant-5ml-offert-2\/"]}]},{"@type":"ImageObject","inLanguage":"fr-FR","@id":"https:\/\/paracherkaoui.ma\/index.php\/produit\/cerave-huile-lavante-moussante-hydratante-473-ml-baume-hydratant-5ml-offert-2\/#primaryimage","url":"https:\/\/paracherkaoui.ma\/wp-content\/uploads\/2025\/12\/cerave-huile-lavante-moussante-hydratante-473-ml-baume-hydratant-5ml-offert.jpg","contentUrl":"https:\/\/paracherkaoui.ma\/wp-content\/uploads\/2025\/12\/cerave-huile-lavante-moussante-hydratante-473-ml-baume-hydratant-5ml-offert.jpg","width":700,"height":700},{"@type":"BreadcrumbList","@id":"https:\/\/paracherkaoui.ma\/index.php\/produit\/cerave-huile-lavante-moussante-hydratante-473-ml-baume-hydratant-5ml-offert-2\/#breadcrumb","itemListElement":[{"@type":"ListItem","position":1,"name":"Accueil","item":"https:\/\/paracherkaoui.ma\/"},{"@type":"ListItem","position":2,"name":"Boutique","item":"https:\/\/paracherkaoui.ma\/index.php\/boutique\/"},{"@type":"ListItem","position":3,"name":"CERAVE HUILE LAVANTE MOUSSANTE HYDRATANTE 473 ML + BAUME HYDRATANT 5ML OFFERT"}]},{"@type":"WebSite","@id":"https:\/\/paracherkaoui.ma\/#website","url":"https:\/\/paracherkaoui.ma\/","name":"Paracherkaoui.ma","description":"Achetez en ligne sur Paracherkaoui.ma","potentialAction":[{"@type":"SearchAction","target":{"@type":"EntryPoint","urlTemplate":"https:\/\/paracherkaoui.ma\/?s={search_term_string}"},"query-input":{"@type":"PropertyValueSpecification","valueRequired":true,"valueName":"search_term_string"}}],"inLanguage":"fr-FR"}]}},"_links":{"self":[{"href":"https:\/\/paracherkaoui.ma\/index.php\/wp-json\/wp\/v2\/product\/12140","targetHints":{"allow":["GET"]}}],"collection":[{"href":"https:\/\/paracherkaoui.ma\/index.php\/wp-json\/wp\/v2\/product"}],"about":[{"href":"https:\/\/paracherkaoui.ma\/index.php\/wp-json\/wp\/v2\/types\/product"}],"replies":[{"embeddable":true,"href":"https:\/\/paracherkaoui.ma\/index.php\/wp-json\/wp\/v2\/comments?post=12140"}],"version-history":[{"count":1,"href":"https:\/\/paracherkaoui.ma\/index.php\/wp-json\/wp\/v2\/product\/12140\/revisions"}],"predecessor-version":[{"id":12171,"href":"https:\/\/paracherkaoui.ma\/index.php\/wp-json\/wp\/v2\/product\/12140\/revisions\/12171"}],"wp:featuredmedia":[{"embeddable":true,"href":"https:\/\/paracherkaoui.ma\/index.php\/wp-json\/wp\/v2\/media\/11139"}],"wp:attachment":[{"href":"https:\/\/paracherkaoui.ma\/index.php\/wp-json\/wp\/v2\/media?parent=12140"}],"wp:term":[{"taxonomy":"product_brand","embeddable":true,"href":"https:\/\/paracherkaoui.ma\/index.php\/wp-json\/wp\/v2\/product_brand?post=12140"},{"taxonomy":"product_cat","embeddable":true,"href":"https:\/\/paracherkaoui.ma\/index.php\/wp-json\/wp\/v2\/product_cat?post=12140"},{"taxonomy":"product_tag","embeddable":true,"href":"https:\/\/paracherkaoui.ma\/index.php\/wp-json\/wp\/v2\/product_tag?post=12140"}],"curies":[{"name":"wp","href":"https:\/\/api.w.org\/{rel}","templated":true}]}}