{"id":12025,"date":"2025-12-12T17:45:34","date_gmt":"2025-12-12T16:45:34","guid":{"rendered":"https:\/\/test.ecbeaute.com\/?post_type=product&#038;p=12025"},"modified":"2025-12-12T17:45:36","modified_gmt":"2025-12-12T16:45:36","slug":"klorane-shampooing-a-la-mangue-200-ml","status":"publish","type":"product","link":"https:\/\/paracherkaoui.ma\/index.php\/produit\/klorane-shampooing-a-la-mangue-200-ml\/","title":{"rendered":"KLORANE SHAMPOOING A LA MANGUE 200 ML"},"content":{"rendered":"<p>Le Shampoing nourrissant \u00e0 la Mangue prend quotidiennement soin des cheveux secs. Sa base lavante douce et biod\u00e9gradable nettoie les cheveux en douceur. Enrichi en beurre de Mangue, actif d&rsquo;origine v\u00e9g\u00e9tale, hautement concentr\u00e9 en acides gras essentiels, il nourrit et gaine les cheveux secs sans les alourdir tout en prot\u00e9geant la fibre capillaire. Intens\u00e9ment nourris et prot\u00e9g\u00e9s du dess\u00e8chement, les cheveux retrouvent souplesse, douceur et brillance d\u00e8s la premi\u00e8re application<br \/>\nLes bienfaits:<br \/>\nLave : nettoie en douceur les cheveux secs, gourmands de nutrition.<br \/>\nNourrit : nourrit profond\u00e9ment et hydrate la fibre capillaire sans l&rsquo;alourdir gr\u00e2ce \u00e0 sa richesse en acides gras.<br \/>\nProt\u00e8ge : les cheveux les plus secs sont prot\u00e9g\u00e9s du dess\u00e8chement par le beurre de Mangue, actif d&rsquo;origine v\u00e9g\u00e9tale hautement nutritif.<br \/>\nConseils d&rsquo;utilisation:<br \/>\n1 Appliquer sur les cheveux et le cuir chevelu humides.<br \/>\n2 Faire mousser le shampoing et masser d\u00e9licatement.<br \/>\n3 Rincer les cheveux et le cuir chevelu. Rincer en cas de contact avec les yeux.<\/p>\n","protected":false},"excerpt":{"rendered":"<p>Le Shampoing nourrissant \u00e0 la Mangue prend quotidiennement soin des cheveux secs. Sa base lavante douce et biod\u00e9gradable nettoie les<\/p>\n","protected":false},"featured_media":10865,"comment_status":"open","ping_status":"closed","template":"","meta":[],"product_brand":[145],"product_cat":[157],"product_tag":[],"class_list":{"0":"post-12025","1":"product","2":"type-product","3":"status-publish","4":"has-post-thumbnail","6":"product_brand-klorane","7":"product_cat-shampoings","9":"first","10":"instock","11":"sale","12":"shipping-taxable","13":"purchasable","14":"product-type-simple"},"yoast_head":"<!-- This site is optimized with the Yoast SEO plugin v26.6 - https:\/\/yoast.com\/wordpress\/plugins\/seo\/ -->\r\n<title>KLORANE SHAMPOOING A LA MANGUE 200 ML - Paracherkaoui.ma<\/title>\r\n<meta name=\"robots\" content=\"index, follow, max-snippet:-1, max-image-preview:large, max-video-preview:-1\" \/>\r\n<link rel=\"canonical\" href=\"https:\/\/paracherkaoui.ma\/index.php\/produit\/klorane-shampooing-a-la-mangue-200-ml\/\" \/>\r\n<meta property=\"og:locale\" content=\"fr_FR\" \/>\r\n<meta property=\"og:type\" content=\"article\" \/>\r\n<meta property=\"og:title\" content=\"KLORANE SHAMPOOING A LA MANGUE 200 ML - Paracherkaoui.ma\" \/>\r\n<meta property=\"og:description\" content=\"Le Shampoing nourrissant \u00e0 la Mangue prend quotidiennement soin des cheveux secs. Sa base lavante douce et biod\u00e9gradable nettoie les\" \/>\r\n<meta property=\"og:url\" content=\"https:\/\/paracherkaoui.ma\/index.php\/produit\/klorane-shampooing-a-la-mangue-200-ml\/\" \/>\r\n<meta property=\"og:site_name\" content=\"Paracherkaoui.ma\" \/>\r\n<meta property=\"article:modified_time\" content=\"2025-12-12T16:45:36+00:00\" \/>\r\n<meta property=\"og:image\" content=\"https:\/\/paracherkaoui.ma\/wp-content\/uploads\/2025\/12\/klorane-klorane-shampooing-a-la-mangue-200-ml-shampoing-cheveux-secs.jpg\" \/>\r\n\t<meta property=\"og:image:width\" content=\"700\" \/>\r\n\t<meta property=\"og:image:height\" content=\"700\" \/>\r\n\t<meta property=\"og:image:type\" content=\"image\/jpeg\" \/>\r\n<meta name=\"twitter:card\" content=\"summary_large_image\" \/>\r\n<meta name=\"twitter:label1\" content=\"Dur\u00e9e de lecture estim\u00e9e\" \/>\n\t<meta name=\"twitter:data1\" content=\"1 minute\" \/>\r\n<script type=\"application\/ld+json\" class=\"yoast-schema-graph\">{\"@context\":\"https:\/\/schema.org\",\"@graph\":[{\"@type\":\"WebPage\",\"@id\":\"https:\/\/paracherkaoui.ma\/index.php\/produit\/klorane-shampooing-a-la-mangue-200-ml\/\",\"url\":\"https:\/\/paracherkaoui.ma\/index.php\/produit\/klorane-shampooing-a-la-mangue-200-ml\/\",\"name\":\"KLORANE SHAMPOOING A LA MANGUE 200 ML - Paracherkaoui.ma\",\"isPartOf\":{\"@id\":\"https:\/\/paracherkaoui.ma\/#website\"},\"primaryImageOfPage\":{\"@id\":\"https:\/\/paracherkaoui.ma\/index.php\/produit\/klorane-shampooing-a-la-mangue-200-ml\/#primaryimage\"},\"image\":{\"@id\":\"https:\/\/paracherkaoui.ma\/index.php\/produit\/klorane-shampooing-a-la-mangue-200-ml\/#primaryimage\"},\"thumbnailUrl\":\"https:\/\/paracherkaoui.ma\/wp-content\/uploads\/2025\/12\/klorane-klorane-shampooing-a-la-mangue-200-ml-shampoing-cheveux-secs.jpg\",\"datePublished\":\"2025-12-12T16:45:34+00:00\",\"dateModified\":\"2025-12-12T16:45:36+00:00\",\"breadcrumb\":{\"@id\":\"https:\/\/paracherkaoui.ma\/index.php\/produit\/klorane-shampooing-a-la-mangue-200-ml\/#breadcrumb\"},\"inLanguage\":\"fr-FR\",\"potentialAction\":[{\"@type\":\"ReadAction\",\"target\":[\"https:\/\/paracherkaoui.ma\/index.php\/produit\/klorane-shampooing-a-la-mangue-200-ml\/\"]}]},{\"@type\":\"ImageObject\",\"inLanguage\":\"fr-FR\",\"@id\":\"https:\/\/paracherkaoui.ma\/index.php\/produit\/klorane-shampooing-a-la-mangue-200-ml\/#primaryimage\",\"url\":\"https:\/\/paracherkaoui.ma\/wp-content\/uploads\/2025\/12\/klorane-klorane-shampooing-a-la-mangue-200-ml-shampoing-cheveux-secs.jpg\",\"contentUrl\":\"https:\/\/paracherkaoui.ma\/wp-content\/uploads\/2025\/12\/klorane-klorane-shampooing-a-la-mangue-200-ml-shampoing-cheveux-secs.jpg\",\"width\":700,\"height\":700},{\"@type\":\"BreadcrumbList\",\"@id\":\"https:\/\/paracherkaoui.ma\/index.php\/produit\/klorane-shampooing-a-la-mangue-200-ml\/#breadcrumb\",\"itemListElement\":[{\"@type\":\"ListItem\",\"position\":1,\"name\":\"Accueil\",\"item\":\"https:\/\/paracherkaoui.ma\/\"},{\"@type\":\"ListItem\",\"position\":2,\"name\":\"Boutique\",\"item\":\"https:\/\/paracherkaoui.ma\/index.php\/boutique\/\"},{\"@type\":\"ListItem\",\"position\":3,\"name\":\"KLORANE SHAMPOOING A LA MANGUE 200 ML\"}]},{\"@type\":\"WebSite\",\"@id\":\"https:\/\/paracherkaoui.ma\/#website\",\"url\":\"https:\/\/paracherkaoui.ma\/\",\"name\":\"Paracherkaoui.ma\",\"description\":\"Achetez en ligne sur Paracherkaoui.ma\",\"potentialAction\":[{\"@type\":\"SearchAction\",\"target\":{\"@type\":\"EntryPoint\",\"urlTemplate\":\"https:\/\/paracherkaoui.ma\/?s={search_term_string}\"},\"query-input\":{\"@type\":\"PropertyValueSpecification\",\"valueRequired\":true,\"valueName\":\"search_term_string\"}}],\"inLanguage\":\"fr-FR\"}]}<\/script>\r\n<!-- \/ Yoast SEO plugin. -->","yoast_head_json":{"title":"KLORANE SHAMPOOING A LA MANGUE 200 ML - Paracherkaoui.ma","robots":{"index":"index","follow":"follow","max-snippet":"max-snippet:-1","max-image-preview":"max-image-preview:large","max-video-preview":"max-video-preview:-1"},"canonical":"https:\/\/paracherkaoui.ma\/index.php\/produit\/klorane-shampooing-a-la-mangue-200-ml\/","og_locale":"fr_FR","og_type":"article","og_title":"KLORANE SHAMPOOING A LA MANGUE 200 ML - Paracherkaoui.ma","og_description":"Le Shampoing nourrissant \u00e0 la Mangue prend quotidiennement soin des cheveux secs. Sa base lavante douce et biod\u00e9gradable nettoie les","og_url":"https:\/\/paracherkaoui.ma\/index.php\/produit\/klorane-shampooing-a-la-mangue-200-ml\/","og_site_name":"Paracherkaoui.ma","article_modified_time":"2025-12-12T16:45:36+00:00","og_image":[{"width":700,"height":700,"url":"https:\/\/paracherkaoui.ma\/wp-content\/uploads\/2025\/12\/klorane-klorane-shampooing-a-la-mangue-200-ml-shampoing-cheveux-secs.jpg","type":"image\/jpeg"}],"twitter_card":"summary_large_image","twitter_misc":{"Dur\u00e9e de lecture estim\u00e9e":"1 minute"},"schema":{"@context":"https:\/\/schema.org","@graph":[{"@type":"WebPage","@id":"https:\/\/paracherkaoui.ma\/index.php\/produit\/klorane-shampooing-a-la-mangue-200-ml\/","url":"https:\/\/paracherkaoui.ma\/index.php\/produit\/klorane-shampooing-a-la-mangue-200-ml\/","name":"KLORANE SHAMPOOING A LA MANGUE 200 ML - Paracherkaoui.ma","isPartOf":{"@id":"https:\/\/paracherkaoui.ma\/#website"},"primaryImageOfPage":{"@id":"https:\/\/paracherkaoui.ma\/index.php\/produit\/klorane-shampooing-a-la-mangue-200-ml\/#primaryimage"},"image":{"@id":"https:\/\/paracherkaoui.ma\/index.php\/produit\/klorane-shampooing-a-la-mangue-200-ml\/#primaryimage"},"thumbnailUrl":"https:\/\/paracherkaoui.ma\/wp-content\/uploads\/2025\/12\/klorane-klorane-shampooing-a-la-mangue-200-ml-shampoing-cheveux-secs.jpg","datePublished":"2025-12-12T16:45:34+00:00","dateModified":"2025-12-12T16:45:36+00:00","breadcrumb":{"@id":"https:\/\/paracherkaoui.ma\/index.php\/produit\/klorane-shampooing-a-la-mangue-200-ml\/#breadcrumb"},"inLanguage":"fr-FR","potentialAction":[{"@type":"ReadAction","target":["https:\/\/paracherkaoui.ma\/index.php\/produit\/klorane-shampooing-a-la-mangue-200-ml\/"]}]},{"@type":"ImageObject","inLanguage":"fr-FR","@id":"https:\/\/paracherkaoui.ma\/index.php\/produit\/klorane-shampooing-a-la-mangue-200-ml\/#primaryimage","url":"https:\/\/paracherkaoui.ma\/wp-content\/uploads\/2025\/12\/klorane-klorane-shampooing-a-la-mangue-200-ml-shampoing-cheveux-secs.jpg","contentUrl":"https:\/\/paracherkaoui.ma\/wp-content\/uploads\/2025\/12\/klorane-klorane-shampooing-a-la-mangue-200-ml-shampoing-cheveux-secs.jpg","width":700,"height":700},{"@type":"BreadcrumbList","@id":"https:\/\/paracherkaoui.ma\/index.php\/produit\/klorane-shampooing-a-la-mangue-200-ml\/#breadcrumb","itemListElement":[{"@type":"ListItem","position":1,"name":"Accueil","item":"https:\/\/paracherkaoui.ma\/"},{"@type":"ListItem","position":2,"name":"Boutique","item":"https:\/\/paracherkaoui.ma\/index.php\/boutique\/"},{"@type":"ListItem","position":3,"name":"KLORANE SHAMPOOING A LA MANGUE 200 ML"}]},{"@type":"WebSite","@id":"https:\/\/paracherkaoui.ma\/#website","url":"https:\/\/paracherkaoui.ma\/","name":"Paracherkaoui.ma","description":"Achetez en ligne sur Paracherkaoui.ma","potentialAction":[{"@type":"SearchAction","target":{"@type":"EntryPoint","urlTemplate":"https:\/\/paracherkaoui.ma\/?s={search_term_string}"},"query-input":{"@type":"PropertyValueSpecification","valueRequired":true,"valueName":"search_term_string"}}],"inLanguage":"fr-FR"}]}},"_links":{"self":[{"href":"https:\/\/paracherkaoui.ma\/index.php\/wp-json\/wp\/v2\/product\/12025","targetHints":{"allow":["GET"]}}],"collection":[{"href":"https:\/\/paracherkaoui.ma\/index.php\/wp-json\/wp\/v2\/product"}],"about":[{"href":"https:\/\/paracherkaoui.ma\/index.php\/wp-json\/wp\/v2\/types\/product"}],"replies":[{"embeddable":true,"href":"https:\/\/paracherkaoui.ma\/index.php\/wp-json\/wp\/v2\/comments?post=12025"}],"version-history":[{"count":1,"href":"https:\/\/paracherkaoui.ma\/index.php\/wp-json\/wp\/v2\/product\/12025\/revisions"}],"predecessor-version":[{"id":12055,"href":"https:\/\/paracherkaoui.ma\/index.php\/wp-json\/wp\/v2\/product\/12025\/revisions\/12055"}],"wp:featuredmedia":[{"embeddable":true,"href":"https:\/\/paracherkaoui.ma\/index.php\/wp-json\/wp\/v2\/media\/10865"}],"wp:attachment":[{"href":"https:\/\/paracherkaoui.ma\/index.php\/wp-json\/wp\/v2\/media?parent=12025"}],"wp:term":[{"taxonomy":"product_brand","embeddable":true,"href":"https:\/\/paracherkaoui.ma\/index.php\/wp-json\/wp\/v2\/product_brand?post=12025"},{"taxonomy":"product_cat","embeddable":true,"href":"https:\/\/paracherkaoui.ma\/index.php\/wp-json\/wp\/v2\/product_cat?post=12025"},{"taxonomy":"product_tag","embeddable":true,"href":"https:\/\/paracherkaoui.ma\/index.php\/wp-json\/wp\/v2\/product_tag?post=12025"}],"curies":[{"name":"wp","href":"https:\/\/api.w.org\/{rel}","templated":true}]}}