{"id":11874,"date":"2025-12-12T17:40:57","date_gmt":"2025-12-12T16:40:57","guid":{"rendered":"https:\/\/test.ecbeaute.com\/?post_type=product&#038;p=11874"},"modified":"2025-12-12T17:40:59","modified_gmt":"2025-12-12T16:40:59","slug":"isdin-pack-pigment-expert-10-ampoules-et-night-peel-10-ampoules","status":"publish","type":"product","link":"https:\/\/paracherkaoui.ma\/index.php\/produit\/isdin-pack-pigment-expert-10-ampoules-et-night-peel-10-ampoules\/","title":{"rendered":"ISDIN PACK PIGMENT EXPERT 10 AMPOULES ET NIGHT PEEL 10 AMPOULES"},"content":{"rendered":"<p>Pigment Expert est un s\u00e9rum correcteur de taches pigmentaires formul\u00e9 \u00e0 base de Pigment Block, d&rsquo;acide glycolique et de Glycyrrhizate de dipotassium. Il aide \u00e0 pr\u00e9venir et \u00e0 traiter les taches brunes, unifie le teint et redonne de l&rsquo;\u00e9clat \u00e0 la peau.<br \/>\nNight Peel est un s\u00e9rum peeling de nuit qui stimule la production de collag\u00e8ne et hydrate la peau en profondeur. Sa formule \u00e0 base d&rsquo;acides alpha-hydroxyl\u00e9s (AHA) et de la technologie Hydraboost (HB) exfolie en douceur, lisse les rides et ridules, et r\u00e9v\u00e8le une peau plus jeune et lumineuse.<br \/>\nEnsemble, ces deux s\u00e9rums agissent en synergie pour offrir une action anti-\u00e2ge compl\u00e8te. Ils ciblent les taches pigmentaires, les rides, les ridules, le manque d&rsquo;\u00e9clat et le rel\u00e2chement cutan\u00e9. Votre peau est visiblement plus jeune, plus lisse, plus ferme et plus lumineuse.<br \/>\nConseils d&rsquo;utilisation<br \/>\nPigment Expert\u00a0 Appliquez le s\u00e9rum le matin sur une peau propre et s\u00e8che, sur le visage, le cou et le d\u00e9collet\u00e9. \u00c9vitez le contour des yeux.<br \/>\nNight Peel Appliquez le s\u00e9rum le soir sur une peau propre et s\u00e8che, sur le visage et le cou. \u00c9vitez le contour des yeux.<br \/>\nComposition<br \/>\nPigment Expert : Aqua (Water), Niacinamide, Glycolic Acid, Sodium Hydroxide, Dipotassium Glycyrrhizate, Hydroxyphenoxy Propionic Acid, Phenoxyethanol, 4-Butylresorcinol, Disodium EDTA, Ethylhexylglycerin, Biosaccharide Gum-1, Alcohol Denat., CI 15985 (Yellow 6), CI 19140 (Yellow 5).<br \/>\nNight Peel : Aqua (Water), Saccharide Isomerate, Glycerin, Sodium Lactate, Glycolic Acid, Alcohol Denat., Phenoxyethanol, Sodium Citrate, Sucrose, Urea, Sodium Hydroxide, Ethylhexylglycerin, Disodium EDTA, Malic Acid, Tartaric Acid, Biosaccharide Gum-1, Citric Acid.<\/p>\n","protected":false},"excerpt":{"rendered":"<p>Pigment Expert est un s\u00e9rum correcteur de taches pigmentaires formul\u00e9 \u00e0 base de Pigment Block, d&rsquo;acide glycolique et de Glycyrrhizate<\/p>\n","protected":false},"featured_media":11907,"comment_status":"open","ping_status":"closed","template":"","meta":[],"product_brand":[135],"product_cat":[153],"product_tag":[],"class_list":{"0":"post-11874","1":"product","2":"type-product","3":"status-publish","4":"has-post-thumbnail","6":"product_brand-isdin","7":"product_cat-taches-pigmentaires","9":"first","10":"instock","11":"sale","12":"shipping-taxable","13":"purchasable","14":"product-type-simple"},"yoast_head":"<!-- This site is optimized with the Yoast SEO plugin v26.6 - https:\/\/yoast.com\/wordpress\/plugins\/seo\/ -->\r\n<title>ISDIN PACK PIGMENT EXPERT 10 AMPOULES ET NIGHT PEEL 10 AMPOULES - Paracherkaoui.ma<\/title>\r\n<meta name=\"robots\" content=\"index, follow, max-snippet:-1, max-image-preview:large, max-video-preview:-1\" \/>\r\n<link rel=\"canonical\" href=\"https:\/\/paracherkaoui.ma\/index.php\/produit\/isdin-pack-pigment-expert-10-ampoules-et-night-peel-10-ampoules\/\" \/>\r\n<meta property=\"og:locale\" content=\"fr_FR\" \/>\r\n<meta property=\"og:type\" content=\"article\" \/>\r\n<meta property=\"og:title\" content=\"ISDIN PACK PIGMENT EXPERT 10 AMPOULES ET NIGHT PEEL 10 AMPOULES - Paracherkaoui.ma\" \/>\r\n<meta property=\"og:description\" content=\"Pigment Expert est un s\u00e9rum correcteur de taches pigmentaires formul\u00e9 \u00e0 base de Pigment Block, d&rsquo;acide glycolique et de Glycyrrhizate\" \/>\r\n<meta property=\"og:url\" content=\"https:\/\/paracherkaoui.ma\/index.php\/produit\/isdin-pack-pigment-expert-10-ampoules-et-night-peel-10-ampoules\/\" \/>\r\n<meta property=\"og:site_name\" content=\"Paracherkaoui.ma\" \/>\r\n<meta property=\"article:modified_time\" content=\"2025-12-12T16:40:59+00:00\" \/>\r\n<meta property=\"og:image\" content=\"https:\/\/paracherkaoui.ma\/wp-content\/uploads\/2025\/12\/isdin-isdin-pack-pigment-expert-10-ampoules-et-night-peel-10-ampoules-cremes-depigmentantes.jpg\" \/>\r\n\t<meta property=\"og:image:width\" content=\"700\" \/>\r\n\t<meta property=\"og:image:height\" content=\"700\" \/>\r\n\t<meta property=\"og:image:type\" content=\"image\/jpeg\" \/>\r\n<meta name=\"twitter:card\" content=\"summary_large_image\" \/>\r\n<meta name=\"twitter:label1\" content=\"Dur\u00e9e de lecture estim\u00e9e\" \/>\n\t<meta name=\"twitter:data1\" content=\"1 minute\" \/>\r\n<script type=\"application\/ld+json\" class=\"yoast-schema-graph\">{\"@context\":\"https:\/\/schema.org\",\"@graph\":[{\"@type\":\"WebPage\",\"@id\":\"https:\/\/paracherkaoui.ma\/index.php\/produit\/isdin-pack-pigment-expert-10-ampoules-et-night-peel-10-ampoules\/\",\"url\":\"https:\/\/paracherkaoui.ma\/index.php\/produit\/isdin-pack-pigment-expert-10-ampoules-et-night-peel-10-ampoules\/\",\"name\":\"ISDIN PACK PIGMENT EXPERT 10 AMPOULES ET NIGHT PEEL 10 AMPOULES - Paracherkaoui.ma\",\"isPartOf\":{\"@id\":\"https:\/\/paracherkaoui.ma\/#website\"},\"primaryImageOfPage\":{\"@id\":\"https:\/\/paracherkaoui.ma\/index.php\/produit\/isdin-pack-pigment-expert-10-ampoules-et-night-peel-10-ampoules\/#primaryimage\"},\"image\":{\"@id\":\"https:\/\/paracherkaoui.ma\/index.php\/produit\/isdin-pack-pigment-expert-10-ampoules-et-night-peel-10-ampoules\/#primaryimage\"},\"thumbnailUrl\":\"https:\/\/paracherkaoui.ma\/wp-content\/uploads\/2025\/12\/isdin-isdin-pack-pigment-expert-10-ampoules-et-night-peel-10-ampoules-cremes-depigmentantes.jpg\",\"datePublished\":\"2025-12-12T16:40:57+00:00\",\"dateModified\":\"2025-12-12T16:40:59+00:00\",\"breadcrumb\":{\"@id\":\"https:\/\/paracherkaoui.ma\/index.php\/produit\/isdin-pack-pigment-expert-10-ampoules-et-night-peel-10-ampoules\/#breadcrumb\"},\"inLanguage\":\"fr-FR\",\"potentialAction\":[{\"@type\":\"ReadAction\",\"target\":[\"https:\/\/paracherkaoui.ma\/index.php\/produit\/isdin-pack-pigment-expert-10-ampoules-et-night-peel-10-ampoules\/\"]}]},{\"@type\":\"ImageObject\",\"inLanguage\":\"fr-FR\",\"@id\":\"https:\/\/paracherkaoui.ma\/index.php\/produit\/isdin-pack-pigment-expert-10-ampoules-et-night-peel-10-ampoules\/#primaryimage\",\"url\":\"https:\/\/paracherkaoui.ma\/wp-content\/uploads\/2025\/12\/isdin-isdin-pack-pigment-expert-10-ampoules-et-night-peel-10-ampoules-cremes-depigmentantes.jpg\",\"contentUrl\":\"https:\/\/paracherkaoui.ma\/wp-content\/uploads\/2025\/12\/isdin-isdin-pack-pigment-expert-10-ampoules-et-night-peel-10-ampoules-cremes-depigmentantes.jpg\",\"width\":700,\"height\":700},{\"@type\":\"BreadcrumbList\",\"@id\":\"https:\/\/paracherkaoui.ma\/index.php\/produit\/isdin-pack-pigment-expert-10-ampoules-et-night-peel-10-ampoules\/#breadcrumb\",\"itemListElement\":[{\"@type\":\"ListItem\",\"position\":1,\"name\":\"Accueil\",\"item\":\"https:\/\/paracherkaoui.ma\/\"},{\"@type\":\"ListItem\",\"position\":2,\"name\":\"Boutique\",\"item\":\"https:\/\/paracherkaoui.ma\/index.php\/boutique\/\"},{\"@type\":\"ListItem\",\"position\":3,\"name\":\"ISDIN PACK PIGMENT EXPERT 10 AMPOULES ET NIGHT PEEL 10 AMPOULES\"}]},{\"@type\":\"WebSite\",\"@id\":\"https:\/\/paracherkaoui.ma\/#website\",\"url\":\"https:\/\/paracherkaoui.ma\/\",\"name\":\"Paracherkaoui.ma\",\"description\":\"Achetez en ligne sur Paracherkaoui.ma\",\"potentialAction\":[{\"@type\":\"SearchAction\",\"target\":{\"@type\":\"EntryPoint\",\"urlTemplate\":\"https:\/\/paracherkaoui.ma\/?s={search_term_string}\"},\"query-input\":{\"@type\":\"PropertyValueSpecification\",\"valueRequired\":true,\"valueName\":\"search_term_string\"}}],\"inLanguage\":\"fr-FR\"}]}<\/script>\r\n<!-- \/ Yoast SEO plugin. -->","yoast_head_json":{"title":"ISDIN PACK PIGMENT EXPERT 10 AMPOULES ET NIGHT PEEL 10 AMPOULES - Paracherkaoui.ma","robots":{"index":"index","follow":"follow","max-snippet":"max-snippet:-1","max-image-preview":"max-image-preview:large","max-video-preview":"max-video-preview:-1"},"canonical":"https:\/\/paracherkaoui.ma\/index.php\/produit\/isdin-pack-pigment-expert-10-ampoules-et-night-peel-10-ampoules\/","og_locale":"fr_FR","og_type":"article","og_title":"ISDIN PACK PIGMENT EXPERT 10 AMPOULES ET NIGHT PEEL 10 AMPOULES - Paracherkaoui.ma","og_description":"Pigment Expert est un s\u00e9rum correcteur de taches pigmentaires formul\u00e9 \u00e0 base de Pigment Block, d&rsquo;acide glycolique et de Glycyrrhizate","og_url":"https:\/\/paracherkaoui.ma\/index.php\/produit\/isdin-pack-pigment-expert-10-ampoules-et-night-peel-10-ampoules\/","og_site_name":"Paracherkaoui.ma","article_modified_time":"2025-12-12T16:40:59+00:00","og_image":[{"width":700,"height":700,"url":"https:\/\/paracherkaoui.ma\/wp-content\/uploads\/2025\/12\/isdin-isdin-pack-pigment-expert-10-ampoules-et-night-peel-10-ampoules-cremes-depigmentantes.jpg","type":"image\/jpeg"}],"twitter_card":"summary_large_image","twitter_misc":{"Dur\u00e9e de lecture estim\u00e9e":"1 minute"},"schema":{"@context":"https:\/\/schema.org","@graph":[{"@type":"WebPage","@id":"https:\/\/paracherkaoui.ma\/index.php\/produit\/isdin-pack-pigment-expert-10-ampoules-et-night-peel-10-ampoules\/","url":"https:\/\/paracherkaoui.ma\/index.php\/produit\/isdin-pack-pigment-expert-10-ampoules-et-night-peel-10-ampoules\/","name":"ISDIN PACK PIGMENT EXPERT 10 AMPOULES ET NIGHT PEEL 10 AMPOULES - Paracherkaoui.ma","isPartOf":{"@id":"https:\/\/paracherkaoui.ma\/#website"},"primaryImageOfPage":{"@id":"https:\/\/paracherkaoui.ma\/index.php\/produit\/isdin-pack-pigment-expert-10-ampoules-et-night-peel-10-ampoules\/#primaryimage"},"image":{"@id":"https:\/\/paracherkaoui.ma\/index.php\/produit\/isdin-pack-pigment-expert-10-ampoules-et-night-peel-10-ampoules\/#primaryimage"},"thumbnailUrl":"https:\/\/paracherkaoui.ma\/wp-content\/uploads\/2025\/12\/isdin-isdin-pack-pigment-expert-10-ampoules-et-night-peel-10-ampoules-cremes-depigmentantes.jpg","datePublished":"2025-12-12T16:40:57+00:00","dateModified":"2025-12-12T16:40:59+00:00","breadcrumb":{"@id":"https:\/\/paracherkaoui.ma\/index.php\/produit\/isdin-pack-pigment-expert-10-ampoules-et-night-peel-10-ampoules\/#breadcrumb"},"inLanguage":"fr-FR","potentialAction":[{"@type":"ReadAction","target":["https:\/\/paracherkaoui.ma\/index.php\/produit\/isdin-pack-pigment-expert-10-ampoules-et-night-peel-10-ampoules\/"]}]},{"@type":"ImageObject","inLanguage":"fr-FR","@id":"https:\/\/paracherkaoui.ma\/index.php\/produit\/isdin-pack-pigment-expert-10-ampoules-et-night-peel-10-ampoules\/#primaryimage","url":"https:\/\/paracherkaoui.ma\/wp-content\/uploads\/2025\/12\/isdin-isdin-pack-pigment-expert-10-ampoules-et-night-peel-10-ampoules-cremes-depigmentantes.jpg","contentUrl":"https:\/\/paracherkaoui.ma\/wp-content\/uploads\/2025\/12\/isdin-isdin-pack-pigment-expert-10-ampoules-et-night-peel-10-ampoules-cremes-depigmentantes.jpg","width":700,"height":700},{"@type":"BreadcrumbList","@id":"https:\/\/paracherkaoui.ma\/index.php\/produit\/isdin-pack-pigment-expert-10-ampoules-et-night-peel-10-ampoules\/#breadcrumb","itemListElement":[{"@type":"ListItem","position":1,"name":"Accueil","item":"https:\/\/paracherkaoui.ma\/"},{"@type":"ListItem","position":2,"name":"Boutique","item":"https:\/\/paracherkaoui.ma\/index.php\/boutique\/"},{"@type":"ListItem","position":3,"name":"ISDIN PACK PIGMENT EXPERT 10 AMPOULES ET NIGHT PEEL 10 AMPOULES"}]},{"@type":"WebSite","@id":"https:\/\/paracherkaoui.ma\/#website","url":"https:\/\/paracherkaoui.ma\/","name":"Paracherkaoui.ma","description":"Achetez en ligne sur Paracherkaoui.ma","potentialAction":[{"@type":"SearchAction","target":{"@type":"EntryPoint","urlTemplate":"https:\/\/paracherkaoui.ma\/?s={search_term_string}"},"query-input":{"@type":"PropertyValueSpecification","valueRequired":true,"valueName":"search_term_string"}}],"inLanguage":"fr-FR"}]}},"_links":{"self":[{"href":"https:\/\/paracherkaoui.ma\/index.php\/wp-json\/wp\/v2\/product\/11874","targetHints":{"allow":["GET"]}}],"collection":[{"href":"https:\/\/paracherkaoui.ma\/index.php\/wp-json\/wp\/v2\/product"}],"about":[{"href":"https:\/\/paracherkaoui.ma\/index.php\/wp-json\/wp\/v2\/types\/product"}],"replies":[{"embeddable":true,"href":"https:\/\/paracherkaoui.ma\/index.php\/wp-json\/wp\/v2\/comments?post=11874"}],"version-history":[{"count":1,"href":"https:\/\/paracherkaoui.ma\/index.php\/wp-json\/wp\/v2\/product\/11874\/revisions"}],"predecessor-version":[{"id":11908,"href":"https:\/\/paracherkaoui.ma\/index.php\/wp-json\/wp\/v2\/product\/11874\/revisions\/11908"}],"wp:featuredmedia":[{"embeddable":true,"href":"https:\/\/paracherkaoui.ma\/index.php\/wp-json\/wp\/v2\/media\/11907"}],"wp:attachment":[{"href":"https:\/\/paracherkaoui.ma\/index.php\/wp-json\/wp\/v2\/media?parent=11874"}],"wp:term":[{"taxonomy":"product_brand","embeddable":true,"href":"https:\/\/paracherkaoui.ma\/index.php\/wp-json\/wp\/v2\/product_brand?post=11874"},{"taxonomy":"product_cat","embeddable":true,"href":"https:\/\/paracherkaoui.ma\/index.php\/wp-json\/wp\/v2\/product_cat?post=11874"},{"taxonomy":"product_tag","embeddable":true,"href":"https:\/\/paracherkaoui.ma\/index.php\/wp-json\/wp\/v2\/product_tag?post=11874"}],"curies":[{"name":"wp","href":"https:\/\/api.w.org\/{rel}","templated":true}]}}