{"id":11794,"date":"2025-12-12T17:40:49","date_gmt":"2025-12-12T16:40:49","guid":{"rendered":"https:\/\/test.ecbeaute.com\/?post_type=product&#038;p=11794"},"modified":"2025-12-12T17:40:53","modified_gmt":"2025-12-12T16:40:53","slug":"isdin-flavo-c-forte-serum-15-flacons-30-jours","status":"publish","type":"product","link":"https:\/\/paracherkaoui.ma\/index.php\/produit\/isdin-flavo-c-forte-serum-15-flacons-30-jours\/","title":{"rendered":"ISDIN FLAVO C FORTE SERUM 15% FLACONS 30 JOURS"},"content":{"rendered":"<p>Flavo-C Forte est un puissant s\u00e9rum intensif pour le visage avec 15 % de vitamine C pure et fra\u00eeche qui revitalise, illumine et aide \u00e0 r\u00e9duire les signes de fatigue de la peau. Il augmente \u00e9galement la production de collag\u00e8ne, apporte de la fermet\u00e9 et aide \u00e0 r\u00e9duire les rides en seulement 10 jours, tout en prot\u00e9geant la peau du stress oxydatif et de la pollution. Son format innovant avec de la vitamine C en poudre maintient la vitamine C fra\u00eeche et stable jusqu&rsquo;au premier moment d&rsquo;utilisation, quand il est m\u00e9lang\u00e9 avec une solution liquide avec des ingr\u00e9dients antioxydants, hydratants et anti-pollution.<\/p>\n","protected":false},"excerpt":{"rendered":"<p>Flavo-C Forte est un puissant s\u00e9rum intensif pour le visage avec 15 % de vitamine C pure et fra\u00eeche qui<\/p>\n","protected":false},"featured_media":11849,"comment_status":"open","ping_status":"closed","template":"","meta":[],"product_brand":[135],"product_cat":[153],"product_tag":[],"class_list":{"0":"post-11794","1":"product","2":"type-product","3":"status-publish","4":"has-post-thumbnail","6":"product_brand-isdin","7":"product_cat-taches-pigmentaires","9":"first","10":"instock","11":"sale","12":"shipping-taxable","13":"purchasable","14":"product-type-simple"},"yoast_head":"<!-- This site is optimized with the Yoast SEO plugin v26.6 - https:\/\/yoast.com\/wordpress\/plugins\/seo\/ -->\r\n<title>ISDIN FLAVO C FORTE SERUM 15% FLACONS 30 JOURS - Paracherkaoui.ma<\/title>\r\n<meta name=\"robots\" content=\"index, follow, max-snippet:-1, max-image-preview:large, max-video-preview:-1\" \/>\r\n<link rel=\"canonical\" href=\"https:\/\/paracherkaoui.ma\/index.php\/produit\/isdin-flavo-c-forte-serum-15-flacons-30-jours\/\" \/>\r\n<meta property=\"og:locale\" content=\"fr_FR\" \/>\r\n<meta property=\"og:type\" content=\"article\" \/>\r\n<meta property=\"og:title\" content=\"ISDIN FLAVO C FORTE SERUM 15% FLACONS 30 JOURS - Paracherkaoui.ma\" \/>\r\n<meta property=\"og:description\" content=\"Flavo-C Forte est un puissant s\u00e9rum intensif pour le visage avec 15 % de vitamine C pure et fra\u00eeche qui\" \/>\r\n<meta property=\"og:url\" content=\"https:\/\/paracherkaoui.ma\/index.php\/produit\/isdin-flavo-c-forte-serum-15-flacons-30-jours\/\" \/>\r\n<meta property=\"og:site_name\" content=\"Paracherkaoui.ma\" \/>\r\n<meta property=\"article:modified_time\" content=\"2025-12-12T16:40:53+00:00\" \/>\r\n<meta property=\"og:image\" content=\"https:\/\/paracherkaoui.ma\/wp-content\/uploads\/2025\/12\/isdin-isdin-flavo-c-forte-serum-15-flacons-30-jours-peaux-matures.jpg\" \/>\r\n\t<meta property=\"og:image:width\" content=\"700\" \/>\r\n\t<meta property=\"og:image:height\" content=\"700\" \/>\r\n\t<meta property=\"og:image:type\" content=\"image\/jpeg\" \/>\r\n<meta name=\"twitter:card\" content=\"summary_large_image\" \/>\r\n<meta name=\"twitter:label1\" content=\"Dur\u00e9e de lecture estim\u00e9e\" \/>\n\t<meta name=\"twitter:data1\" content=\"1 minute\" \/>\r\n<script type=\"application\/ld+json\" class=\"yoast-schema-graph\">{\"@context\":\"https:\/\/schema.org\",\"@graph\":[{\"@type\":\"WebPage\",\"@id\":\"https:\/\/paracherkaoui.ma\/index.php\/produit\/isdin-flavo-c-forte-serum-15-flacons-30-jours\/\",\"url\":\"https:\/\/paracherkaoui.ma\/index.php\/produit\/isdin-flavo-c-forte-serum-15-flacons-30-jours\/\",\"name\":\"ISDIN FLAVO C FORTE SERUM 15% FLACONS 30 JOURS - Paracherkaoui.ma\",\"isPartOf\":{\"@id\":\"https:\/\/paracherkaoui.ma\/#website\"},\"primaryImageOfPage\":{\"@id\":\"https:\/\/paracherkaoui.ma\/index.php\/produit\/isdin-flavo-c-forte-serum-15-flacons-30-jours\/#primaryimage\"},\"image\":{\"@id\":\"https:\/\/paracherkaoui.ma\/index.php\/produit\/isdin-flavo-c-forte-serum-15-flacons-30-jours\/#primaryimage\"},\"thumbnailUrl\":\"https:\/\/paracherkaoui.ma\/wp-content\/uploads\/2025\/12\/isdin-isdin-flavo-c-forte-serum-15-flacons-30-jours-peaux-matures.jpg\",\"datePublished\":\"2025-12-12T16:40:49+00:00\",\"dateModified\":\"2025-12-12T16:40:53+00:00\",\"breadcrumb\":{\"@id\":\"https:\/\/paracherkaoui.ma\/index.php\/produit\/isdin-flavo-c-forte-serum-15-flacons-30-jours\/#breadcrumb\"},\"inLanguage\":\"fr-FR\",\"potentialAction\":[{\"@type\":\"ReadAction\",\"target\":[\"https:\/\/paracherkaoui.ma\/index.php\/produit\/isdin-flavo-c-forte-serum-15-flacons-30-jours\/\"]}]},{\"@type\":\"ImageObject\",\"inLanguage\":\"fr-FR\",\"@id\":\"https:\/\/paracherkaoui.ma\/index.php\/produit\/isdin-flavo-c-forte-serum-15-flacons-30-jours\/#primaryimage\",\"url\":\"https:\/\/paracherkaoui.ma\/wp-content\/uploads\/2025\/12\/isdin-isdin-flavo-c-forte-serum-15-flacons-30-jours-peaux-matures.jpg\",\"contentUrl\":\"https:\/\/paracherkaoui.ma\/wp-content\/uploads\/2025\/12\/isdin-isdin-flavo-c-forte-serum-15-flacons-30-jours-peaux-matures.jpg\",\"width\":700,\"height\":700},{\"@type\":\"BreadcrumbList\",\"@id\":\"https:\/\/paracherkaoui.ma\/index.php\/produit\/isdin-flavo-c-forte-serum-15-flacons-30-jours\/#breadcrumb\",\"itemListElement\":[{\"@type\":\"ListItem\",\"position\":1,\"name\":\"Accueil\",\"item\":\"https:\/\/paracherkaoui.ma\/\"},{\"@type\":\"ListItem\",\"position\":2,\"name\":\"Boutique\",\"item\":\"https:\/\/paracherkaoui.ma\/index.php\/boutique\/\"},{\"@type\":\"ListItem\",\"position\":3,\"name\":\"ISDIN FLAVO C FORTE SERUM 15% FLACONS 30 JOURS\"}]},{\"@type\":\"WebSite\",\"@id\":\"https:\/\/paracherkaoui.ma\/#website\",\"url\":\"https:\/\/paracherkaoui.ma\/\",\"name\":\"Paracherkaoui.ma\",\"description\":\"Achetez en ligne sur Paracherkaoui.ma\",\"potentialAction\":[{\"@type\":\"SearchAction\",\"target\":{\"@type\":\"EntryPoint\",\"urlTemplate\":\"https:\/\/paracherkaoui.ma\/?s={search_term_string}\"},\"query-input\":{\"@type\":\"PropertyValueSpecification\",\"valueRequired\":true,\"valueName\":\"search_term_string\"}}],\"inLanguage\":\"fr-FR\"}]}<\/script>\r\n<!-- \/ Yoast SEO plugin. -->","yoast_head_json":{"title":"ISDIN FLAVO C FORTE SERUM 15% FLACONS 30 JOURS - Paracherkaoui.ma","robots":{"index":"index","follow":"follow","max-snippet":"max-snippet:-1","max-image-preview":"max-image-preview:large","max-video-preview":"max-video-preview:-1"},"canonical":"https:\/\/paracherkaoui.ma\/index.php\/produit\/isdin-flavo-c-forte-serum-15-flacons-30-jours\/","og_locale":"fr_FR","og_type":"article","og_title":"ISDIN FLAVO C FORTE SERUM 15% FLACONS 30 JOURS - Paracherkaoui.ma","og_description":"Flavo-C Forte est un puissant s\u00e9rum intensif pour le visage avec 15 % de vitamine C pure et fra\u00eeche qui","og_url":"https:\/\/paracherkaoui.ma\/index.php\/produit\/isdin-flavo-c-forte-serum-15-flacons-30-jours\/","og_site_name":"Paracherkaoui.ma","article_modified_time":"2025-12-12T16:40:53+00:00","og_image":[{"width":700,"height":700,"url":"https:\/\/paracherkaoui.ma\/wp-content\/uploads\/2025\/12\/isdin-isdin-flavo-c-forte-serum-15-flacons-30-jours-peaux-matures.jpg","type":"image\/jpeg"}],"twitter_card":"summary_large_image","twitter_misc":{"Dur\u00e9e de lecture estim\u00e9e":"1 minute"},"schema":{"@context":"https:\/\/schema.org","@graph":[{"@type":"WebPage","@id":"https:\/\/paracherkaoui.ma\/index.php\/produit\/isdin-flavo-c-forte-serum-15-flacons-30-jours\/","url":"https:\/\/paracherkaoui.ma\/index.php\/produit\/isdin-flavo-c-forte-serum-15-flacons-30-jours\/","name":"ISDIN FLAVO C FORTE SERUM 15% FLACONS 30 JOURS - Paracherkaoui.ma","isPartOf":{"@id":"https:\/\/paracherkaoui.ma\/#website"},"primaryImageOfPage":{"@id":"https:\/\/paracherkaoui.ma\/index.php\/produit\/isdin-flavo-c-forte-serum-15-flacons-30-jours\/#primaryimage"},"image":{"@id":"https:\/\/paracherkaoui.ma\/index.php\/produit\/isdin-flavo-c-forte-serum-15-flacons-30-jours\/#primaryimage"},"thumbnailUrl":"https:\/\/paracherkaoui.ma\/wp-content\/uploads\/2025\/12\/isdin-isdin-flavo-c-forte-serum-15-flacons-30-jours-peaux-matures.jpg","datePublished":"2025-12-12T16:40:49+00:00","dateModified":"2025-12-12T16:40:53+00:00","breadcrumb":{"@id":"https:\/\/paracherkaoui.ma\/index.php\/produit\/isdin-flavo-c-forte-serum-15-flacons-30-jours\/#breadcrumb"},"inLanguage":"fr-FR","potentialAction":[{"@type":"ReadAction","target":["https:\/\/paracherkaoui.ma\/index.php\/produit\/isdin-flavo-c-forte-serum-15-flacons-30-jours\/"]}]},{"@type":"ImageObject","inLanguage":"fr-FR","@id":"https:\/\/paracherkaoui.ma\/index.php\/produit\/isdin-flavo-c-forte-serum-15-flacons-30-jours\/#primaryimage","url":"https:\/\/paracherkaoui.ma\/wp-content\/uploads\/2025\/12\/isdin-isdin-flavo-c-forte-serum-15-flacons-30-jours-peaux-matures.jpg","contentUrl":"https:\/\/paracherkaoui.ma\/wp-content\/uploads\/2025\/12\/isdin-isdin-flavo-c-forte-serum-15-flacons-30-jours-peaux-matures.jpg","width":700,"height":700},{"@type":"BreadcrumbList","@id":"https:\/\/paracherkaoui.ma\/index.php\/produit\/isdin-flavo-c-forte-serum-15-flacons-30-jours\/#breadcrumb","itemListElement":[{"@type":"ListItem","position":1,"name":"Accueil","item":"https:\/\/paracherkaoui.ma\/"},{"@type":"ListItem","position":2,"name":"Boutique","item":"https:\/\/paracherkaoui.ma\/index.php\/boutique\/"},{"@type":"ListItem","position":3,"name":"ISDIN FLAVO C FORTE SERUM 15% FLACONS 30 JOURS"}]},{"@type":"WebSite","@id":"https:\/\/paracherkaoui.ma\/#website","url":"https:\/\/paracherkaoui.ma\/","name":"Paracherkaoui.ma","description":"Achetez en ligne sur Paracherkaoui.ma","potentialAction":[{"@type":"SearchAction","target":{"@type":"EntryPoint","urlTemplate":"https:\/\/paracherkaoui.ma\/?s={search_term_string}"},"query-input":{"@type":"PropertyValueSpecification","valueRequired":true,"valueName":"search_term_string"}}],"inLanguage":"fr-FR"}]}},"_links":{"self":[{"href":"https:\/\/paracherkaoui.ma\/index.php\/wp-json\/wp\/v2\/product\/11794","targetHints":{"allow":["GET"]}}],"collection":[{"href":"https:\/\/paracherkaoui.ma\/index.php\/wp-json\/wp\/v2\/product"}],"about":[{"href":"https:\/\/paracherkaoui.ma\/index.php\/wp-json\/wp\/v2\/types\/product"}],"replies":[{"embeddable":true,"href":"https:\/\/paracherkaoui.ma\/index.php\/wp-json\/wp\/v2\/comments?post=11794"}],"version-history":[{"count":1,"href":"https:\/\/paracherkaoui.ma\/index.php\/wp-json\/wp\/v2\/product\/11794\/revisions"}],"predecessor-version":[{"id":11850,"href":"https:\/\/paracherkaoui.ma\/index.php\/wp-json\/wp\/v2\/product\/11794\/revisions\/11850"}],"wp:featuredmedia":[{"embeddable":true,"href":"https:\/\/paracherkaoui.ma\/index.php\/wp-json\/wp\/v2\/media\/11849"}],"wp:attachment":[{"href":"https:\/\/paracherkaoui.ma\/index.php\/wp-json\/wp\/v2\/media?parent=11794"}],"wp:term":[{"taxonomy":"product_brand","embeddable":true,"href":"https:\/\/paracherkaoui.ma\/index.php\/wp-json\/wp\/v2\/product_brand?post=11794"},{"taxonomy":"product_cat","embeddable":true,"href":"https:\/\/paracherkaoui.ma\/index.php\/wp-json\/wp\/v2\/product_cat?post=11794"},{"taxonomy":"product_tag","embeddable":true,"href":"https:\/\/paracherkaoui.ma\/index.php\/wp-json\/wp\/v2\/product_tag?post=11794"}],"curies":[{"name":"wp","href":"https:\/\/api.w.org\/{rel}","templated":true}]}}