{"id":11773,"date":"2025-12-12T17:40:48","date_gmt":"2025-12-12T16:40:48","guid":{"rendered":"https:\/\/test.ecbeaute.com\/?post_type=product&#038;p=11773"},"modified":"2025-12-12T17:40:50","modified_gmt":"2025-12-12T16:40:50","slug":"ducray-melascreen-creme-antitaches-protectrice-spf-50-50-ml","status":"publish","type":"product","link":"https:\/\/paracherkaoui.ma\/index.php\/produit\/ducray-melascreen-creme-antitaches-protectrice-spf-50-50-ml\/","title":{"rendered":"DUCRAY MELASCREEN CREME ANTITACHES PROTECTRICE SPF 50+ 50 ML"},"content":{"rendered":"<p>Cr\u00e8me antitaches quotidienne tr\u00e8s haute protection adapt\u00e9e aux peaux s\u00e8ches pour pr\u00e9venir, r\u00e9duire l\u2019apparence des taches et prot\u00e9ger la peau contre l\u2019ensemble des agressions ext\u00e9rieures.<br \/>\nCette cr\u00e8me est sp\u00e9cialement con\u00e7ue pour lutter contre les taches pigmentaires et prot\u00e9ger la peau des rayons UV. Gr\u00e2ce \u00e0 sa formule innovante, elle agit efficacement sur les taches existantes tout en pr\u00e9venant l&rsquo;apparition de nouvelles taches. Avec l\u2019acide azela\u00efque et les filtres solaire qu&rsquo;elle contient, cette cr\u00e8me offre une tr\u00e8s haute protection qui pr\u00e9vient et r\u00e9duit l\u2019apparence des taches brunes, tout en prot\u00e9geant la peau des UVB, des UVA courts et longs, de la lumi\u00e8re bleue et des effets d\u00e9l\u00e9t\u00e8res de la pollution. Sa formule non com\u00e9dog\u00e8ne et sans parfum respecte toutes les peaux. Elle peut \u00eatre appliqu\u00e9 sur le visage , les mains, le cou et le d\u00e9collet\u00e9 des adultes<br \/>\nConseils d&rsquo;utilisation :<br \/>\nAppliquer uniform\u00e9ment sur l&rsquo;ensemble de visage, renouveler l\u2019application toutes les 2 heures en cas d\u2019exposition intense<\/p>\n","protected":false},"excerpt":{"rendered":"<p>Cr\u00e8me antitaches quotidienne tr\u00e8s haute protection adapt\u00e9e aux peaux s\u00e8ches pour pr\u00e9venir, r\u00e9duire l\u2019apparence des taches et prot\u00e9ger la peau<\/p>\n","protected":false},"featured_media":11807,"comment_status":"open","ping_status":"closed","template":"","meta":[],"product_brand":[138],"product_cat":[153],"product_tag":[],"class_list":{"0":"post-11773","1":"product","2":"type-product","3":"status-publish","4":"has-post-thumbnail","6":"product_brand-ducray","7":"product_cat-taches-pigmentaires","9":"first","10":"instock","11":"sale","12":"shipping-taxable","13":"purchasable","14":"product-type-simple"},"yoast_head":"<!-- This site is optimized with the Yoast SEO plugin v26.6 - https:\/\/yoast.com\/wordpress\/plugins\/seo\/ -->\r\n<title>DUCRAY MELASCREEN CREME ANTITACHES PROTECTRICE SPF 50+ 50 ML - Paracherkaoui.ma<\/title>\r\n<meta name=\"robots\" content=\"index, follow, max-snippet:-1, max-image-preview:large, max-video-preview:-1\" \/>\r\n<link rel=\"canonical\" href=\"https:\/\/paracherkaoui.ma\/index.php\/produit\/ducray-melascreen-creme-antitaches-protectrice-spf-50-50-ml\/\" \/>\r\n<meta property=\"og:locale\" content=\"fr_FR\" \/>\r\n<meta property=\"og:type\" content=\"article\" \/>\r\n<meta property=\"og:title\" content=\"DUCRAY MELASCREEN CREME ANTITACHES PROTECTRICE SPF 50+ 50 ML - Paracherkaoui.ma\" \/>\r\n<meta property=\"og:description\" content=\"Cr\u00e8me antitaches quotidienne tr\u00e8s haute protection adapt\u00e9e aux peaux s\u00e8ches pour pr\u00e9venir, r\u00e9duire l\u2019apparence des taches et prot\u00e9ger la peau\" \/>\r\n<meta property=\"og:url\" content=\"https:\/\/paracherkaoui.ma\/index.php\/produit\/ducray-melascreen-creme-antitaches-protectrice-spf-50-50-ml\/\" \/>\r\n<meta property=\"og:site_name\" content=\"Paracherkaoui.ma\" \/>\r\n<meta property=\"article:modified_time\" content=\"2025-12-12T16:40:50+00:00\" \/>\r\n<meta property=\"og:image\" content=\"https:\/\/paracherkaoui.ma\/wp-content\/uploads\/2025\/12\/ducray-ducray-melascreen-creme-antitaches-protectrice-spf-50-50-ml-cremes.jpg\" \/>\r\n\t<meta property=\"og:image:width\" content=\"700\" \/>\r\n\t<meta property=\"og:image:height\" content=\"700\" \/>\r\n\t<meta property=\"og:image:type\" content=\"image\/jpeg\" \/>\r\n<meta name=\"twitter:card\" content=\"summary_large_image\" \/>\r\n<meta name=\"twitter:label1\" content=\"Dur\u00e9e de lecture estim\u00e9e\" \/>\n\t<meta name=\"twitter:data1\" content=\"1 minute\" \/>\r\n<script type=\"application\/ld+json\" class=\"yoast-schema-graph\">{\"@context\":\"https:\/\/schema.org\",\"@graph\":[{\"@type\":\"WebPage\",\"@id\":\"https:\/\/paracherkaoui.ma\/index.php\/produit\/ducray-melascreen-creme-antitaches-protectrice-spf-50-50-ml\/\",\"url\":\"https:\/\/paracherkaoui.ma\/index.php\/produit\/ducray-melascreen-creme-antitaches-protectrice-spf-50-50-ml\/\",\"name\":\"DUCRAY MELASCREEN CREME ANTITACHES PROTECTRICE SPF 50+ 50 ML - Paracherkaoui.ma\",\"isPartOf\":{\"@id\":\"https:\/\/paracherkaoui.ma\/#website\"},\"primaryImageOfPage\":{\"@id\":\"https:\/\/paracherkaoui.ma\/index.php\/produit\/ducray-melascreen-creme-antitaches-protectrice-spf-50-50-ml\/#primaryimage\"},\"image\":{\"@id\":\"https:\/\/paracherkaoui.ma\/index.php\/produit\/ducray-melascreen-creme-antitaches-protectrice-spf-50-50-ml\/#primaryimage\"},\"thumbnailUrl\":\"https:\/\/paracherkaoui.ma\/wp-content\/uploads\/2025\/12\/ducray-ducray-melascreen-creme-antitaches-protectrice-spf-50-50-ml-cremes.jpg\",\"datePublished\":\"2025-12-12T16:40:48+00:00\",\"dateModified\":\"2025-12-12T16:40:50+00:00\",\"breadcrumb\":{\"@id\":\"https:\/\/paracherkaoui.ma\/index.php\/produit\/ducray-melascreen-creme-antitaches-protectrice-spf-50-50-ml\/#breadcrumb\"},\"inLanguage\":\"fr-FR\",\"potentialAction\":[{\"@type\":\"ReadAction\",\"target\":[\"https:\/\/paracherkaoui.ma\/index.php\/produit\/ducray-melascreen-creme-antitaches-protectrice-spf-50-50-ml\/\"]}]},{\"@type\":\"ImageObject\",\"inLanguage\":\"fr-FR\",\"@id\":\"https:\/\/paracherkaoui.ma\/index.php\/produit\/ducray-melascreen-creme-antitaches-protectrice-spf-50-50-ml\/#primaryimage\",\"url\":\"https:\/\/paracherkaoui.ma\/wp-content\/uploads\/2025\/12\/ducray-ducray-melascreen-creme-antitaches-protectrice-spf-50-50-ml-cremes.jpg\",\"contentUrl\":\"https:\/\/paracherkaoui.ma\/wp-content\/uploads\/2025\/12\/ducray-ducray-melascreen-creme-antitaches-protectrice-spf-50-50-ml-cremes.jpg\",\"width\":700,\"height\":700},{\"@type\":\"BreadcrumbList\",\"@id\":\"https:\/\/paracherkaoui.ma\/index.php\/produit\/ducray-melascreen-creme-antitaches-protectrice-spf-50-50-ml\/#breadcrumb\",\"itemListElement\":[{\"@type\":\"ListItem\",\"position\":1,\"name\":\"Accueil\",\"item\":\"https:\/\/paracherkaoui.ma\/\"},{\"@type\":\"ListItem\",\"position\":2,\"name\":\"Boutique\",\"item\":\"https:\/\/paracherkaoui.ma\/index.php\/boutique\/\"},{\"@type\":\"ListItem\",\"position\":3,\"name\":\"DUCRAY MELASCREEN CREME ANTITACHES PROTECTRICE SPF 50+ 50 ML\"}]},{\"@type\":\"WebSite\",\"@id\":\"https:\/\/paracherkaoui.ma\/#website\",\"url\":\"https:\/\/paracherkaoui.ma\/\",\"name\":\"Paracherkaoui.ma\",\"description\":\"Achetez en ligne sur Paracherkaoui.ma\",\"potentialAction\":[{\"@type\":\"SearchAction\",\"target\":{\"@type\":\"EntryPoint\",\"urlTemplate\":\"https:\/\/paracherkaoui.ma\/?s={search_term_string}\"},\"query-input\":{\"@type\":\"PropertyValueSpecification\",\"valueRequired\":true,\"valueName\":\"search_term_string\"}}],\"inLanguage\":\"fr-FR\"}]}<\/script>\r\n<!-- \/ Yoast SEO plugin. -->","yoast_head_json":{"title":"DUCRAY MELASCREEN CREME ANTITACHES PROTECTRICE SPF 50+ 50 ML - Paracherkaoui.ma","robots":{"index":"index","follow":"follow","max-snippet":"max-snippet:-1","max-image-preview":"max-image-preview:large","max-video-preview":"max-video-preview:-1"},"canonical":"https:\/\/paracherkaoui.ma\/index.php\/produit\/ducray-melascreen-creme-antitaches-protectrice-spf-50-50-ml\/","og_locale":"fr_FR","og_type":"article","og_title":"DUCRAY MELASCREEN CREME ANTITACHES PROTECTRICE SPF 50+ 50 ML - Paracherkaoui.ma","og_description":"Cr\u00e8me antitaches quotidienne tr\u00e8s haute protection adapt\u00e9e aux peaux s\u00e8ches pour pr\u00e9venir, r\u00e9duire l\u2019apparence des taches et prot\u00e9ger la peau","og_url":"https:\/\/paracherkaoui.ma\/index.php\/produit\/ducray-melascreen-creme-antitaches-protectrice-spf-50-50-ml\/","og_site_name":"Paracherkaoui.ma","article_modified_time":"2025-12-12T16:40:50+00:00","og_image":[{"width":700,"height":700,"url":"https:\/\/paracherkaoui.ma\/wp-content\/uploads\/2025\/12\/ducray-ducray-melascreen-creme-antitaches-protectrice-spf-50-50-ml-cremes.jpg","type":"image\/jpeg"}],"twitter_card":"summary_large_image","twitter_misc":{"Dur\u00e9e de lecture estim\u00e9e":"1 minute"},"schema":{"@context":"https:\/\/schema.org","@graph":[{"@type":"WebPage","@id":"https:\/\/paracherkaoui.ma\/index.php\/produit\/ducray-melascreen-creme-antitaches-protectrice-spf-50-50-ml\/","url":"https:\/\/paracherkaoui.ma\/index.php\/produit\/ducray-melascreen-creme-antitaches-protectrice-spf-50-50-ml\/","name":"DUCRAY MELASCREEN CREME ANTITACHES PROTECTRICE SPF 50+ 50 ML - Paracherkaoui.ma","isPartOf":{"@id":"https:\/\/paracherkaoui.ma\/#website"},"primaryImageOfPage":{"@id":"https:\/\/paracherkaoui.ma\/index.php\/produit\/ducray-melascreen-creme-antitaches-protectrice-spf-50-50-ml\/#primaryimage"},"image":{"@id":"https:\/\/paracherkaoui.ma\/index.php\/produit\/ducray-melascreen-creme-antitaches-protectrice-spf-50-50-ml\/#primaryimage"},"thumbnailUrl":"https:\/\/paracherkaoui.ma\/wp-content\/uploads\/2025\/12\/ducray-ducray-melascreen-creme-antitaches-protectrice-spf-50-50-ml-cremes.jpg","datePublished":"2025-12-12T16:40:48+00:00","dateModified":"2025-12-12T16:40:50+00:00","breadcrumb":{"@id":"https:\/\/paracherkaoui.ma\/index.php\/produit\/ducray-melascreen-creme-antitaches-protectrice-spf-50-50-ml\/#breadcrumb"},"inLanguage":"fr-FR","potentialAction":[{"@type":"ReadAction","target":["https:\/\/paracherkaoui.ma\/index.php\/produit\/ducray-melascreen-creme-antitaches-protectrice-spf-50-50-ml\/"]}]},{"@type":"ImageObject","inLanguage":"fr-FR","@id":"https:\/\/paracherkaoui.ma\/index.php\/produit\/ducray-melascreen-creme-antitaches-protectrice-spf-50-50-ml\/#primaryimage","url":"https:\/\/paracherkaoui.ma\/wp-content\/uploads\/2025\/12\/ducray-ducray-melascreen-creme-antitaches-protectrice-spf-50-50-ml-cremes.jpg","contentUrl":"https:\/\/paracherkaoui.ma\/wp-content\/uploads\/2025\/12\/ducray-ducray-melascreen-creme-antitaches-protectrice-spf-50-50-ml-cremes.jpg","width":700,"height":700},{"@type":"BreadcrumbList","@id":"https:\/\/paracherkaoui.ma\/index.php\/produit\/ducray-melascreen-creme-antitaches-protectrice-spf-50-50-ml\/#breadcrumb","itemListElement":[{"@type":"ListItem","position":1,"name":"Accueil","item":"https:\/\/paracherkaoui.ma\/"},{"@type":"ListItem","position":2,"name":"Boutique","item":"https:\/\/paracherkaoui.ma\/index.php\/boutique\/"},{"@type":"ListItem","position":3,"name":"DUCRAY MELASCREEN CREME ANTITACHES PROTECTRICE SPF 50+ 50 ML"}]},{"@type":"WebSite","@id":"https:\/\/paracherkaoui.ma\/#website","url":"https:\/\/paracherkaoui.ma\/","name":"Paracherkaoui.ma","description":"Achetez en ligne sur Paracherkaoui.ma","potentialAction":[{"@type":"SearchAction","target":{"@type":"EntryPoint","urlTemplate":"https:\/\/paracherkaoui.ma\/?s={search_term_string}"},"query-input":{"@type":"PropertyValueSpecification","valueRequired":true,"valueName":"search_term_string"}}],"inLanguage":"fr-FR"}]}},"_links":{"self":[{"href":"https:\/\/paracherkaoui.ma\/index.php\/wp-json\/wp\/v2\/product\/11773","targetHints":{"allow":["GET"]}}],"collection":[{"href":"https:\/\/paracherkaoui.ma\/index.php\/wp-json\/wp\/v2\/product"}],"about":[{"href":"https:\/\/paracherkaoui.ma\/index.php\/wp-json\/wp\/v2\/types\/product"}],"replies":[{"embeddable":true,"href":"https:\/\/paracherkaoui.ma\/index.php\/wp-json\/wp\/v2\/comments?post=11773"}],"version-history":[{"count":1,"href":"https:\/\/paracherkaoui.ma\/index.php\/wp-json\/wp\/v2\/product\/11773\/revisions"}],"predecessor-version":[{"id":11808,"href":"https:\/\/paracherkaoui.ma\/index.php\/wp-json\/wp\/v2\/product\/11773\/revisions\/11808"}],"wp:featuredmedia":[{"embeddable":true,"href":"https:\/\/paracherkaoui.ma\/index.php\/wp-json\/wp\/v2\/media\/11807"}],"wp:attachment":[{"href":"https:\/\/paracherkaoui.ma\/index.php\/wp-json\/wp\/v2\/media?parent=11773"}],"wp:term":[{"taxonomy":"product_brand","embeddable":true,"href":"https:\/\/paracherkaoui.ma\/index.php\/wp-json\/wp\/v2\/product_brand?post=11773"},{"taxonomy":"product_cat","embeddable":true,"href":"https:\/\/paracherkaoui.ma\/index.php\/wp-json\/wp\/v2\/product_cat?post=11773"},{"taxonomy":"product_tag","embeddable":true,"href":"https:\/\/paracherkaoui.ma\/index.php\/wp-json\/wp\/v2\/product_tag?post=11773"}],"curies":[{"name":"wp","href":"https:\/\/api.w.org\/{rel}","templated":true}]}}