{"id":11709,"date":"2025-12-12T17:40:42","date_gmt":"2025-12-12T16:40:42","guid":{"rendered":"https:\/\/test.ecbeaute.com\/?post_type=product&#038;p=11709"},"modified":"2025-12-12T17:40:46","modified_gmt":"2025-12-12T16:40:46","slug":"acm-azeane-acide-azelaique-15-30-ml","status":"publish","type":"product","link":"https:\/\/paracherkaoui.ma\/index.php\/produit\/acm-azeane-acide-azelaique-15-30-ml\/","title":{"rendered":"ACM AZEANE ACIDE AZELAIQUE 15 % 30 ML"},"content":{"rendered":"<p>La cr\u00e8me \u00e0 l\u2019acide az\u00e9la\u00efque Az\u00e9ane ravive l&rsquo;\u00e9clat du teint et estompe les taches, les imperfections cutan\u00e9es et les rougeurs pour une am\u00e9lioration g\u00e9n\u00e9rale de la peau per\u00e7ue d\u00e8s 7 jours(1,2).<br \/>\nFormule multi-actions 4-en-1 : hyperpigmentations, teint terne, imperfections, rougeurs<br \/>\nId\u00e9al pour :<br \/>\n\u00ab\u00a0Tous les types de peau. Hyperpigmentations, teint terne, imperfections et d\u00e9fauts cutan\u00e9s, rougeurs<br \/>\nConseils d&rsquo;utilisation:<br \/>\nAppliquez Az\u00e9ane matin et\/ou soir sur l\u2019ensemble du visage parfaitement nettoy\u00e9, ainsi que sur les zones du d\u00e9collet\u00e9 et des mains concern\u00e9es par les marques r\u00e9siduelles d\u2019imperfections et les taches. Utilisez la cr\u00e8me \u00e0 l\u2019acide az\u00e9la\u00efque pendant minimum 4 \u00e0 8 semaines afin d\u2019obtenir des r\u00e9sultats optimaux sur la qualit\u00e9 de la peau.<\/p>\n","protected":false},"excerpt":{"rendered":"<p>La cr\u00e8me \u00e0 l\u2019acide az\u00e9la\u00efque Az\u00e9ane ravive l&rsquo;\u00e9clat du teint et estompe les taches, les imperfections cutan\u00e9es et les rougeurs<\/p>\n","protected":false},"featured_media":11765,"comment_status":"open","ping_status":"closed","template":"","meta":[],"product_brand":[142],"product_cat":[153],"product_tag":[],"class_list":{"0":"post-11709","1":"product","2":"type-product","3":"status-publish","4":"has-post-thumbnail","6":"product_brand-acm","7":"product_cat-taches-pigmentaires","9":"first","10":"instock","11":"sale","12":"shipping-taxable","13":"purchasable","14":"product-type-simple"},"yoast_head":"<!-- This site is optimized with the Yoast SEO plugin v26.6 - https:\/\/yoast.com\/wordpress\/plugins\/seo\/ -->\r\n<title>ACM AZEANE ACIDE AZELAIQUE 15 % 30 ML - Paracherkaoui.ma<\/title>\r\n<meta name=\"robots\" content=\"index, follow, max-snippet:-1, max-image-preview:large, max-video-preview:-1\" \/>\r\n<link rel=\"canonical\" href=\"https:\/\/paracherkaoui.ma\/index.php\/produit\/acm-azeane-acide-azelaique-15-30-ml\/\" \/>\r\n<meta property=\"og:locale\" content=\"fr_FR\" \/>\r\n<meta property=\"og:type\" content=\"article\" \/>\r\n<meta property=\"og:title\" content=\"ACM AZEANE ACIDE AZELAIQUE 15 % 30 ML - Paracherkaoui.ma\" \/>\r\n<meta property=\"og:description\" content=\"La cr\u00e8me \u00e0 l\u2019acide az\u00e9la\u00efque Az\u00e9ane ravive l&rsquo;\u00e9clat du teint et estompe les taches, les imperfections cutan\u00e9es et les rougeurs\" \/>\r\n<meta property=\"og:url\" content=\"https:\/\/paracherkaoui.ma\/index.php\/produit\/acm-azeane-acide-azelaique-15-30-ml\/\" \/>\r\n<meta property=\"og:site_name\" content=\"Paracherkaoui.ma\" \/>\r\n<meta property=\"article:modified_time\" content=\"2025-12-12T16:40:46+00:00\" \/>\r\n<meta property=\"og:image\" content=\"https:\/\/paracherkaoui.ma\/wp-content\/uploads\/2025\/12\/acm-acm-azeane-acide-azelaique-15-30-ml-soins-anti-imperfections.jpg\" \/>\r\n\t<meta property=\"og:image:width\" content=\"700\" \/>\r\n\t<meta property=\"og:image:height\" content=\"700\" \/>\r\n\t<meta property=\"og:image:type\" content=\"image\/jpeg\" \/>\r\n<meta name=\"twitter:card\" content=\"summary_large_image\" \/>\r\n<meta name=\"twitter:label1\" content=\"Dur\u00e9e de lecture estim\u00e9e\" \/>\n\t<meta name=\"twitter:data1\" content=\"1 minute\" \/>\r\n<script type=\"application\/ld+json\" class=\"yoast-schema-graph\">{\"@context\":\"https:\/\/schema.org\",\"@graph\":[{\"@type\":\"WebPage\",\"@id\":\"https:\/\/paracherkaoui.ma\/index.php\/produit\/acm-azeane-acide-azelaique-15-30-ml\/\",\"url\":\"https:\/\/paracherkaoui.ma\/index.php\/produit\/acm-azeane-acide-azelaique-15-30-ml\/\",\"name\":\"ACM AZEANE ACIDE AZELAIQUE 15 % 30 ML - Paracherkaoui.ma\",\"isPartOf\":{\"@id\":\"https:\/\/paracherkaoui.ma\/#website\"},\"primaryImageOfPage\":{\"@id\":\"https:\/\/paracherkaoui.ma\/index.php\/produit\/acm-azeane-acide-azelaique-15-30-ml\/#primaryimage\"},\"image\":{\"@id\":\"https:\/\/paracherkaoui.ma\/index.php\/produit\/acm-azeane-acide-azelaique-15-30-ml\/#primaryimage\"},\"thumbnailUrl\":\"https:\/\/paracherkaoui.ma\/wp-content\/uploads\/2025\/12\/acm-acm-azeane-acide-azelaique-15-30-ml-soins-anti-imperfections.jpg\",\"datePublished\":\"2025-12-12T16:40:42+00:00\",\"dateModified\":\"2025-12-12T16:40:46+00:00\",\"breadcrumb\":{\"@id\":\"https:\/\/paracherkaoui.ma\/index.php\/produit\/acm-azeane-acide-azelaique-15-30-ml\/#breadcrumb\"},\"inLanguage\":\"fr-FR\",\"potentialAction\":[{\"@type\":\"ReadAction\",\"target\":[\"https:\/\/paracherkaoui.ma\/index.php\/produit\/acm-azeane-acide-azelaique-15-30-ml\/\"]}]},{\"@type\":\"ImageObject\",\"inLanguage\":\"fr-FR\",\"@id\":\"https:\/\/paracherkaoui.ma\/index.php\/produit\/acm-azeane-acide-azelaique-15-30-ml\/#primaryimage\",\"url\":\"https:\/\/paracherkaoui.ma\/wp-content\/uploads\/2025\/12\/acm-acm-azeane-acide-azelaique-15-30-ml-soins-anti-imperfections.jpg\",\"contentUrl\":\"https:\/\/paracherkaoui.ma\/wp-content\/uploads\/2025\/12\/acm-acm-azeane-acide-azelaique-15-30-ml-soins-anti-imperfections.jpg\",\"width\":700,\"height\":700},{\"@type\":\"BreadcrumbList\",\"@id\":\"https:\/\/paracherkaoui.ma\/index.php\/produit\/acm-azeane-acide-azelaique-15-30-ml\/#breadcrumb\",\"itemListElement\":[{\"@type\":\"ListItem\",\"position\":1,\"name\":\"Accueil\",\"item\":\"https:\/\/paracherkaoui.ma\/\"},{\"@type\":\"ListItem\",\"position\":2,\"name\":\"Boutique\",\"item\":\"https:\/\/paracherkaoui.ma\/index.php\/boutique\/\"},{\"@type\":\"ListItem\",\"position\":3,\"name\":\"ACM AZEANE ACIDE AZELAIQUE 15 % 30 ML\"}]},{\"@type\":\"WebSite\",\"@id\":\"https:\/\/paracherkaoui.ma\/#website\",\"url\":\"https:\/\/paracherkaoui.ma\/\",\"name\":\"Paracherkaoui.ma\",\"description\":\"Achetez en ligne sur Paracherkaoui.ma\",\"potentialAction\":[{\"@type\":\"SearchAction\",\"target\":{\"@type\":\"EntryPoint\",\"urlTemplate\":\"https:\/\/paracherkaoui.ma\/?s={search_term_string}\"},\"query-input\":{\"@type\":\"PropertyValueSpecification\",\"valueRequired\":true,\"valueName\":\"search_term_string\"}}],\"inLanguage\":\"fr-FR\"}]}<\/script>\r\n<!-- \/ Yoast SEO plugin. -->","yoast_head_json":{"title":"ACM AZEANE ACIDE AZELAIQUE 15 % 30 ML - Paracherkaoui.ma","robots":{"index":"index","follow":"follow","max-snippet":"max-snippet:-1","max-image-preview":"max-image-preview:large","max-video-preview":"max-video-preview:-1"},"canonical":"https:\/\/paracherkaoui.ma\/index.php\/produit\/acm-azeane-acide-azelaique-15-30-ml\/","og_locale":"fr_FR","og_type":"article","og_title":"ACM AZEANE ACIDE AZELAIQUE 15 % 30 ML - Paracherkaoui.ma","og_description":"La cr\u00e8me \u00e0 l\u2019acide az\u00e9la\u00efque Az\u00e9ane ravive l&rsquo;\u00e9clat du teint et estompe les taches, les imperfections cutan\u00e9es et les rougeurs","og_url":"https:\/\/paracherkaoui.ma\/index.php\/produit\/acm-azeane-acide-azelaique-15-30-ml\/","og_site_name":"Paracherkaoui.ma","article_modified_time":"2025-12-12T16:40:46+00:00","og_image":[{"width":700,"height":700,"url":"https:\/\/paracherkaoui.ma\/wp-content\/uploads\/2025\/12\/acm-acm-azeane-acide-azelaique-15-30-ml-soins-anti-imperfections.jpg","type":"image\/jpeg"}],"twitter_card":"summary_large_image","twitter_misc":{"Dur\u00e9e de lecture estim\u00e9e":"1 minute"},"schema":{"@context":"https:\/\/schema.org","@graph":[{"@type":"WebPage","@id":"https:\/\/paracherkaoui.ma\/index.php\/produit\/acm-azeane-acide-azelaique-15-30-ml\/","url":"https:\/\/paracherkaoui.ma\/index.php\/produit\/acm-azeane-acide-azelaique-15-30-ml\/","name":"ACM AZEANE ACIDE AZELAIQUE 15 % 30 ML - Paracherkaoui.ma","isPartOf":{"@id":"https:\/\/paracherkaoui.ma\/#website"},"primaryImageOfPage":{"@id":"https:\/\/paracherkaoui.ma\/index.php\/produit\/acm-azeane-acide-azelaique-15-30-ml\/#primaryimage"},"image":{"@id":"https:\/\/paracherkaoui.ma\/index.php\/produit\/acm-azeane-acide-azelaique-15-30-ml\/#primaryimage"},"thumbnailUrl":"https:\/\/paracherkaoui.ma\/wp-content\/uploads\/2025\/12\/acm-acm-azeane-acide-azelaique-15-30-ml-soins-anti-imperfections.jpg","datePublished":"2025-12-12T16:40:42+00:00","dateModified":"2025-12-12T16:40:46+00:00","breadcrumb":{"@id":"https:\/\/paracherkaoui.ma\/index.php\/produit\/acm-azeane-acide-azelaique-15-30-ml\/#breadcrumb"},"inLanguage":"fr-FR","potentialAction":[{"@type":"ReadAction","target":["https:\/\/paracherkaoui.ma\/index.php\/produit\/acm-azeane-acide-azelaique-15-30-ml\/"]}]},{"@type":"ImageObject","inLanguage":"fr-FR","@id":"https:\/\/paracherkaoui.ma\/index.php\/produit\/acm-azeane-acide-azelaique-15-30-ml\/#primaryimage","url":"https:\/\/paracherkaoui.ma\/wp-content\/uploads\/2025\/12\/acm-acm-azeane-acide-azelaique-15-30-ml-soins-anti-imperfections.jpg","contentUrl":"https:\/\/paracherkaoui.ma\/wp-content\/uploads\/2025\/12\/acm-acm-azeane-acide-azelaique-15-30-ml-soins-anti-imperfections.jpg","width":700,"height":700},{"@type":"BreadcrumbList","@id":"https:\/\/paracherkaoui.ma\/index.php\/produit\/acm-azeane-acide-azelaique-15-30-ml\/#breadcrumb","itemListElement":[{"@type":"ListItem","position":1,"name":"Accueil","item":"https:\/\/paracherkaoui.ma\/"},{"@type":"ListItem","position":2,"name":"Boutique","item":"https:\/\/paracherkaoui.ma\/index.php\/boutique\/"},{"@type":"ListItem","position":3,"name":"ACM AZEANE ACIDE AZELAIQUE 15 % 30 ML"}]},{"@type":"WebSite","@id":"https:\/\/paracherkaoui.ma\/#website","url":"https:\/\/paracherkaoui.ma\/","name":"Paracherkaoui.ma","description":"Achetez en ligne sur Paracherkaoui.ma","potentialAction":[{"@type":"SearchAction","target":{"@type":"EntryPoint","urlTemplate":"https:\/\/paracherkaoui.ma\/?s={search_term_string}"},"query-input":{"@type":"PropertyValueSpecification","valueRequired":true,"valueName":"search_term_string"}}],"inLanguage":"fr-FR"}]}},"_links":{"self":[{"href":"https:\/\/paracherkaoui.ma\/index.php\/wp-json\/wp\/v2\/product\/11709","targetHints":{"allow":["GET"]}}],"collection":[{"href":"https:\/\/paracherkaoui.ma\/index.php\/wp-json\/wp\/v2\/product"}],"about":[{"href":"https:\/\/paracherkaoui.ma\/index.php\/wp-json\/wp\/v2\/types\/product"}],"replies":[{"embeddable":true,"href":"https:\/\/paracherkaoui.ma\/index.php\/wp-json\/wp\/v2\/comments?post=11709"}],"version-history":[{"count":1,"href":"https:\/\/paracherkaoui.ma\/index.php\/wp-json\/wp\/v2\/product\/11709\/revisions"}],"predecessor-version":[{"id":11766,"href":"https:\/\/paracherkaoui.ma\/index.php\/wp-json\/wp\/v2\/product\/11709\/revisions\/11766"}],"wp:featuredmedia":[{"embeddable":true,"href":"https:\/\/paracherkaoui.ma\/index.php\/wp-json\/wp\/v2\/media\/11765"}],"wp:attachment":[{"href":"https:\/\/paracherkaoui.ma\/index.php\/wp-json\/wp\/v2\/media?parent=11709"}],"wp:term":[{"taxonomy":"product_brand","embeddable":true,"href":"https:\/\/paracherkaoui.ma\/index.php\/wp-json\/wp\/v2\/product_brand?post=11709"},{"taxonomy":"product_cat","embeddable":true,"href":"https:\/\/paracherkaoui.ma\/index.php\/wp-json\/wp\/v2\/product_cat?post=11709"},{"taxonomy":"product_tag","embeddable":true,"href":"https:\/\/paracherkaoui.ma\/index.php\/wp-json\/wp\/v2\/product_tag?post=11709"}],"curies":[{"name":"wp","href":"https:\/\/api.w.org\/{rel}","templated":true}]}}