{"id":11704,"date":"2025-12-12T17:40:42","date_gmt":"2025-12-12T16:40:42","guid":{"rendered":"https:\/\/test.ecbeaute.com\/?post_type=product&#038;p=11704"},"modified":"2025-12-12T17:40:45","modified_gmt":"2025-12-12T16:40:45","slug":"bioderma-pigmentbio-zones-sensibles-75ml","status":"publish","type":"product","link":"https:\/\/paracherkaoui.ma\/index.php\/produit\/bioderma-pigmentbio-zones-sensibles-75ml\/","title":{"rendered":"BIODERMA PIGMENTBIO ZONES SENSIBLES 75ML"},"content":{"rendered":"<p>Bioderma Pigmentbio Sensitive Areas est le premier produit d\u00e9pigmentant sp\u00e9cialement con\u00e7u pour les zones sensibles et intimes, ainsi que les zones sujettes \u00e0 des frictions (telles que les genoux, les aisselles, etc.). Formul\u00e9e avec un complexe brevet\u00e9 LumiReveal \u2122, cette cr\u00e8me contient \u00e0 la fois de l&rsquo;acide az\u00e9la\u00efque et de la glabridine, deux ingr\u00e9dients aux propri\u00e9t\u00e9s \u00e9claircissantes prouv\u00e9es. De plus, l&rsquo;ajout d&rsquo;extrait de laminaire ochroleuca minimise les irritations et apaise la peau, ce qui en fait le produit id\u00e9al pour une application imm\u00e9diatement apr\u00e8s le rasage. Les r\u00e9sultats sont visibles apr\u00e8s 4 semaines d&rsquo;utilisation continue.<br \/>\nBioderma Pigmentbio Sensitive Areas Soin Eclaircissant Cibl\u00e9 Anti-T\u00e2ches Brunes 75ml permet d&rsquo;att\u00e9nuer les zones sombres de la peau. Ce soin \u00e9claircit et unifie les zones de frottements (genoux, coudes, aisselles, cuisses, aine) et les zones intimes externes. Il apaise la peau et aide \u00e0 pr\u00e9venir les rougeurs responsables des diff\u00e9rences colorielles cutan\u00e9es.<br \/>\nConseils d&rsquo;utilisation:<br \/>\nAppliquez Bioderma Pigmentbio Sensitive Areas une ou deux fois par jour sur la peau propre des zones touch\u00e9es. Le produit convient \u00e0 une utilisation imm\u00e9diatement apr\u00e8s le rasage pour aider \u00e0 r\u00e9duire les rougeurs et \u00e0 pr\u00e9venir les changements de pigmentation.<\/p>\n","protected":false},"excerpt":{"rendered":"<p>Bioderma Pigmentbio Sensitive Areas est le premier produit d\u00e9pigmentant sp\u00e9cialement con\u00e7u pour les zones sensibles et intimes, ainsi que les<\/p>\n","protected":false},"featured_media":11755,"comment_status":"open","ping_status":"closed","template":"","meta":[],"product_brand":[137],"product_cat":[153],"product_tag":[],"class_list":{"0":"post-11704","1":"product","2":"type-product","3":"status-publish","4":"has-post-thumbnail","6":"product_brand-bioderma","7":"product_cat-taches-pigmentaires","9":"first","10":"instock","11":"sale","12":"shipping-taxable","13":"purchasable","14":"product-type-simple"},"yoast_head":"<!-- This site is optimized with the Yoast SEO plugin v26.6 - https:\/\/yoast.com\/wordpress\/plugins\/seo\/ -->\r\n<title>BIODERMA PIGMENTBIO ZONES SENSIBLES 75ML - Paracherkaoui.ma<\/title>\r\n<meta name=\"robots\" content=\"index, follow, max-snippet:-1, max-image-preview:large, max-video-preview:-1\" \/>\r\n<link rel=\"canonical\" href=\"https:\/\/paracherkaoui.ma\/index.php\/produit\/bioderma-pigmentbio-zones-sensibles-75ml\/\" \/>\r\n<meta property=\"og:locale\" content=\"fr_FR\" \/>\r\n<meta property=\"og:type\" content=\"article\" \/>\r\n<meta property=\"og:title\" content=\"BIODERMA PIGMENTBIO ZONES SENSIBLES 75ML - Paracherkaoui.ma\" \/>\r\n<meta property=\"og:description\" content=\"Bioderma Pigmentbio Sensitive Areas est le premier produit d\u00e9pigmentant sp\u00e9cialement con\u00e7u pour les zones sensibles et intimes, ainsi que les\" \/>\r\n<meta property=\"og:url\" content=\"https:\/\/paracherkaoui.ma\/index.php\/produit\/bioderma-pigmentbio-zones-sensibles-75ml\/\" \/>\r\n<meta property=\"og:site_name\" content=\"Paracherkaoui.ma\" \/>\r\n<meta property=\"article:modified_time\" content=\"2025-12-12T16:40:45+00:00\" \/>\r\n<meta property=\"og:image\" content=\"https:\/\/paracherkaoui.ma\/wp-content\/uploads\/2025\/12\/bioderma-bioderma-pigmentbio-zones-sensibles-75ml-cremes-et-soins-hydratants.jpg\" \/>\r\n\t<meta property=\"og:image:width\" content=\"700\" \/>\r\n\t<meta property=\"og:image:height\" content=\"700\" \/>\r\n\t<meta property=\"og:image:type\" content=\"image\/jpeg\" \/>\r\n<meta name=\"twitter:card\" content=\"summary_large_image\" \/>\r\n<meta name=\"twitter:label1\" content=\"Dur\u00e9e de lecture estim\u00e9e\" \/>\n\t<meta name=\"twitter:data1\" content=\"1 minute\" \/>\r\n<script type=\"application\/ld+json\" class=\"yoast-schema-graph\">{\"@context\":\"https:\/\/schema.org\",\"@graph\":[{\"@type\":\"WebPage\",\"@id\":\"https:\/\/paracherkaoui.ma\/index.php\/produit\/bioderma-pigmentbio-zones-sensibles-75ml\/\",\"url\":\"https:\/\/paracherkaoui.ma\/index.php\/produit\/bioderma-pigmentbio-zones-sensibles-75ml\/\",\"name\":\"BIODERMA PIGMENTBIO ZONES SENSIBLES 75ML - Paracherkaoui.ma\",\"isPartOf\":{\"@id\":\"https:\/\/paracherkaoui.ma\/#website\"},\"primaryImageOfPage\":{\"@id\":\"https:\/\/paracherkaoui.ma\/index.php\/produit\/bioderma-pigmentbio-zones-sensibles-75ml\/#primaryimage\"},\"image\":{\"@id\":\"https:\/\/paracherkaoui.ma\/index.php\/produit\/bioderma-pigmentbio-zones-sensibles-75ml\/#primaryimage\"},\"thumbnailUrl\":\"https:\/\/paracherkaoui.ma\/wp-content\/uploads\/2025\/12\/bioderma-bioderma-pigmentbio-zones-sensibles-75ml-cremes-et-soins-hydratants.jpg\",\"datePublished\":\"2025-12-12T16:40:42+00:00\",\"dateModified\":\"2025-12-12T16:40:45+00:00\",\"breadcrumb\":{\"@id\":\"https:\/\/paracherkaoui.ma\/index.php\/produit\/bioderma-pigmentbio-zones-sensibles-75ml\/#breadcrumb\"},\"inLanguage\":\"fr-FR\",\"potentialAction\":[{\"@type\":\"ReadAction\",\"target\":[\"https:\/\/paracherkaoui.ma\/index.php\/produit\/bioderma-pigmentbio-zones-sensibles-75ml\/\"]}]},{\"@type\":\"ImageObject\",\"inLanguage\":\"fr-FR\",\"@id\":\"https:\/\/paracherkaoui.ma\/index.php\/produit\/bioderma-pigmentbio-zones-sensibles-75ml\/#primaryimage\",\"url\":\"https:\/\/paracherkaoui.ma\/wp-content\/uploads\/2025\/12\/bioderma-bioderma-pigmentbio-zones-sensibles-75ml-cremes-et-soins-hydratants.jpg\",\"contentUrl\":\"https:\/\/paracherkaoui.ma\/wp-content\/uploads\/2025\/12\/bioderma-bioderma-pigmentbio-zones-sensibles-75ml-cremes-et-soins-hydratants.jpg\",\"width\":700,\"height\":700},{\"@type\":\"BreadcrumbList\",\"@id\":\"https:\/\/paracherkaoui.ma\/index.php\/produit\/bioderma-pigmentbio-zones-sensibles-75ml\/#breadcrumb\",\"itemListElement\":[{\"@type\":\"ListItem\",\"position\":1,\"name\":\"Accueil\",\"item\":\"https:\/\/paracherkaoui.ma\/\"},{\"@type\":\"ListItem\",\"position\":2,\"name\":\"Boutique\",\"item\":\"https:\/\/paracherkaoui.ma\/index.php\/boutique\/\"},{\"@type\":\"ListItem\",\"position\":3,\"name\":\"BIODERMA PIGMENTBIO ZONES SENSIBLES 75ML\"}]},{\"@type\":\"WebSite\",\"@id\":\"https:\/\/paracherkaoui.ma\/#website\",\"url\":\"https:\/\/paracherkaoui.ma\/\",\"name\":\"Paracherkaoui.ma\",\"description\":\"Achetez en ligne sur Paracherkaoui.ma\",\"potentialAction\":[{\"@type\":\"SearchAction\",\"target\":{\"@type\":\"EntryPoint\",\"urlTemplate\":\"https:\/\/paracherkaoui.ma\/?s={search_term_string}\"},\"query-input\":{\"@type\":\"PropertyValueSpecification\",\"valueRequired\":true,\"valueName\":\"search_term_string\"}}],\"inLanguage\":\"fr-FR\"}]}<\/script>\r\n<!-- \/ Yoast SEO plugin. -->","yoast_head_json":{"title":"BIODERMA PIGMENTBIO ZONES SENSIBLES 75ML - Paracherkaoui.ma","robots":{"index":"index","follow":"follow","max-snippet":"max-snippet:-1","max-image-preview":"max-image-preview:large","max-video-preview":"max-video-preview:-1"},"canonical":"https:\/\/paracherkaoui.ma\/index.php\/produit\/bioderma-pigmentbio-zones-sensibles-75ml\/","og_locale":"fr_FR","og_type":"article","og_title":"BIODERMA PIGMENTBIO ZONES SENSIBLES 75ML - Paracherkaoui.ma","og_description":"Bioderma Pigmentbio Sensitive Areas est le premier produit d\u00e9pigmentant sp\u00e9cialement con\u00e7u pour les zones sensibles et intimes, ainsi que les","og_url":"https:\/\/paracherkaoui.ma\/index.php\/produit\/bioderma-pigmentbio-zones-sensibles-75ml\/","og_site_name":"Paracherkaoui.ma","article_modified_time":"2025-12-12T16:40:45+00:00","og_image":[{"width":700,"height":700,"url":"https:\/\/paracherkaoui.ma\/wp-content\/uploads\/2025\/12\/bioderma-bioderma-pigmentbio-zones-sensibles-75ml-cremes-et-soins-hydratants.jpg","type":"image\/jpeg"}],"twitter_card":"summary_large_image","twitter_misc":{"Dur\u00e9e de lecture estim\u00e9e":"1 minute"},"schema":{"@context":"https:\/\/schema.org","@graph":[{"@type":"WebPage","@id":"https:\/\/paracherkaoui.ma\/index.php\/produit\/bioderma-pigmentbio-zones-sensibles-75ml\/","url":"https:\/\/paracherkaoui.ma\/index.php\/produit\/bioderma-pigmentbio-zones-sensibles-75ml\/","name":"BIODERMA PIGMENTBIO ZONES SENSIBLES 75ML - Paracherkaoui.ma","isPartOf":{"@id":"https:\/\/paracherkaoui.ma\/#website"},"primaryImageOfPage":{"@id":"https:\/\/paracherkaoui.ma\/index.php\/produit\/bioderma-pigmentbio-zones-sensibles-75ml\/#primaryimage"},"image":{"@id":"https:\/\/paracherkaoui.ma\/index.php\/produit\/bioderma-pigmentbio-zones-sensibles-75ml\/#primaryimage"},"thumbnailUrl":"https:\/\/paracherkaoui.ma\/wp-content\/uploads\/2025\/12\/bioderma-bioderma-pigmentbio-zones-sensibles-75ml-cremes-et-soins-hydratants.jpg","datePublished":"2025-12-12T16:40:42+00:00","dateModified":"2025-12-12T16:40:45+00:00","breadcrumb":{"@id":"https:\/\/paracherkaoui.ma\/index.php\/produit\/bioderma-pigmentbio-zones-sensibles-75ml\/#breadcrumb"},"inLanguage":"fr-FR","potentialAction":[{"@type":"ReadAction","target":["https:\/\/paracherkaoui.ma\/index.php\/produit\/bioderma-pigmentbio-zones-sensibles-75ml\/"]}]},{"@type":"ImageObject","inLanguage":"fr-FR","@id":"https:\/\/paracherkaoui.ma\/index.php\/produit\/bioderma-pigmentbio-zones-sensibles-75ml\/#primaryimage","url":"https:\/\/paracherkaoui.ma\/wp-content\/uploads\/2025\/12\/bioderma-bioderma-pigmentbio-zones-sensibles-75ml-cremes-et-soins-hydratants.jpg","contentUrl":"https:\/\/paracherkaoui.ma\/wp-content\/uploads\/2025\/12\/bioderma-bioderma-pigmentbio-zones-sensibles-75ml-cremes-et-soins-hydratants.jpg","width":700,"height":700},{"@type":"BreadcrumbList","@id":"https:\/\/paracherkaoui.ma\/index.php\/produit\/bioderma-pigmentbio-zones-sensibles-75ml\/#breadcrumb","itemListElement":[{"@type":"ListItem","position":1,"name":"Accueil","item":"https:\/\/paracherkaoui.ma\/"},{"@type":"ListItem","position":2,"name":"Boutique","item":"https:\/\/paracherkaoui.ma\/index.php\/boutique\/"},{"@type":"ListItem","position":3,"name":"BIODERMA PIGMENTBIO ZONES SENSIBLES 75ML"}]},{"@type":"WebSite","@id":"https:\/\/paracherkaoui.ma\/#website","url":"https:\/\/paracherkaoui.ma\/","name":"Paracherkaoui.ma","description":"Achetez en ligne sur Paracherkaoui.ma","potentialAction":[{"@type":"SearchAction","target":{"@type":"EntryPoint","urlTemplate":"https:\/\/paracherkaoui.ma\/?s={search_term_string}"},"query-input":{"@type":"PropertyValueSpecification","valueRequired":true,"valueName":"search_term_string"}}],"inLanguage":"fr-FR"}]}},"_links":{"self":[{"href":"https:\/\/paracherkaoui.ma\/index.php\/wp-json\/wp\/v2\/product\/11704","targetHints":{"allow":["GET"]}}],"collection":[{"href":"https:\/\/paracherkaoui.ma\/index.php\/wp-json\/wp\/v2\/product"}],"about":[{"href":"https:\/\/paracherkaoui.ma\/index.php\/wp-json\/wp\/v2\/types\/product"}],"replies":[{"embeddable":true,"href":"https:\/\/paracherkaoui.ma\/index.php\/wp-json\/wp\/v2\/comments?post=11704"}],"version-history":[{"count":1,"href":"https:\/\/paracherkaoui.ma\/index.php\/wp-json\/wp\/v2\/product\/11704\/revisions"}],"predecessor-version":[{"id":11756,"href":"https:\/\/paracherkaoui.ma\/index.php\/wp-json\/wp\/v2\/product\/11704\/revisions\/11756"}],"wp:featuredmedia":[{"embeddable":true,"href":"https:\/\/paracherkaoui.ma\/index.php\/wp-json\/wp\/v2\/media\/11755"}],"wp:attachment":[{"href":"https:\/\/paracherkaoui.ma\/index.php\/wp-json\/wp\/v2\/media?parent=11704"}],"wp:term":[{"taxonomy":"product_brand","embeddable":true,"href":"https:\/\/paracherkaoui.ma\/index.php\/wp-json\/wp\/v2\/product_brand?post=11704"},{"taxonomy":"product_cat","embeddable":true,"href":"https:\/\/paracherkaoui.ma\/index.php\/wp-json\/wp\/v2\/product_cat?post=11704"},{"taxonomy":"product_tag","embeddable":true,"href":"https:\/\/paracherkaoui.ma\/index.php\/wp-json\/wp\/v2\/product_tag?post=11704"}],"curies":[{"name":"wp","href":"https:\/\/api.w.org\/{rel}","templated":true}]}}