{"id":11616,"date":"2025-12-12T17:40:33","date_gmt":"2025-12-12T16:40:33","guid":{"rendered":"https:\/\/test.ecbeaute.com\/?post_type=product&#038;p=11616"},"modified":"2025-12-12T17:40:39","modified_gmt":"2025-12-12T16:40:39","slug":"acm-sensitelial-pain-surgras-dermatologique-100-g","status":"publish","type":"product","link":"https:\/\/paracherkaoui.ma\/index.php\/produit\/acm-sensitelial-pain-surgras-dermatologique-100-g\/","title":{"rendered":"ACM SENSITELIAL PAIN SURGRAS DERMATOLOGIQUE 100 G"},"content":{"rendered":"<p>Laboratoire ACM Sensit\u00e9lial Pain Surgras Dermatologique 100 g est un pain surgras dermatologique extra-doux, particuli\u00e8rement adapt\u00e9 pour l&rsquo;hygi\u00e8ne quotidienne des peaux les plus sensibles, s\u00e8ches ou a tendance atopique. Il conviendra aux enfants comme aux adultes.Gr\u00e2ce \u00e0 ses agents nettoyants doux sans savon, ce syndet nettoie la peau sans l&rsquo;agresser tout en respectant le film hydrolipidique. Enrichi en actifs hydratants et relipidants, il pr\u00e9vient du dess\u00e8chement, adoucit et nourrit la peau pour limiter les sensations de tiraillements et redonner confort et souplesse. La peau est nette, douce, hydrat\u00e9e et confortable toute la journ\u00e9e. Sans savon, pH physiologique<br \/>\nConseils d&rsquo;utilisation:<br \/>\nFaire mousser avant d&rsquo;appliquer sur la peau pr\u00e9alablement mouill\u00e9e. \u00c9viter le contact avec les yeux. En cas de contact avec les yeux, rincer soigneusement \u00e0 l&rsquo;eau.<\/p>\n","protected":false},"excerpt":{"rendered":"<p>Laboratoire ACM Sensit\u00e9lial Pain Surgras Dermatologique 100 g est un pain surgras dermatologique extra-doux, particuli\u00e8rement adapt\u00e9 pour l&rsquo;hygi\u00e8ne quotidienne des<\/p>\n","protected":false},"featured_media":11665,"comment_status":"open","ping_status":"closed","template":"","meta":[],"product_brand":[142],"product_cat":[152],"product_tag":[],"class_list":{"0":"post-11616","1":"product","2":"type-product","3":"status-publish","4":"has-post-thumbnail","6":"product_brand-acm","7":"product_cat-rosacees","9":"first","10":"instock","11":"sale","12":"shipping-taxable","13":"purchasable","14":"product-type-simple"},"yoast_head":"<!-- This site is optimized with the Yoast SEO plugin v26.6 - https:\/\/yoast.com\/wordpress\/plugins\/seo\/ -->\r\n<title>ACM SENSITELIAL PAIN SURGRAS DERMATOLOGIQUE 100 G - Paracherkaoui.ma<\/title>\r\n<meta name=\"robots\" content=\"index, follow, max-snippet:-1, max-image-preview:large, max-video-preview:-1\" \/>\r\n<link rel=\"canonical\" href=\"https:\/\/paracherkaoui.ma\/index.php\/produit\/acm-sensitelial-pain-surgras-dermatologique-100-g\/\" \/>\r\n<meta property=\"og:locale\" content=\"fr_FR\" \/>\r\n<meta property=\"og:type\" content=\"article\" \/>\r\n<meta property=\"og:title\" content=\"ACM SENSITELIAL PAIN SURGRAS DERMATOLOGIQUE 100 G - Paracherkaoui.ma\" \/>\r\n<meta property=\"og:description\" content=\"Laboratoire ACM Sensit\u00e9lial Pain Surgras Dermatologique 100 g est un pain surgras dermatologique extra-doux, particuli\u00e8rement adapt\u00e9 pour l&rsquo;hygi\u00e8ne quotidienne des\" \/>\r\n<meta property=\"og:url\" content=\"https:\/\/paracherkaoui.ma\/index.php\/produit\/acm-sensitelial-pain-surgras-dermatologique-100-g\/\" \/>\r\n<meta property=\"og:site_name\" content=\"Paracherkaoui.ma\" \/>\r\n<meta property=\"article:modified_time\" content=\"2025-12-12T16:40:39+00:00\" \/>\r\n<meta property=\"og:image\" content=\"https:\/\/paracherkaoui.ma\/wp-content\/uploads\/2025\/12\/acm-acm-sensitelial-pain-surgras-dermatologique-100-g-savon-et-pain-dermatologique.jpg\" \/>\r\n\t<meta property=\"og:image:width\" content=\"700\" \/>\r\n\t<meta property=\"og:image:height\" content=\"700\" \/>\r\n\t<meta property=\"og:image:type\" content=\"image\/jpeg\" \/>\r\n<meta name=\"twitter:card\" content=\"summary_large_image\" \/>\r\n<meta name=\"twitter:label1\" content=\"Dur\u00e9e de lecture estim\u00e9e\" \/>\n\t<meta name=\"twitter:data1\" content=\"1 minute\" \/>\r\n<script type=\"application\/ld+json\" class=\"yoast-schema-graph\">{\"@context\":\"https:\/\/schema.org\",\"@graph\":[{\"@type\":\"WebPage\",\"@id\":\"https:\/\/paracherkaoui.ma\/index.php\/produit\/acm-sensitelial-pain-surgras-dermatologique-100-g\/\",\"url\":\"https:\/\/paracherkaoui.ma\/index.php\/produit\/acm-sensitelial-pain-surgras-dermatologique-100-g\/\",\"name\":\"ACM SENSITELIAL PAIN SURGRAS DERMATOLOGIQUE 100 G - Paracherkaoui.ma\",\"isPartOf\":{\"@id\":\"https:\/\/paracherkaoui.ma\/#website\"},\"primaryImageOfPage\":{\"@id\":\"https:\/\/paracherkaoui.ma\/index.php\/produit\/acm-sensitelial-pain-surgras-dermatologique-100-g\/#primaryimage\"},\"image\":{\"@id\":\"https:\/\/paracherkaoui.ma\/index.php\/produit\/acm-sensitelial-pain-surgras-dermatologique-100-g\/#primaryimage\"},\"thumbnailUrl\":\"https:\/\/paracherkaoui.ma\/wp-content\/uploads\/2025\/12\/acm-acm-sensitelial-pain-surgras-dermatologique-100-g-savon-et-pain-dermatologique.jpg\",\"datePublished\":\"2025-12-12T16:40:33+00:00\",\"dateModified\":\"2025-12-12T16:40:39+00:00\",\"breadcrumb\":{\"@id\":\"https:\/\/paracherkaoui.ma\/index.php\/produit\/acm-sensitelial-pain-surgras-dermatologique-100-g\/#breadcrumb\"},\"inLanguage\":\"fr-FR\",\"potentialAction\":[{\"@type\":\"ReadAction\",\"target\":[\"https:\/\/paracherkaoui.ma\/index.php\/produit\/acm-sensitelial-pain-surgras-dermatologique-100-g\/\"]}]},{\"@type\":\"ImageObject\",\"inLanguage\":\"fr-FR\",\"@id\":\"https:\/\/paracherkaoui.ma\/index.php\/produit\/acm-sensitelial-pain-surgras-dermatologique-100-g\/#primaryimage\",\"url\":\"https:\/\/paracherkaoui.ma\/wp-content\/uploads\/2025\/12\/acm-acm-sensitelial-pain-surgras-dermatologique-100-g-savon-et-pain-dermatologique.jpg\",\"contentUrl\":\"https:\/\/paracherkaoui.ma\/wp-content\/uploads\/2025\/12\/acm-acm-sensitelial-pain-surgras-dermatologique-100-g-savon-et-pain-dermatologique.jpg\",\"width\":700,\"height\":700},{\"@type\":\"BreadcrumbList\",\"@id\":\"https:\/\/paracherkaoui.ma\/index.php\/produit\/acm-sensitelial-pain-surgras-dermatologique-100-g\/#breadcrumb\",\"itemListElement\":[{\"@type\":\"ListItem\",\"position\":1,\"name\":\"Accueil\",\"item\":\"https:\/\/paracherkaoui.ma\/\"},{\"@type\":\"ListItem\",\"position\":2,\"name\":\"Boutique\",\"item\":\"https:\/\/paracherkaoui.ma\/index.php\/boutique\/\"},{\"@type\":\"ListItem\",\"position\":3,\"name\":\"ACM SENSITELIAL PAIN SURGRAS DERMATOLOGIQUE 100 G\"}]},{\"@type\":\"WebSite\",\"@id\":\"https:\/\/paracherkaoui.ma\/#website\",\"url\":\"https:\/\/paracherkaoui.ma\/\",\"name\":\"Paracherkaoui.ma\",\"description\":\"Achetez en ligne sur Paracherkaoui.ma\",\"potentialAction\":[{\"@type\":\"SearchAction\",\"target\":{\"@type\":\"EntryPoint\",\"urlTemplate\":\"https:\/\/paracherkaoui.ma\/?s={search_term_string}\"},\"query-input\":{\"@type\":\"PropertyValueSpecification\",\"valueRequired\":true,\"valueName\":\"search_term_string\"}}],\"inLanguage\":\"fr-FR\"}]}<\/script>\r\n<!-- \/ Yoast SEO plugin. -->","yoast_head_json":{"title":"ACM SENSITELIAL PAIN SURGRAS DERMATOLOGIQUE 100 G - Paracherkaoui.ma","robots":{"index":"index","follow":"follow","max-snippet":"max-snippet:-1","max-image-preview":"max-image-preview:large","max-video-preview":"max-video-preview:-1"},"canonical":"https:\/\/paracherkaoui.ma\/index.php\/produit\/acm-sensitelial-pain-surgras-dermatologique-100-g\/","og_locale":"fr_FR","og_type":"article","og_title":"ACM SENSITELIAL PAIN SURGRAS DERMATOLOGIQUE 100 G - Paracherkaoui.ma","og_description":"Laboratoire ACM Sensit\u00e9lial Pain Surgras Dermatologique 100 g est un pain surgras dermatologique extra-doux, particuli\u00e8rement adapt\u00e9 pour l&rsquo;hygi\u00e8ne quotidienne des","og_url":"https:\/\/paracherkaoui.ma\/index.php\/produit\/acm-sensitelial-pain-surgras-dermatologique-100-g\/","og_site_name":"Paracherkaoui.ma","article_modified_time":"2025-12-12T16:40:39+00:00","og_image":[{"width":700,"height":700,"url":"https:\/\/paracherkaoui.ma\/wp-content\/uploads\/2025\/12\/acm-acm-sensitelial-pain-surgras-dermatologique-100-g-savon-et-pain-dermatologique.jpg","type":"image\/jpeg"}],"twitter_card":"summary_large_image","twitter_misc":{"Dur\u00e9e de lecture estim\u00e9e":"1 minute"},"schema":{"@context":"https:\/\/schema.org","@graph":[{"@type":"WebPage","@id":"https:\/\/paracherkaoui.ma\/index.php\/produit\/acm-sensitelial-pain-surgras-dermatologique-100-g\/","url":"https:\/\/paracherkaoui.ma\/index.php\/produit\/acm-sensitelial-pain-surgras-dermatologique-100-g\/","name":"ACM SENSITELIAL PAIN SURGRAS DERMATOLOGIQUE 100 G - Paracherkaoui.ma","isPartOf":{"@id":"https:\/\/paracherkaoui.ma\/#website"},"primaryImageOfPage":{"@id":"https:\/\/paracherkaoui.ma\/index.php\/produit\/acm-sensitelial-pain-surgras-dermatologique-100-g\/#primaryimage"},"image":{"@id":"https:\/\/paracherkaoui.ma\/index.php\/produit\/acm-sensitelial-pain-surgras-dermatologique-100-g\/#primaryimage"},"thumbnailUrl":"https:\/\/paracherkaoui.ma\/wp-content\/uploads\/2025\/12\/acm-acm-sensitelial-pain-surgras-dermatologique-100-g-savon-et-pain-dermatologique.jpg","datePublished":"2025-12-12T16:40:33+00:00","dateModified":"2025-12-12T16:40:39+00:00","breadcrumb":{"@id":"https:\/\/paracherkaoui.ma\/index.php\/produit\/acm-sensitelial-pain-surgras-dermatologique-100-g\/#breadcrumb"},"inLanguage":"fr-FR","potentialAction":[{"@type":"ReadAction","target":["https:\/\/paracherkaoui.ma\/index.php\/produit\/acm-sensitelial-pain-surgras-dermatologique-100-g\/"]}]},{"@type":"ImageObject","inLanguage":"fr-FR","@id":"https:\/\/paracherkaoui.ma\/index.php\/produit\/acm-sensitelial-pain-surgras-dermatologique-100-g\/#primaryimage","url":"https:\/\/paracherkaoui.ma\/wp-content\/uploads\/2025\/12\/acm-acm-sensitelial-pain-surgras-dermatologique-100-g-savon-et-pain-dermatologique.jpg","contentUrl":"https:\/\/paracherkaoui.ma\/wp-content\/uploads\/2025\/12\/acm-acm-sensitelial-pain-surgras-dermatologique-100-g-savon-et-pain-dermatologique.jpg","width":700,"height":700},{"@type":"BreadcrumbList","@id":"https:\/\/paracherkaoui.ma\/index.php\/produit\/acm-sensitelial-pain-surgras-dermatologique-100-g\/#breadcrumb","itemListElement":[{"@type":"ListItem","position":1,"name":"Accueil","item":"https:\/\/paracherkaoui.ma\/"},{"@type":"ListItem","position":2,"name":"Boutique","item":"https:\/\/paracherkaoui.ma\/index.php\/boutique\/"},{"@type":"ListItem","position":3,"name":"ACM SENSITELIAL PAIN SURGRAS DERMATOLOGIQUE 100 G"}]},{"@type":"WebSite","@id":"https:\/\/paracherkaoui.ma\/#website","url":"https:\/\/paracherkaoui.ma\/","name":"Paracherkaoui.ma","description":"Achetez en ligne sur Paracherkaoui.ma","potentialAction":[{"@type":"SearchAction","target":{"@type":"EntryPoint","urlTemplate":"https:\/\/paracherkaoui.ma\/?s={search_term_string}"},"query-input":{"@type":"PropertyValueSpecification","valueRequired":true,"valueName":"search_term_string"}}],"inLanguage":"fr-FR"}]}},"_links":{"self":[{"href":"https:\/\/paracherkaoui.ma\/index.php\/wp-json\/wp\/v2\/product\/11616","targetHints":{"allow":["GET"]}}],"collection":[{"href":"https:\/\/paracherkaoui.ma\/index.php\/wp-json\/wp\/v2\/product"}],"about":[{"href":"https:\/\/paracherkaoui.ma\/index.php\/wp-json\/wp\/v2\/types\/product"}],"replies":[{"embeddable":true,"href":"https:\/\/paracherkaoui.ma\/index.php\/wp-json\/wp\/v2\/comments?post=11616"}],"version-history":[{"count":1,"href":"https:\/\/paracherkaoui.ma\/index.php\/wp-json\/wp\/v2\/product\/11616\/revisions"}],"predecessor-version":[{"id":11666,"href":"https:\/\/paracherkaoui.ma\/index.php\/wp-json\/wp\/v2\/product\/11616\/revisions\/11666"}],"wp:featuredmedia":[{"embeddable":true,"href":"https:\/\/paracherkaoui.ma\/index.php\/wp-json\/wp\/v2\/media\/11665"}],"wp:attachment":[{"href":"https:\/\/paracherkaoui.ma\/index.php\/wp-json\/wp\/v2\/media?parent=11616"}],"wp:term":[{"taxonomy":"product_brand","embeddable":true,"href":"https:\/\/paracherkaoui.ma\/index.php\/wp-json\/wp\/v2\/product_brand?post=11616"},{"taxonomy":"product_cat","embeddable":true,"href":"https:\/\/paracherkaoui.ma\/index.php\/wp-json\/wp\/v2\/product_cat?post=11616"},{"taxonomy":"product_tag","embeddable":true,"href":"https:\/\/paracherkaoui.ma\/index.php\/wp-json\/wp\/v2\/product_tag?post=11616"}],"curies":[{"name":"wp","href":"https:\/\/api.w.org\/{rel}","templated":true}]}}