{"id":11535,"date":"2025-12-12T17:40:27","date_gmt":"2025-12-12T16:40:27","guid":{"rendered":"https:\/\/test.ecbeaute.com\/?post_type=product&#038;p=11535"},"modified":"2025-12-12T17:40:31","modified_gmt":"2025-12-12T16:40:31","slug":"bioderma-sensibio-ds-gel-moussant-nettoyant-apaisant-200-ml-visage-et-corps","status":"publish","type":"product","link":"https:\/\/paracherkaoui.ma\/index.php\/produit\/bioderma-sensibio-ds-gel-moussant-nettoyant-apaisant-200-ml-visage-et-corps\/","title":{"rendered":"BIODERMA SENSIBIO DS+ GEL MOUSSANT NETTOYANT APAISANT 200 ML VISAGE ET CORPS"},"content":{"rendered":"<p>\u2022 Innovation issue de la recherche BIODERMA experte en biologie cutan\u00e9e, Sensibio DS+ Gel nettoyant permet de lutter contre l\u2019origine des rougeurs et des \u00e9tats squameux : il contribue \u00e0 limiter la prolif\u00e9ration de la levure Malassezia, agent irritant responsable de l&rsquo;aggravation de l&rsquo;\u00e9tat cutan\u00e9. Sensibio DS+ Gel nettoyant am\u00e9liore ainsi l\u2019\u00e9tat de la peau et r\u00e9duit la formation des squames.\u2022 Sa base lavante tr\u00e8s douce sans savon et son pH physiologique respectent l&rsquo;\u00e9quilibre cutan\u00e9.\u2022 Sensibio DS+ Gel nettoyant garantit une excellente tol\u00e9rance.<br \/>\nConseils d&rsquo;utilisation<br \/>\n\u2022\u00a0Appliquez Sensibio DS+ Gel nettoyant, 1 \u00e0 2 fois par jour, sur la peau pr\u00e9alablement mouill\u00e9e. Faites mousser, puis rincer abondamment. S\u00e9chez d\u00e9licatement. Il est pr\u00e9f\u00e9rable d\u2019\u00e9viter le contact avec les yeux.\u2022\u00a0Nous vous conseillons d&rsquo;appliquer ensuite Sensibio\u00a0DS+ Cr\u00e8me apaisante assainissante\u00a0sur le visage, et d\u2019utiliser pour le cuir chevelu Nod\u00e9 DS+ Anti-r\u00e9cidive, shampooing anti-pelliculaire intensif.<\/p>\n","protected":false},"excerpt":{"rendered":"<p>\u2022 Innovation issue de la recherche BIODERMA experte en biologie cutan\u00e9e, Sensibio DS+ Gel nettoyant permet de lutter contre l\u2019origine<\/p>\n","protected":false},"featured_media":11592,"comment_status":"open","ping_status":"closed","template":"","meta":[],"product_brand":[137],"product_cat":[152],"product_tag":[],"class_list":{"0":"post-11535","1":"product","2":"type-product","3":"status-publish","4":"has-post-thumbnail","6":"product_brand-bioderma","7":"product_cat-rosacees","9":"first","10":"instock","11":"sale","12":"shipping-taxable","13":"purchasable","14":"product-type-simple"},"yoast_head":"<!-- This site is optimized with the Yoast SEO plugin v26.6 - https:\/\/yoast.com\/wordpress\/plugins\/seo\/ -->\r\n<title>BIODERMA SENSIBIO DS+ GEL MOUSSANT NETTOYANT APAISANT 200 ML VISAGE ET CORPS - Paracherkaoui.ma<\/title>\r\n<meta name=\"robots\" content=\"index, follow, max-snippet:-1, max-image-preview:large, max-video-preview:-1\" \/>\r\n<link rel=\"canonical\" href=\"https:\/\/paracherkaoui.ma\/index.php\/produit\/bioderma-sensibio-ds-gel-moussant-nettoyant-apaisant-200-ml-visage-et-corps\/\" \/>\r\n<meta property=\"og:locale\" content=\"fr_FR\" \/>\r\n<meta property=\"og:type\" content=\"article\" \/>\r\n<meta property=\"og:title\" content=\"BIODERMA SENSIBIO DS+ GEL MOUSSANT NETTOYANT APAISANT 200 ML VISAGE ET CORPS - Paracherkaoui.ma\" \/>\r\n<meta property=\"og:description\" content=\"\u2022 Innovation issue de la recherche BIODERMA experte en biologie cutan\u00e9e, Sensibio DS+ Gel nettoyant permet de lutter contre l\u2019origine\" \/>\r\n<meta property=\"og:url\" content=\"https:\/\/paracherkaoui.ma\/index.php\/produit\/bioderma-sensibio-ds-gel-moussant-nettoyant-apaisant-200-ml-visage-et-corps\/\" \/>\r\n<meta property=\"og:site_name\" content=\"Paracherkaoui.ma\" \/>\r\n<meta property=\"article:modified_time\" content=\"2025-12-12T16:40:31+00:00\" \/>\r\n<meta property=\"og:image\" content=\"https:\/\/paracherkaoui.ma\/wp-content\/uploads\/2025\/12\/bioderma-bioderma-sensibio-ds-gel-moussant-nettoyant-apaisant-200-ml-visage-et-corps-nettoyants-visage.jpg\" \/>\r\n\t<meta property=\"og:image:width\" content=\"700\" \/>\r\n\t<meta property=\"og:image:height\" content=\"700\" \/>\r\n\t<meta property=\"og:image:type\" content=\"image\/jpeg\" \/>\r\n<meta name=\"twitter:card\" content=\"summary_large_image\" \/>\r\n<meta name=\"twitter:label1\" content=\"Dur\u00e9e de lecture estim\u00e9e\" \/>\n\t<meta name=\"twitter:data1\" content=\"1 minute\" \/>\r\n<script type=\"application\/ld+json\" class=\"yoast-schema-graph\">{\"@context\":\"https:\/\/schema.org\",\"@graph\":[{\"@type\":\"WebPage\",\"@id\":\"https:\/\/paracherkaoui.ma\/index.php\/produit\/bioderma-sensibio-ds-gel-moussant-nettoyant-apaisant-200-ml-visage-et-corps\/\",\"url\":\"https:\/\/paracherkaoui.ma\/index.php\/produit\/bioderma-sensibio-ds-gel-moussant-nettoyant-apaisant-200-ml-visage-et-corps\/\",\"name\":\"BIODERMA SENSIBIO DS+ GEL MOUSSANT NETTOYANT APAISANT 200 ML VISAGE ET CORPS - Paracherkaoui.ma\",\"isPartOf\":{\"@id\":\"https:\/\/paracherkaoui.ma\/#website\"},\"primaryImageOfPage\":{\"@id\":\"https:\/\/paracherkaoui.ma\/index.php\/produit\/bioderma-sensibio-ds-gel-moussant-nettoyant-apaisant-200-ml-visage-et-corps\/#primaryimage\"},\"image\":{\"@id\":\"https:\/\/paracherkaoui.ma\/index.php\/produit\/bioderma-sensibio-ds-gel-moussant-nettoyant-apaisant-200-ml-visage-et-corps\/#primaryimage\"},\"thumbnailUrl\":\"https:\/\/paracherkaoui.ma\/wp-content\/uploads\/2025\/12\/bioderma-bioderma-sensibio-ds-gel-moussant-nettoyant-apaisant-200-ml-visage-et-corps-nettoyants-visage.jpg\",\"datePublished\":\"2025-12-12T16:40:27+00:00\",\"dateModified\":\"2025-12-12T16:40:31+00:00\",\"breadcrumb\":{\"@id\":\"https:\/\/paracherkaoui.ma\/index.php\/produit\/bioderma-sensibio-ds-gel-moussant-nettoyant-apaisant-200-ml-visage-et-corps\/#breadcrumb\"},\"inLanguage\":\"fr-FR\",\"potentialAction\":[{\"@type\":\"ReadAction\",\"target\":[\"https:\/\/paracherkaoui.ma\/index.php\/produit\/bioderma-sensibio-ds-gel-moussant-nettoyant-apaisant-200-ml-visage-et-corps\/\"]}]},{\"@type\":\"ImageObject\",\"inLanguage\":\"fr-FR\",\"@id\":\"https:\/\/paracherkaoui.ma\/index.php\/produit\/bioderma-sensibio-ds-gel-moussant-nettoyant-apaisant-200-ml-visage-et-corps\/#primaryimage\",\"url\":\"https:\/\/paracherkaoui.ma\/wp-content\/uploads\/2025\/12\/bioderma-bioderma-sensibio-ds-gel-moussant-nettoyant-apaisant-200-ml-visage-et-corps-nettoyants-visage.jpg\",\"contentUrl\":\"https:\/\/paracherkaoui.ma\/wp-content\/uploads\/2025\/12\/bioderma-bioderma-sensibio-ds-gel-moussant-nettoyant-apaisant-200-ml-visage-et-corps-nettoyants-visage.jpg\",\"width\":700,\"height\":700},{\"@type\":\"BreadcrumbList\",\"@id\":\"https:\/\/paracherkaoui.ma\/index.php\/produit\/bioderma-sensibio-ds-gel-moussant-nettoyant-apaisant-200-ml-visage-et-corps\/#breadcrumb\",\"itemListElement\":[{\"@type\":\"ListItem\",\"position\":1,\"name\":\"Accueil\",\"item\":\"https:\/\/paracherkaoui.ma\/\"},{\"@type\":\"ListItem\",\"position\":2,\"name\":\"Boutique\",\"item\":\"https:\/\/paracherkaoui.ma\/index.php\/boutique\/\"},{\"@type\":\"ListItem\",\"position\":3,\"name\":\"BIODERMA SENSIBIO DS+ GEL MOUSSANT NETTOYANT APAISANT 200 ML VISAGE ET CORPS\"}]},{\"@type\":\"WebSite\",\"@id\":\"https:\/\/paracherkaoui.ma\/#website\",\"url\":\"https:\/\/paracherkaoui.ma\/\",\"name\":\"Paracherkaoui.ma\",\"description\":\"Achetez en ligne sur Paracherkaoui.ma\",\"potentialAction\":[{\"@type\":\"SearchAction\",\"target\":{\"@type\":\"EntryPoint\",\"urlTemplate\":\"https:\/\/paracherkaoui.ma\/?s={search_term_string}\"},\"query-input\":{\"@type\":\"PropertyValueSpecification\",\"valueRequired\":true,\"valueName\":\"search_term_string\"}}],\"inLanguage\":\"fr-FR\"}]}<\/script>\r\n<!-- \/ Yoast SEO plugin. -->","yoast_head_json":{"title":"BIODERMA SENSIBIO DS+ GEL MOUSSANT NETTOYANT APAISANT 200 ML VISAGE ET CORPS - Paracherkaoui.ma","robots":{"index":"index","follow":"follow","max-snippet":"max-snippet:-1","max-image-preview":"max-image-preview:large","max-video-preview":"max-video-preview:-1"},"canonical":"https:\/\/paracherkaoui.ma\/index.php\/produit\/bioderma-sensibio-ds-gel-moussant-nettoyant-apaisant-200-ml-visage-et-corps\/","og_locale":"fr_FR","og_type":"article","og_title":"BIODERMA SENSIBIO DS+ GEL MOUSSANT NETTOYANT APAISANT 200 ML VISAGE ET CORPS - Paracherkaoui.ma","og_description":"\u2022 Innovation issue de la recherche BIODERMA experte en biologie cutan\u00e9e, Sensibio DS+ Gel nettoyant permet de lutter contre l\u2019origine","og_url":"https:\/\/paracherkaoui.ma\/index.php\/produit\/bioderma-sensibio-ds-gel-moussant-nettoyant-apaisant-200-ml-visage-et-corps\/","og_site_name":"Paracherkaoui.ma","article_modified_time":"2025-12-12T16:40:31+00:00","og_image":[{"width":700,"height":700,"url":"https:\/\/paracherkaoui.ma\/wp-content\/uploads\/2025\/12\/bioderma-bioderma-sensibio-ds-gel-moussant-nettoyant-apaisant-200-ml-visage-et-corps-nettoyants-visage.jpg","type":"image\/jpeg"}],"twitter_card":"summary_large_image","twitter_misc":{"Dur\u00e9e de lecture estim\u00e9e":"1 minute"},"schema":{"@context":"https:\/\/schema.org","@graph":[{"@type":"WebPage","@id":"https:\/\/paracherkaoui.ma\/index.php\/produit\/bioderma-sensibio-ds-gel-moussant-nettoyant-apaisant-200-ml-visage-et-corps\/","url":"https:\/\/paracherkaoui.ma\/index.php\/produit\/bioderma-sensibio-ds-gel-moussant-nettoyant-apaisant-200-ml-visage-et-corps\/","name":"BIODERMA SENSIBIO DS+ GEL MOUSSANT NETTOYANT APAISANT 200 ML VISAGE ET CORPS - Paracherkaoui.ma","isPartOf":{"@id":"https:\/\/paracherkaoui.ma\/#website"},"primaryImageOfPage":{"@id":"https:\/\/paracherkaoui.ma\/index.php\/produit\/bioderma-sensibio-ds-gel-moussant-nettoyant-apaisant-200-ml-visage-et-corps\/#primaryimage"},"image":{"@id":"https:\/\/paracherkaoui.ma\/index.php\/produit\/bioderma-sensibio-ds-gel-moussant-nettoyant-apaisant-200-ml-visage-et-corps\/#primaryimage"},"thumbnailUrl":"https:\/\/paracherkaoui.ma\/wp-content\/uploads\/2025\/12\/bioderma-bioderma-sensibio-ds-gel-moussant-nettoyant-apaisant-200-ml-visage-et-corps-nettoyants-visage.jpg","datePublished":"2025-12-12T16:40:27+00:00","dateModified":"2025-12-12T16:40:31+00:00","breadcrumb":{"@id":"https:\/\/paracherkaoui.ma\/index.php\/produit\/bioderma-sensibio-ds-gel-moussant-nettoyant-apaisant-200-ml-visage-et-corps\/#breadcrumb"},"inLanguage":"fr-FR","potentialAction":[{"@type":"ReadAction","target":["https:\/\/paracherkaoui.ma\/index.php\/produit\/bioderma-sensibio-ds-gel-moussant-nettoyant-apaisant-200-ml-visage-et-corps\/"]}]},{"@type":"ImageObject","inLanguage":"fr-FR","@id":"https:\/\/paracherkaoui.ma\/index.php\/produit\/bioderma-sensibio-ds-gel-moussant-nettoyant-apaisant-200-ml-visage-et-corps\/#primaryimage","url":"https:\/\/paracherkaoui.ma\/wp-content\/uploads\/2025\/12\/bioderma-bioderma-sensibio-ds-gel-moussant-nettoyant-apaisant-200-ml-visage-et-corps-nettoyants-visage.jpg","contentUrl":"https:\/\/paracherkaoui.ma\/wp-content\/uploads\/2025\/12\/bioderma-bioderma-sensibio-ds-gel-moussant-nettoyant-apaisant-200-ml-visage-et-corps-nettoyants-visage.jpg","width":700,"height":700},{"@type":"BreadcrumbList","@id":"https:\/\/paracherkaoui.ma\/index.php\/produit\/bioderma-sensibio-ds-gel-moussant-nettoyant-apaisant-200-ml-visage-et-corps\/#breadcrumb","itemListElement":[{"@type":"ListItem","position":1,"name":"Accueil","item":"https:\/\/paracherkaoui.ma\/"},{"@type":"ListItem","position":2,"name":"Boutique","item":"https:\/\/paracherkaoui.ma\/index.php\/boutique\/"},{"@type":"ListItem","position":3,"name":"BIODERMA SENSIBIO DS+ GEL MOUSSANT NETTOYANT APAISANT 200 ML VISAGE ET CORPS"}]},{"@type":"WebSite","@id":"https:\/\/paracherkaoui.ma\/#website","url":"https:\/\/paracherkaoui.ma\/","name":"Paracherkaoui.ma","description":"Achetez en ligne sur Paracherkaoui.ma","potentialAction":[{"@type":"SearchAction","target":{"@type":"EntryPoint","urlTemplate":"https:\/\/paracherkaoui.ma\/?s={search_term_string}"},"query-input":{"@type":"PropertyValueSpecification","valueRequired":true,"valueName":"search_term_string"}}],"inLanguage":"fr-FR"}]}},"_links":{"self":[{"href":"https:\/\/paracherkaoui.ma\/index.php\/wp-json\/wp\/v2\/product\/11535","targetHints":{"allow":["GET"]}}],"collection":[{"href":"https:\/\/paracherkaoui.ma\/index.php\/wp-json\/wp\/v2\/product"}],"about":[{"href":"https:\/\/paracherkaoui.ma\/index.php\/wp-json\/wp\/v2\/types\/product"}],"replies":[{"embeddable":true,"href":"https:\/\/paracherkaoui.ma\/index.php\/wp-json\/wp\/v2\/comments?post=11535"}],"version-history":[{"count":1,"href":"https:\/\/paracherkaoui.ma\/index.php\/wp-json\/wp\/v2\/product\/11535\/revisions"}],"predecessor-version":[{"id":11593,"href":"https:\/\/paracherkaoui.ma\/index.php\/wp-json\/wp\/v2\/product\/11535\/revisions\/11593"}],"wp:featuredmedia":[{"embeddable":true,"href":"https:\/\/paracherkaoui.ma\/index.php\/wp-json\/wp\/v2\/media\/11592"}],"wp:attachment":[{"href":"https:\/\/paracherkaoui.ma\/index.php\/wp-json\/wp\/v2\/media?parent=11535"}],"wp:term":[{"taxonomy":"product_brand","embeddable":true,"href":"https:\/\/paracherkaoui.ma\/index.php\/wp-json\/wp\/v2\/product_brand?post=11535"},{"taxonomy":"product_cat","embeddable":true,"href":"https:\/\/paracherkaoui.ma\/index.php\/wp-json\/wp\/v2\/product_cat?post=11535"},{"taxonomy":"product_tag","embeddable":true,"href":"https:\/\/paracherkaoui.ma\/index.php\/wp-json\/wp\/v2\/product_tag?post=11535"}],"curies":[{"name":"wp","href":"https:\/\/api.w.org\/{rel}","templated":true}]}}