{"id":11531,"date":"2025-12-12T17:40:27","date_gmt":"2025-12-12T16:40:27","guid":{"rendered":"https:\/\/test.ecbeaute.com\/?post_type=product&#038;p=11531"},"modified":"2025-12-12T17:40:31","modified_gmt":"2025-12-12T16:40:31","slug":"cerave-sa-creme-anti-rugosite-177-ml-2","status":"publish","type":"product","link":"https:\/\/paracherkaoui.ma\/index.php\/produit\/cerave-sa-creme-anti-rugosite-177-ml-2\/","title":{"rendered":"CERAVE SA CREME ANTI RUGOSITE 177 ML"},"content":{"rendered":"<p>.elementor-213 .elementor-element.elementor-element-68b6c530 .elementor-tab-title, .elementor-213 .elementor-element.elementor-element-68b6c530 .elementor-tab-title:before, .elementor-213 .elementor-element.elementor-element-68b6c530 .elementor-tab-title:after, .elementor-213 .elementor-element.elementor-element-68b6c530 .elementor-tab-content, .elementor-213 .elementor-element.elementor-element-68b6c530 .elementor-tabs-content-wrapper{border-width:0.5px;}.elementor-213 .elementor-element.elementor-element-68b6c530 .elementor-tab-title{color:#000000;}.elementor-213 .elementor-element.elementor-element-68b6c530 .elementor-tab-title.elementor-active{color:#00a28d;}.elementor-213 .elementor-element.elementor-element-68b6c530 .elementor-tab-content{color:#000000;}.elementor-213 .elementor-element.elementor-element-4e419da3 .axps-swiper-slider .swiper-slide img{width:auto;}.elementor-213 .elementor-element.elementor-element-4e419da3 .wrapper-items:not(.swiper-container-initialized) .item{-ms-flex:0 0 calc(100%\/4);flex:0 0 calc(100%\/4);max-width:calc(100%\/4);}.elementor-213 .elementor-element.elementor-element-4e419da3 .wrapper-items .swiper-slide{padding-left:calc(30px\/2);padding-right:calc(30px\/2);}.elementor-213 .elementor-element.elementor-element-4e419da3 .wrapper-items .swiper-slide .item-inner{margin-bottom:30px;}.elementor-213 .elementor-element.elementor-element-4e419da3 .wrapper-items{margin-left:calc(-30px\/2);margin-right:calc(-30px\/2);}.elementor-213 .elementor-element.elementor-element-4e419da3 .swiper-wrapper .item-inner{text-align:center;}.elementor-213 .elementor-element.elementor-element-5a3f2aa7{margin-top:-16px;margin-bottom:0px;}.elementor-213 .elementor-element.elementor-element-24111ad > .elementor-widget-container{margin:-8px -8px -8px -8px;}.elementor-213 .elementor-element.elementor-element-d64664b > .elementor-widget-container{margin:-8px 0px 0px 0px;}.elementor-213 .elementor-element.elementor-element-d9ecabe > .elementor-widget-container{margin:-8px -8px -8px -8px;}.elementor-213 .elementor-element.elementor-element-281a3174 > .elementor-widget-container{margin:-8px -8px -8px -8px;}.elementor-213 .elementor-element.elementor-element-6883645 > .elementor-widget-container{margin:-8px -8px -8px -8px;}.elementor-213 .elementor-element.elementor-element-bcae3c9 > .elementor-widget-container{margin:-8px -8px -8px -8px;}.elementor-213 .elementor-element.elementor-element-3f263c5 > .elementor-widget-container{margin:-8px -8px -8px -8px;}@media(max-width:1024px){.elementor-213 .elementor-element.elementor-element-4e419da3 .wrapper-items:not(.swiper-container-initialized) .item{-ms-flex:0 0 calc(100%\/4);flex:0 0 calc(100%\/4);max-width:calc(100%\/4);}.elementor-213 .elementor-element.elementor-element-4e419da3 .wrapper-items .swiper-slide{padding-left:calc(20px\/2);padding-right:calc(20px\/2);}.elementor-213 .elementor-element.elementor-element-4e419da3 .wrapper-items .swiper-slide .item-inner{margin-bottom:20px;}.elementor-213 .elementor-element.elementor-element-4e419da3 .wrapper-items{margin-left:calc(-20px\/2);margin-right:calc(-20px\/2);}.elementor-213 .elementor-element.elementor-element-24111ad > .elementor-widget-container{margin:-33px 0px 0px 0px;}.elementor-213 .elementor-element.elementor-element-d64664b > .elementor-widget-container{margin:-33px 0px 0px 0px;}.elementor-213 .elementor-element.elementor-element-d9ecabe > .elementor-widget-container{margin:-33px 0px 0px 0px;}.elementor-213 .elementor-element.elementor-element-281a3174 > .elementor-widget-container{margin:-33px 0px 0px 0px;}.elementor-213 .elementor-element.elementor-element-6883645 > .elementor-widget-container{margin:-33px 0px 0px 0px;}.elementor-213 .elementor-element.elementor-element-bcae3c9 > .elementor-widget-container{margin:-33px 0px 0px 0px;}.elementor-213 .elementor-element.elementor-element-3f263c5 > .elementor-widget-container{margin:-33px 0px 0px 0px;}}@media(max-width:767px){.elementor-213 .elementor-element.elementor-element-4e419da3 .wrapper-items:not(.swiper-container-initialized) .item{-ms-flex:0 0 calc(100%\/4);flex:0 0 calc(100%\/4);max-width:calc(100%\/4);}.elementor-213 .elementor-element.elementor-element-4e419da3 .wrapper-items .swiper-slide{padding-left:calc(10px\/2);padding-right:calc(10px\/2);}.elementor-213 .elementor-element.elementor-element-4e419da3 .wrapper-items .swiper-slide .item-inner{margin-bottom:10px;}.elementor-213 .elementor-element.elementor-element-4e419da3 .wrapper-items{margin-left:calc(-10px\/2);margin-right:calc(-10px\/2);}.elementor-213 .elementor-element.elementor-element-512c84a{width:50%;}.elementor-213 .elementor-element.elementor-element-24111ad > .elementor-widget-container{margin:-26px 0px 0px 0px;}.elementor-213 .elementor-element.elementor-element-d64664b > .elementor-widget-container{margin:-26px 0px 0px 0px;}.elementor-213 .elementor-element.elementor-element-693aead0{width:50%;}.elementor-213 .elementor-element.elementor-element-d9ecabe > .elementor-widget-container{margin:-26px 0px 0px 0px;}.elementor-213 .elementor-element.elementor-element-7237bbc5{width:50%;}.elementor-213 .elementor-element.elementor-element-281a3174 > .elementor-widget-container{margin:-26px 0px 0px 0px;}.elementor-213 .elementor-element.elementor-element-68cbfb3c{width:50%;}.elementor-213 .elementor-element.elementor-element-6883645 > .elementor-widget-container{margin:-26px 0px 0px 0px;}.elementor-213 .elementor-element.elementor-element-8448e16{width:50%;}.elementor-213 .elementor-element.elementor-element-bcae3c9 > .elementor-widget-container{margin:-26px 0px 0px 0px;}.elementor-213 .elementor-element.elementor-element-687ed93{width:50%;}.elementor-213 .elementor-element.elementor-element-3f263c5 > .elementor-widget-container{margin:-26px 0px 0px 0px;}}<br \/>\nDescription<br \/>\nConseils d&rsquo;utilisation<br \/>\nComposition<br \/>\nDescription<br \/>\nSa formule enrichie en\u00a0acide salicylique\u00a0exfolie la peau en \u00e9liminant les cellules mortes responsables de l\u2019aspect rugueux. Les\u00a03 c\u00e9ramides essentiels (1, 3 et 6-II)\u00a0restaurent la barri\u00e8re cutan\u00e9e et pr\u00e9viennent la d\u00e9shydratation. L\u2019acide hyaluronique\u00a0attire l\u2019eau dans les tissus pour une hydratation en profondeur, renforc\u00e9e par la\u00a0technologie brevet\u00e9e MVE\u00a0qui lib\u00e8re progressivement les actifs pour une hydratation continue jusqu\u2019\u00e0 24h.<br \/>\nCon\u00e7ue pour les\u00a0peaux s\u00e8ches, rugueuses et squameuses, elle est id\u00e9ale en cas de\u00a0k\u00e9ratose pilaire, zones rugueuses localis\u00e9es (bras, jambes, coudes) ou s\u00e9cheresse chronique. Elle ne bouche pas les pores, ne provoque pas d\u2019irritation et respecte les peaux les plus sensibles.<br \/>\nLes r\u00e9sultats sont visibles rapidement :<br \/>\n\u2714\u00a0+94 % d\u2019hydratation d\u00e8s la premi\u00e8re application<br \/>\n\u2714\u00a0Peau plus douce et lisse en seulement 3 jours<br \/>\n\u2714\u00a0-76 % de sympt\u00f4mes de s\u00e9cheresse apr\u00e8s 8 semaines<br \/>\nEtude TEWL corn\u00e9om\u00e8tre, r\u00e9sultats d\u2019efficacit\u00e9 apr\u00e8s 1 application de la cr\u00e8me SA Anti-rugosit\u00e9s<br \/>\nEtude consommateurs, auto-\u00e9valuation de consommateurs, n= 55, 1 application de la cr\u00e8me SA Anti-rugosit\u00e9s par jour pendant 3 jours<br \/>\nEtude Clinique men\u00e9e sur 45 patientes, \u00e2g\u00e9es de 18 \u00e0 50 ans, atteintes de K\u00e9ratose Pilaire sur les bras et les avants bras. 1 application du Gel Nettoyant Sa Anti-rugosit\u00e9s, 2 applications de la Cr\u00e8me Sa Anti-rugosit\u00e9s par jour pendant 8 semaines. Auto-\u00e9valuation.<br \/>\nConseils d&rsquo;utilisation<br \/>\nAppliquez la cr\u00e8me\u00a0quotidiennement, sur peau\u00a0propre et humide, id\u00e9alement apr\u00e8s la douche.<br \/>\nD\u00e9posez une\u00a0noisette\u00a0de cr\u00e8me dans la main et massez d\u00e9licatement les zones concern\u00e9es (visage et corps).<br \/>\n\u00c9vitez le contour des yeux.<br \/>\nNe pas rincer. Laissez le soin p\u00e9n\u00e9trer pour b\u00e9n\u00e9ficier de ses bienfaits tout au long de la journ\u00e9e.<br \/>\nComposition<br \/>\nIngr\u00e9dients &#038; Principes Actifs Cl\u00e9s :<br \/>\n3 C\u00e9ramides Essentiels : tous les produits CeraVe contiennent les 3 c\u00e9ramides essentiels (1, 3 et 6-II) dont une peau saine a besoin pour restaurer et maintenir sa barri\u00e8re protectrice naturelle.<br \/>\nTechnologie brevet\u00e9e de diffusion MVE : lib\u00e9ration contr\u00f4l\u00e9e et prolong\u00e9e d&rsquo;actifs pour une hydratation continue pendant 24h.<br \/>\nAcide salicylique : exfolie la peau en douceur<br \/>\nAqua\/Water, Glycerin, Cetearyl Alcohol, Phenoxyethanol, Stearyl Alcohol, Cetyl Alcohol, PEG-40 Stearate, Behentrimonium Methosulfate, Glyceryl Stearate, Polysorbate 20, Ethylhexylglycerin, Potassium Phosphate, Disodium EDTA, Dipotassium Phosphate, Sodium Lauroyl Lactylate, Ceramide NP, Ceramide AP, Phytosphingosine, Cholesterol, Sodium Hyaluronate, Xanthan Gum, Carbomer, Tocopherol, Ceramide EOP<br \/>\nAjouter au Panier<br \/>\nAjouter au Panier<br \/>\nAjouter au Panier<br \/>\nAjouter au Panier<br \/>\nAjouter au Panier<br \/>\nAjouter au Panier<\/p>\n","protected":false},"excerpt":{"rendered":"<p>.elementor-213 .elementor-element.elementor-element-68b6c530 .elementor-tab-title, .elementor-213 .elementor-element.elementor-element-68b6c530 .elementor-tab-title:before, .elementor-213 .elementor-element.elementor-element-68b6c530 .elementor-tab-title:after, .elementor-213 .elementor-element.elementor-element-68b6c530 .elementor-tab-content, .elementor-213 .elementor-element.elementor-element-68b6c530 .elementor-tabs-content-wrapper{border-width:0.5px;}.elementor-213 .elementor-element.elementor-element-68b6c530 .elementor-tab-title{color:#000000;}.elementor-213 .elementor-element.elementor-element-68b6c530 .elementor-tab-title.elementor-active{color:#00a28d;}.elementor-213 .elementor-element.elementor-element-68b6c530<\/p>\n","protected":false},"featured_media":10879,"comment_status":"open","ping_status":"closed","template":"","meta":[],"product_brand":[131],"product_cat":[152],"product_tag":[],"class_list":{"0":"post-11531","1":"product","2":"type-product","3":"status-publish","4":"has-post-thumbnail","6":"product_brand-cerave","7":"product_cat-rosacees","9":"first","10":"instock","11":"sale","12":"shipping-taxable","13":"purchasable","14":"product-type-simple"},"yoast_head":"<!-- This site is optimized with the Yoast SEO plugin v26.6 - https:\/\/yoast.com\/wordpress\/plugins\/seo\/ -->\r\n<title>CERAVE SA CREME ANTI RUGOSITE 177 ML - Paracherkaoui.ma<\/title>\r\n<meta name=\"robots\" content=\"index, follow, max-snippet:-1, max-image-preview:large, max-video-preview:-1\" \/>\r\n<link rel=\"canonical\" href=\"https:\/\/paracherkaoui.ma\/index.php\/produit\/cerave-sa-creme-anti-rugosite-177-ml-2\/\" \/>\r\n<meta property=\"og:locale\" content=\"fr_FR\" \/>\r\n<meta property=\"og:type\" content=\"article\" \/>\r\n<meta property=\"og:title\" content=\"CERAVE SA CREME ANTI RUGOSITE 177 ML - Paracherkaoui.ma\" \/>\r\n<meta property=\"og:description\" content=\".elementor-213 .elementor-element.elementor-element-68b6c530 .elementor-tab-title, .elementor-213 .elementor-element.elementor-element-68b6c530 .elementor-tab-title:before, .elementor-213 .elementor-element.elementor-element-68b6c530 .elementor-tab-title:after, .elementor-213 .elementor-element.elementor-element-68b6c530 .elementor-tab-content, .elementor-213 .elementor-element.elementor-element-68b6c530 .elementor-tabs-content-wrapper{border-width:0.5px;}.elementor-213 .elementor-element.elementor-element-68b6c530 .elementor-tab-title{color:#000000;}.elementor-213 .elementor-element.elementor-element-68b6c530 .elementor-tab-title.elementor-active{color:#00a28d;}.elementor-213 .elementor-element.elementor-element-68b6c530\" \/>\r\n<meta property=\"og:url\" content=\"https:\/\/paracherkaoui.ma\/index.php\/produit\/cerave-sa-creme-anti-rugosite-177-ml-2\/\" \/>\r\n<meta property=\"og:site_name\" content=\"Paracherkaoui.ma\" \/>\r\n<meta property=\"article:modified_time\" content=\"2025-12-12T16:40:31+00:00\" \/>\r\n<meta property=\"og:image\" content=\"https:\/\/paracherkaoui.ma\/wp-content\/uploads\/2025\/12\/cerave-cerave-sa-creme-anti-rugosite-177-ml-hydratation-corps.jpg\" \/>\r\n\t<meta property=\"og:image:width\" content=\"700\" \/>\r\n\t<meta property=\"og:image:height\" content=\"700\" \/>\r\n\t<meta property=\"og:image:type\" content=\"image\/jpeg\" \/>\r\n<meta name=\"twitter:card\" content=\"summary_large_image\" \/>\r\n<meta name=\"twitter:label1\" content=\"Dur\u00e9e de lecture estim\u00e9e\" \/>\n\t<meta name=\"twitter:data1\" content=\"5 minutes\" \/>\r\n<script type=\"application\/ld+json\" class=\"yoast-schema-graph\">{\"@context\":\"https:\/\/schema.org\",\"@graph\":[{\"@type\":\"WebPage\",\"@id\":\"https:\/\/paracherkaoui.ma\/index.php\/produit\/cerave-sa-creme-anti-rugosite-177-ml-2\/\",\"url\":\"https:\/\/paracherkaoui.ma\/index.php\/produit\/cerave-sa-creme-anti-rugosite-177-ml-2\/\",\"name\":\"CERAVE SA CREME ANTI RUGOSITE 177 ML - Paracherkaoui.ma\",\"isPartOf\":{\"@id\":\"https:\/\/paracherkaoui.ma\/#website\"},\"primaryImageOfPage\":{\"@id\":\"https:\/\/paracherkaoui.ma\/index.php\/produit\/cerave-sa-creme-anti-rugosite-177-ml-2\/#primaryimage\"},\"image\":{\"@id\":\"https:\/\/paracherkaoui.ma\/index.php\/produit\/cerave-sa-creme-anti-rugosite-177-ml-2\/#primaryimage\"},\"thumbnailUrl\":\"https:\/\/paracherkaoui.ma\/wp-content\/uploads\/2025\/12\/cerave-cerave-sa-creme-anti-rugosite-177-ml-hydratation-corps.jpg\",\"datePublished\":\"2025-12-12T16:40:27+00:00\",\"dateModified\":\"2025-12-12T16:40:31+00:00\",\"breadcrumb\":{\"@id\":\"https:\/\/paracherkaoui.ma\/index.php\/produit\/cerave-sa-creme-anti-rugosite-177-ml-2\/#breadcrumb\"},\"inLanguage\":\"fr-FR\",\"potentialAction\":[{\"@type\":\"ReadAction\",\"target\":[\"https:\/\/paracherkaoui.ma\/index.php\/produit\/cerave-sa-creme-anti-rugosite-177-ml-2\/\"]}]},{\"@type\":\"ImageObject\",\"inLanguage\":\"fr-FR\",\"@id\":\"https:\/\/paracherkaoui.ma\/index.php\/produit\/cerave-sa-creme-anti-rugosite-177-ml-2\/#primaryimage\",\"url\":\"https:\/\/paracherkaoui.ma\/wp-content\/uploads\/2025\/12\/cerave-cerave-sa-creme-anti-rugosite-177-ml-hydratation-corps.jpg\",\"contentUrl\":\"https:\/\/paracherkaoui.ma\/wp-content\/uploads\/2025\/12\/cerave-cerave-sa-creme-anti-rugosite-177-ml-hydratation-corps.jpg\",\"width\":700,\"height\":700},{\"@type\":\"BreadcrumbList\",\"@id\":\"https:\/\/paracherkaoui.ma\/index.php\/produit\/cerave-sa-creme-anti-rugosite-177-ml-2\/#breadcrumb\",\"itemListElement\":[{\"@type\":\"ListItem\",\"position\":1,\"name\":\"Accueil\",\"item\":\"https:\/\/paracherkaoui.ma\/\"},{\"@type\":\"ListItem\",\"position\":2,\"name\":\"Boutique\",\"item\":\"https:\/\/paracherkaoui.ma\/index.php\/boutique\/\"},{\"@type\":\"ListItem\",\"position\":3,\"name\":\"CERAVE SA CREME ANTI RUGOSITE 177 ML\"}]},{\"@type\":\"WebSite\",\"@id\":\"https:\/\/paracherkaoui.ma\/#website\",\"url\":\"https:\/\/paracherkaoui.ma\/\",\"name\":\"Paracherkaoui.ma\",\"description\":\"Achetez en ligne sur Paracherkaoui.ma\",\"potentialAction\":[{\"@type\":\"SearchAction\",\"target\":{\"@type\":\"EntryPoint\",\"urlTemplate\":\"https:\/\/paracherkaoui.ma\/?s={search_term_string}\"},\"query-input\":{\"@type\":\"PropertyValueSpecification\",\"valueRequired\":true,\"valueName\":\"search_term_string\"}}],\"inLanguage\":\"fr-FR\"}]}<\/script>\r\n<!-- \/ Yoast SEO plugin. -->","yoast_head_json":{"title":"CERAVE SA CREME ANTI RUGOSITE 177 ML - Paracherkaoui.ma","robots":{"index":"index","follow":"follow","max-snippet":"max-snippet:-1","max-image-preview":"max-image-preview:large","max-video-preview":"max-video-preview:-1"},"canonical":"https:\/\/paracherkaoui.ma\/index.php\/produit\/cerave-sa-creme-anti-rugosite-177-ml-2\/","og_locale":"fr_FR","og_type":"article","og_title":"CERAVE SA CREME ANTI RUGOSITE 177 ML - Paracherkaoui.ma","og_description":".elementor-213 .elementor-element.elementor-element-68b6c530 .elementor-tab-title, .elementor-213 .elementor-element.elementor-element-68b6c530 .elementor-tab-title:before, .elementor-213 .elementor-element.elementor-element-68b6c530 .elementor-tab-title:after, .elementor-213 .elementor-element.elementor-element-68b6c530 .elementor-tab-content, .elementor-213 .elementor-element.elementor-element-68b6c530 .elementor-tabs-content-wrapper{border-width:0.5px;}.elementor-213 .elementor-element.elementor-element-68b6c530 .elementor-tab-title{color:#000000;}.elementor-213 .elementor-element.elementor-element-68b6c530 .elementor-tab-title.elementor-active{color:#00a28d;}.elementor-213 .elementor-element.elementor-element-68b6c530","og_url":"https:\/\/paracherkaoui.ma\/index.php\/produit\/cerave-sa-creme-anti-rugosite-177-ml-2\/","og_site_name":"Paracherkaoui.ma","article_modified_time":"2025-12-12T16:40:31+00:00","og_image":[{"width":700,"height":700,"url":"https:\/\/paracherkaoui.ma\/wp-content\/uploads\/2025\/12\/cerave-cerave-sa-creme-anti-rugosite-177-ml-hydratation-corps.jpg","type":"image\/jpeg"}],"twitter_card":"summary_large_image","twitter_misc":{"Dur\u00e9e de lecture estim\u00e9e":"5 minutes"},"schema":{"@context":"https:\/\/schema.org","@graph":[{"@type":"WebPage","@id":"https:\/\/paracherkaoui.ma\/index.php\/produit\/cerave-sa-creme-anti-rugosite-177-ml-2\/","url":"https:\/\/paracherkaoui.ma\/index.php\/produit\/cerave-sa-creme-anti-rugosite-177-ml-2\/","name":"CERAVE SA CREME ANTI RUGOSITE 177 ML - Paracherkaoui.ma","isPartOf":{"@id":"https:\/\/paracherkaoui.ma\/#website"},"primaryImageOfPage":{"@id":"https:\/\/paracherkaoui.ma\/index.php\/produit\/cerave-sa-creme-anti-rugosite-177-ml-2\/#primaryimage"},"image":{"@id":"https:\/\/paracherkaoui.ma\/index.php\/produit\/cerave-sa-creme-anti-rugosite-177-ml-2\/#primaryimage"},"thumbnailUrl":"https:\/\/paracherkaoui.ma\/wp-content\/uploads\/2025\/12\/cerave-cerave-sa-creme-anti-rugosite-177-ml-hydratation-corps.jpg","datePublished":"2025-12-12T16:40:27+00:00","dateModified":"2025-12-12T16:40:31+00:00","breadcrumb":{"@id":"https:\/\/paracherkaoui.ma\/index.php\/produit\/cerave-sa-creme-anti-rugosite-177-ml-2\/#breadcrumb"},"inLanguage":"fr-FR","potentialAction":[{"@type":"ReadAction","target":["https:\/\/paracherkaoui.ma\/index.php\/produit\/cerave-sa-creme-anti-rugosite-177-ml-2\/"]}]},{"@type":"ImageObject","inLanguage":"fr-FR","@id":"https:\/\/paracherkaoui.ma\/index.php\/produit\/cerave-sa-creme-anti-rugosite-177-ml-2\/#primaryimage","url":"https:\/\/paracherkaoui.ma\/wp-content\/uploads\/2025\/12\/cerave-cerave-sa-creme-anti-rugosite-177-ml-hydratation-corps.jpg","contentUrl":"https:\/\/paracherkaoui.ma\/wp-content\/uploads\/2025\/12\/cerave-cerave-sa-creme-anti-rugosite-177-ml-hydratation-corps.jpg","width":700,"height":700},{"@type":"BreadcrumbList","@id":"https:\/\/paracherkaoui.ma\/index.php\/produit\/cerave-sa-creme-anti-rugosite-177-ml-2\/#breadcrumb","itemListElement":[{"@type":"ListItem","position":1,"name":"Accueil","item":"https:\/\/paracherkaoui.ma\/"},{"@type":"ListItem","position":2,"name":"Boutique","item":"https:\/\/paracherkaoui.ma\/index.php\/boutique\/"},{"@type":"ListItem","position":3,"name":"CERAVE SA CREME ANTI RUGOSITE 177 ML"}]},{"@type":"WebSite","@id":"https:\/\/paracherkaoui.ma\/#website","url":"https:\/\/paracherkaoui.ma\/","name":"Paracherkaoui.ma","description":"Achetez en ligne sur Paracherkaoui.ma","potentialAction":[{"@type":"SearchAction","target":{"@type":"EntryPoint","urlTemplate":"https:\/\/paracherkaoui.ma\/?s={search_term_string}"},"query-input":{"@type":"PropertyValueSpecification","valueRequired":true,"valueName":"search_term_string"}}],"inLanguage":"fr-FR"}]}},"_links":{"self":[{"href":"https:\/\/paracherkaoui.ma\/index.php\/wp-json\/wp\/v2\/product\/11531","targetHints":{"allow":["GET"]}}],"collection":[{"href":"https:\/\/paracherkaoui.ma\/index.php\/wp-json\/wp\/v2\/product"}],"about":[{"href":"https:\/\/paracherkaoui.ma\/index.php\/wp-json\/wp\/v2\/types\/product"}],"replies":[{"embeddable":true,"href":"https:\/\/paracherkaoui.ma\/index.php\/wp-json\/wp\/v2\/comments?post=11531"}],"version-history":[{"count":1,"href":"https:\/\/paracherkaoui.ma\/index.php\/wp-json\/wp\/v2\/product\/11531\/revisions"}],"predecessor-version":[{"id":11585,"href":"https:\/\/paracherkaoui.ma\/index.php\/wp-json\/wp\/v2\/product\/11531\/revisions\/11585"}],"wp:featuredmedia":[{"embeddable":true,"href":"https:\/\/paracherkaoui.ma\/index.php\/wp-json\/wp\/v2\/media\/10879"}],"wp:attachment":[{"href":"https:\/\/paracherkaoui.ma\/index.php\/wp-json\/wp\/v2\/media?parent=11531"}],"wp:term":[{"taxonomy":"product_brand","embeddable":true,"href":"https:\/\/paracherkaoui.ma\/index.php\/wp-json\/wp\/v2\/product_brand?post=11531"},{"taxonomy":"product_cat","embeddable":true,"href":"https:\/\/paracherkaoui.ma\/index.php\/wp-json\/wp\/v2\/product_cat?post=11531"},{"taxonomy":"product_tag","embeddable":true,"href":"https:\/\/paracherkaoui.ma\/index.php\/wp-json\/wp\/v2\/product_tag?post=11531"}],"curies":[{"name":"wp","href":"https:\/\/api.w.org\/{rel}","templated":true}]}}