{"id":11527,"date":"2025-12-12T17:40:27","date_gmt":"2025-12-12T16:40:27","guid":{"rendered":"https:\/\/test.ecbeaute.com\/?post_type=product&#038;p=11527"},"modified":"2025-12-12T17:40:30","modified_gmt":"2025-12-12T16:40:30","slug":"bioderma-sensibio-huile-nettoyante-demaquillante-150-ml","status":"publish","type":"product","link":"https:\/\/paracherkaoui.ma\/index.php\/produit\/bioderma-sensibio-huile-nettoyante-demaquillante-150-ml\/","title":{"rendered":"BIODERMA SENSIBIO HUILE NETTOYANTE DEMAQUILLANTE 150 ML"},"content":{"rendered":"<p>La 1\u00e8re huile micellaire \u00e9cobiologique qui nettoie et prend soin de la peau<br \/>\n&#8211; Elimine le maquillage persistant, en particulier le maquillage waterproof des yeux et des l\u00e8vres.<\/p>\n<p>-Nettoie les impuret\u00e9s de la peau (pollution, \u00e9crans solaires quotidiens).<\/p>\n<p>&#8211; Apaise la peau<\/p>\n<p>&#8211; Nourrit la peau<\/p>\n<p>&#8211; Pr\u00e9serve le pH naturel de la peau<\/p>\n<p>Sa texture huile se transforme en lait au contact de l&rsquo;eau pour une exp\u00e9rience de nettoyage sensorielle et un rin\u00e7age facilit\u00e9.<br \/>\nTexture sans frottement. Pas de vue brouill\u00e9e ni de film gras laiss\u00e9 sur la peau.<\/p>\n<p>Test\u00e9 sous contr\u00f4le dermatologique, tr\u00e8s bonne tol\u00e9rance cutan\u00e9e et oculaire, non com\u00e9dog\u00e8ne, sans parfum.<br \/>\nConseils d&rsquo;utilisation:<br \/>\n\u00c9TAPE 1 Commencez par mettre l&rsquo;huile dans la paume de votre main et appliquez-la sur une peau s\u00e8che<br \/>\n\u00c9TAPE 2Massez d\u00e9licatement la peau avec vos doigts par des mouvements circulaires<br \/>\n\u00c9TAPE 3Ajoutez un peu d&rsquo;eau pour \u00e9mulsionner et compl\u00e9ter le massage<br \/>\n\u00c9TAPE 4Rincez abondamment<\/p>\n","protected":false},"excerpt":{"rendered":"<p>La 1\u00e8re huile micellaire \u00e9cobiologique qui nettoie et prend soin de la peau &#8211; Elimine le maquillage persistant, en particulier<\/p>\n","protected":false},"featured_media":11577,"comment_status":"open","ping_status":"closed","template":"","meta":[],"product_brand":[137],"product_cat":[152],"product_tag":[],"class_list":{"0":"post-11527","1":"product","2":"type-product","3":"status-publish","4":"has-post-thumbnail","6":"product_brand-bioderma","7":"product_cat-rosacees","9":"first","10":"instock","11":"sale","12":"shipping-taxable","13":"purchasable","14":"product-type-simple"},"yoast_head":"<!-- This site is optimized with the Yoast SEO plugin v26.6 - https:\/\/yoast.com\/wordpress\/plugins\/seo\/ -->\r\n<title>BIODERMA SENSIBIO HUILE NETTOYANTE DEMAQUILLANTE 150 ML - Paracherkaoui.ma<\/title>\r\n<meta name=\"robots\" content=\"index, follow, max-snippet:-1, max-image-preview:large, max-video-preview:-1\" \/>\r\n<link rel=\"canonical\" href=\"https:\/\/paracherkaoui.ma\/index.php\/produit\/bioderma-sensibio-huile-nettoyante-demaquillante-150-ml\/\" \/>\r\n<meta property=\"og:locale\" content=\"fr_FR\" \/>\r\n<meta property=\"og:type\" content=\"article\" \/>\r\n<meta property=\"og:title\" content=\"BIODERMA SENSIBIO HUILE NETTOYANTE DEMAQUILLANTE 150 ML - Paracherkaoui.ma\" \/>\r\n<meta property=\"og:description\" content=\"La 1\u00e8re huile micellaire \u00e9cobiologique qui nettoie et prend soin de la peau &#8211; Elimine le maquillage persistant, en particulier\" \/>\r\n<meta property=\"og:url\" content=\"https:\/\/paracherkaoui.ma\/index.php\/produit\/bioderma-sensibio-huile-nettoyante-demaquillante-150-ml\/\" \/>\r\n<meta property=\"og:site_name\" content=\"Paracherkaoui.ma\" \/>\r\n<meta property=\"article:modified_time\" content=\"2025-12-12T16:40:30+00:00\" \/>\r\n<meta property=\"og:image\" content=\"https:\/\/paracherkaoui.ma\/wp-content\/uploads\/2025\/12\/bioderma-bioderma-sensibio-huile-nettoyante-demaquillante-150-ml-accueil.jpg\" \/>\r\n\t<meta property=\"og:image:width\" content=\"700\" \/>\r\n\t<meta property=\"og:image:height\" content=\"700\" \/>\r\n\t<meta property=\"og:image:type\" content=\"image\/jpeg\" \/>\r\n<meta name=\"twitter:card\" content=\"summary_large_image\" \/>\r\n<meta name=\"twitter:label1\" content=\"Dur\u00e9e de lecture estim\u00e9e\" \/>\n\t<meta name=\"twitter:data1\" content=\"1 minute\" \/>\r\n<script type=\"application\/ld+json\" class=\"yoast-schema-graph\">{\"@context\":\"https:\/\/schema.org\",\"@graph\":[{\"@type\":\"WebPage\",\"@id\":\"https:\/\/paracherkaoui.ma\/index.php\/produit\/bioderma-sensibio-huile-nettoyante-demaquillante-150-ml\/\",\"url\":\"https:\/\/paracherkaoui.ma\/index.php\/produit\/bioderma-sensibio-huile-nettoyante-demaquillante-150-ml\/\",\"name\":\"BIODERMA SENSIBIO HUILE NETTOYANTE DEMAQUILLANTE 150 ML - Paracherkaoui.ma\",\"isPartOf\":{\"@id\":\"https:\/\/paracherkaoui.ma\/#website\"},\"primaryImageOfPage\":{\"@id\":\"https:\/\/paracherkaoui.ma\/index.php\/produit\/bioderma-sensibio-huile-nettoyante-demaquillante-150-ml\/#primaryimage\"},\"image\":{\"@id\":\"https:\/\/paracherkaoui.ma\/index.php\/produit\/bioderma-sensibio-huile-nettoyante-demaquillante-150-ml\/#primaryimage\"},\"thumbnailUrl\":\"https:\/\/paracherkaoui.ma\/wp-content\/uploads\/2025\/12\/bioderma-bioderma-sensibio-huile-nettoyante-demaquillante-150-ml-accueil.jpg\",\"datePublished\":\"2025-12-12T16:40:27+00:00\",\"dateModified\":\"2025-12-12T16:40:30+00:00\",\"breadcrumb\":{\"@id\":\"https:\/\/paracherkaoui.ma\/index.php\/produit\/bioderma-sensibio-huile-nettoyante-demaquillante-150-ml\/#breadcrumb\"},\"inLanguage\":\"fr-FR\",\"potentialAction\":[{\"@type\":\"ReadAction\",\"target\":[\"https:\/\/paracherkaoui.ma\/index.php\/produit\/bioderma-sensibio-huile-nettoyante-demaquillante-150-ml\/\"]}]},{\"@type\":\"ImageObject\",\"inLanguage\":\"fr-FR\",\"@id\":\"https:\/\/paracherkaoui.ma\/index.php\/produit\/bioderma-sensibio-huile-nettoyante-demaquillante-150-ml\/#primaryimage\",\"url\":\"https:\/\/paracherkaoui.ma\/wp-content\/uploads\/2025\/12\/bioderma-bioderma-sensibio-huile-nettoyante-demaquillante-150-ml-accueil.jpg\",\"contentUrl\":\"https:\/\/paracherkaoui.ma\/wp-content\/uploads\/2025\/12\/bioderma-bioderma-sensibio-huile-nettoyante-demaquillante-150-ml-accueil.jpg\",\"width\":700,\"height\":700},{\"@type\":\"BreadcrumbList\",\"@id\":\"https:\/\/paracherkaoui.ma\/index.php\/produit\/bioderma-sensibio-huile-nettoyante-demaquillante-150-ml\/#breadcrumb\",\"itemListElement\":[{\"@type\":\"ListItem\",\"position\":1,\"name\":\"Accueil\",\"item\":\"https:\/\/paracherkaoui.ma\/\"},{\"@type\":\"ListItem\",\"position\":2,\"name\":\"Boutique\",\"item\":\"https:\/\/paracherkaoui.ma\/index.php\/boutique\/\"},{\"@type\":\"ListItem\",\"position\":3,\"name\":\"BIODERMA SENSIBIO HUILE NETTOYANTE DEMAQUILLANTE 150 ML\"}]},{\"@type\":\"WebSite\",\"@id\":\"https:\/\/paracherkaoui.ma\/#website\",\"url\":\"https:\/\/paracherkaoui.ma\/\",\"name\":\"Paracherkaoui.ma\",\"description\":\"Achetez en ligne sur Paracherkaoui.ma\",\"potentialAction\":[{\"@type\":\"SearchAction\",\"target\":{\"@type\":\"EntryPoint\",\"urlTemplate\":\"https:\/\/paracherkaoui.ma\/?s={search_term_string}\"},\"query-input\":{\"@type\":\"PropertyValueSpecification\",\"valueRequired\":true,\"valueName\":\"search_term_string\"}}],\"inLanguage\":\"fr-FR\"}]}<\/script>\r\n<!-- \/ Yoast SEO plugin. -->","yoast_head_json":{"title":"BIODERMA SENSIBIO HUILE NETTOYANTE DEMAQUILLANTE 150 ML - Paracherkaoui.ma","robots":{"index":"index","follow":"follow","max-snippet":"max-snippet:-1","max-image-preview":"max-image-preview:large","max-video-preview":"max-video-preview:-1"},"canonical":"https:\/\/paracherkaoui.ma\/index.php\/produit\/bioderma-sensibio-huile-nettoyante-demaquillante-150-ml\/","og_locale":"fr_FR","og_type":"article","og_title":"BIODERMA SENSIBIO HUILE NETTOYANTE DEMAQUILLANTE 150 ML - Paracherkaoui.ma","og_description":"La 1\u00e8re huile micellaire \u00e9cobiologique qui nettoie et prend soin de la peau &#8211; Elimine le maquillage persistant, en particulier","og_url":"https:\/\/paracherkaoui.ma\/index.php\/produit\/bioderma-sensibio-huile-nettoyante-demaquillante-150-ml\/","og_site_name":"Paracherkaoui.ma","article_modified_time":"2025-12-12T16:40:30+00:00","og_image":[{"width":700,"height":700,"url":"https:\/\/paracherkaoui.ma\/wp-content\/uploads\/2025\/12\/bioderma-bioderma-sensibio-huile-nettoyante-demaquillante-150-ml-accueil.jpg","type":"image\/jpeg"}],"twitter_card":"summary_large_image","twitter_misc":{"Dur\u00e9e de lecture estim\u00e9e":"1 minute"},"schema":{"@context":"https:\/\/schema.org","@graph":[{"@type":"WebPage","@id":"https:\/\/paracherkaoui.ma\/index.php\/produit\/bioderma-sensibio-huile-nettoyante-demaquillante-150-ml\/","url":"https:\/\/paracherkaoui.ma\/index.php\/produit\/bioderma-sensibio-huile-nettoyante-demaquillante-150-ml\/","name":"BIODERMA SENSIBIO HUILE NETTOYANTE DEMAQUILLANTE 150 ML - Paracherkaoui.ma","isPartOf":{"@id":"https:\/\/paracherkaoui.ma\/#website"},"primaryImageOfPage":{"@id":"https:\/\/paracherkaoui.ma\/index.php\/produit\/bioderma-sensibio-huile-nettoyante-demaquillante-150-ml\/#primaryimage"},"image":{"@id":"https:\/\/paracherkaoui.ma\/index.php\/produit\/bioderma-sensibio-huile-nettoyante-demaquillante-150-ml\/#primaryimage"},"thumbnailUrl":"https:\/\/paracherkaoui.ma\/wp-content\/uploads\/2025\/12\/bioderma-bioderma-sensibio-huile-nettoyante-demaquillante-150-ml-accueil.jpg","datePublished":"2025-12-12T16:40:27+00:00","dateModified":"2025-12-12T16:40:30+00:00","breadcrumb":{"@id":"https:\/\/paracherkaoui.ma\/index.php\/produit\/bioderma-sensibio-huile-nettoyante-demaquillante-150-ml\/#breadcrumb"},"inLanguage":"fr-FR","potentialAction":[{"@type":"ReadAction","target":["https:\/\/paracherkaoui.ma\/index.php\/produit\/bioderma-sensibio-huile-nettoyante-demaquillante-150-ml\/"]}]},{"@type":"ImageObject","inLanguage":"fr-FR","@id":"https:\/\/paracherkaoui.ma\/index.php\/produit\/bioderma-sensibio-huile-nettoyante-demaquillante-150-ml\/#primaryimage","url":"https:\/\/paracherkaoui.ma\/wp-content\/uploads\/2025\/12\/bioderma-bioderma-sensibio-huile-nettoyante-demaquillante-150-ml-accueil.jpg","contentUrl":"https:\/\/paracherkaoui.ma\/wp-content\/uploads\/2025\/12\/bioderma-bioderma-sensibio-huile-nettoyante-demaquillante-150-ml-accueil.jpg","width":700,"height":700},{"@type":"BreadcrumbList","@id":"https:\/\/paracherkaoui.ma\/index.php\/produit\/bioderma-sensibio-huile-nettoyante-demaquillante-150-ml\/#breadcrumb","itemListElement":[{"@type":"ListItem","position":1,"name":"Accueil","item":"https:\/\/paracherkaoui.ma\/"},{"@type":"ListItem","position":2,"name":"Boutique","item":"https:\/\/paracherkaoui.ma\/index.php\/boutique\/"},{"@type":"ListItem","position":3,"name":"BIODERMA SENSIBIO HUILE NETTOYANTE DEMAQUILLANTE 150 ML"}]},{"@type":"WebSite","@id":"https:\/\/paracherkaoui.ma\/#website","url":"https:\/\/paracherkaoui.ma\/","name":"Paracherkaoui.ma","description":"Achetez en ligne sur Paracherkaoui.ma","potentialAction":[{"@type":"SearchAction","target":{"@type":"EntryPoint","urlTemplate":"https:\/\/paracherkaoui.ma\/?s={search_term_string}"},"query-input":{"@type":"PropertyValueSpecification","valueRequired":true,"valueName":"search_term_string"}}],"inLanguage":"fr-FR"}]}},"_links":{"self":[{"href":"https:\/\/paracherkaoui.ma\/index.php\/wp-json\/wp\/v2\/product\/11527","targetHints":{"allow":["GET"]}}],"collection":[{"href":"https:\/\/paracherkaoui.ma\/index.php\/wp-json\/wp\/v2\/product"}],"about":[{"href":"https:\/\/paracherkaoui.ma\/index.php\/wp-json\/wp\/v2\/types\/product"}],"replies":[{"embeddable":true,"href":"https:\/\/paracherkaoui.ma\/index.php\/wp-json\/wp\/v2\/comments?post=11527"}],"version-history":[{"count":1,"href":"https:\/\/paracherkaoui.ma\/index.php\/wp-json\/wp\/v2\/product\/11527\/revisions"}],"predecessor-version":[{"id":11578,"href":"https:\/\/paracherkaoui.ma\/index.php\/wp-json\/wp\/v2\/product\/11527\/revisions\/11578"}],"wp:featuredmedia":[{"embeddable":true,"href":"https:\/\/paracherkaoui.ma\/index.php\/wp-json\/wp\/v2\/media\/11577"}],"wp:attachment":[{"href":"https:\/\/paracherkaoui.ma\/index.php\/wp-json\/wp\/v2\/media?parent=11527"}],"wp:term":[{"taxonomy":"product_brand","embeddable":true,"href":"https:\/\/paracherkaoui.ma\/index.php\/wp-json\/wp\/v2\/product_brand?post=11527"},{"taxonomy":"product_cat","embeddable":true,"href":"https:\/\/paracherkaoui.ma\/index.php\/wp-json\/wp\/v2\/product_cat?post=11527"},{"taxonomy":"product_tag","embeddable":true,"href":"https:\/\/paracherkaoui.ma\/index.php\/wp-json\/wp\/v2\/product_tag?post=11527"}],"curies":[{"name":"wp","href":"https:\/\/api.w.org\/{rel}","templated":true}]}}