{"id":11526,"date":"2025-12-12T17:40:27","date_gmt":"2025-12-12T16:40:27","guid":{"rendered":"https:\/\/test.ecbeaute.com\/?post_type=product&#038;p=11526"},"modified":"2025-12-12T17:40:30","modified_gmt":"2025-12-12T16:40:30","slug":"bioderma-sensibio-h2o-250-ml-solution-micellaire","status":"publish","type":"product","link":"https:\/\/paracherkaoui.ma\/index.php\/produit\/bioderma-sensibio-h2o-250-ml-solution-micellaire\/","title":{"rendered":"BIODERMA SENSIBIO H2O 250 ML SOLUTION MICELLAIRE"},"content":{"rendered":"<p>Description:<br \/>\n\u2022\u00a0A la pointe de l&rsquo;innovation, BIODERMA est le pr\u00e9curseur des solutions micellaires. Sp\u00e9cialement formul\u00e9e pour les peaux sensibles normales \u00e0 s\u00e8ches, la solution micellaire\u00a0Sensibio\u00a0H2O\u00a0garantit un nettoyage en douceur du visage et des yeux. Elle \u00e9limine le maquillage r\u00e9sistant \u00e0 l&rsquo;eau. Les micelles contenues dans sa formule permettent une parfaite micro-\u00e9mulsion des impuret\u00e9s tout en respectant l\u2019\u00e9quilibre cutan\u00e9 (sans savon, pH physiologique). \u2022\u00a0Les actifs apaisants et d\u00e9congestionnants de\u00a0Sensibio\u00a0H2O\u00a0pr\u00e9viennent les sensations d\u2019irritation souvent li\u00e9es au nettoyage et au d\u00e9maquillage. \u2022\u00a0Sensibio\u00a0H2O\u00a0garantit une excellente tol\u00e9rance cutan\u00e9e et oculaire (test\u00e9 sous contr\u00f4le ophtalmologique).<br \/>\nConseils d&rsquo;utilisation<br \/>\n\u2022\u00a0Sensibio\u00a0H2O\u00a0est une formule nettoyante ultra-douce, utilisez-la avec infiniment de douceur. Imbibez un coton de Cr\u00e9aline H2O et nettoyez et\/ou d\u00e9maquillez votre visage et vos yeux. Renouvelez l\u2019application jusqu\u2019\u00e0 ce que le coton soit propre.<br \/>\n\u2022\u00a0Sensibio\u00a0H2O\u00a0peut s\u2019utiliser sans rin\u00e7age. Il est toutefois imp\u00e9ratif de s\u00e9cher votre peau. Le s\u00e9chage doit rester d\u00e9licat. Tamponnez votre visage avec une serviette en coton propre.<br \/>\n\u2022\u00a0Sensibio\u00a0H2O\u00a0s\u2019utilise au quotidien, matin et soir.<\/p>\n","protected":false},"excerpt":{"rendered":"<p>Description: \u2022\u00a0A la pointe de l&rsquo;innovation, BIODERMA est le pr\u00e9curseur des solutions micellaires. Sp\u00e9cialement formul\u00e9e pour les peaux sensibles normales<\/p>\n","protected":false},"featured_media":11575,"comment_status":"open","ping_status":"closed","template":"","meta":[],"product_brand":[137],"product_cat":[152],"product_tag":[],"class_list":{"0":"post-11526","1":"product","2":"type-product","3":"status-publish","4":"has-post-thumbnail","6":"product_brand-bioderma","7":"product_cat-rosacees","9":"first","10":"instock","11":"sale","12":"shipping-taxable","13":"purchasable","14":"product-type-simple"},"yoast_head":"<!-- This site is optimized with the Yoast SEO plugin v26.6 - https:\/\/yoast.com\/wordpress\/plugins\/seo\/ -->\r\n<title>BIODERMA SENSIBIO H2O 250 ML SOLUTION MICELLAIRE - Paracherkaoui.ma<\/title>\r\n<meta name=\"robots\" content=\"index, follow, max-snippet:-1, max-image-preview:large, max-video-preview:-1\" \/>\r\n<link rel=\"canonical\" href=\"https:\/\/paracherkaoui.ma\/index.php\/produit\/bioderma-sensibio-h2o-250-ml-solution-micellaire\/\" \/>\r\n<meta property=\"og:locale\" content=\"fr_FR\" \/>\r\n<meta property=\"og:type\" content=\"article\" \/>\r\n<meta property=\"og:title\" content=\"BIODERMA SENSIBIO H2O 250 ML SOLUTION MICELLAIRE - Paracherkaoui.ma\" \/>\r\n<meta property=\"og:description\" content=\"Description: \u2022\u00a0A la pointe de l&rsquo;innovation, BIODERMA est le pr\u00e9curseur des solutions micellaires. Sp\u00e9cialement formul\u00e9e pour les peaux sensibles normales\" \/>\r\n<meta property=\"og:url\" content=\"https:\/\/paracherkaoui.ma\/index.php\/produit\/bioderma-sensibio-h2o-250-ml-solution-micellaire\/\" \/>\r\n<meta property=\"og:site_name\" content=\"Paracherkaoui.ma\" \/>\r\n<meta property=\"article:modified_time\" content=\"2025-12-12T16:40:30+00:00\" \/>\r\n<meta property=\"og:image\" content=\"https:\/\/paracherkaoui.ma\/wp-content\/uploads\/2025\/12\/bioderma-bioderma-sensibio-h2o-250-ml-solution-micellaire-nettoyants-visage.jpg\" \/>\r\n\t<meta property=\"og:image:width\" content=\"700\" \/>\r\n\t<meta property=\"og:image:height\" content=\"700\" \/>\r\n\t<meta property=\"og:image:type\" content=\"image\/jpeg\" \/>\r\n<meta name=\"twitter:card\" content=\"summary_large_image\" \/>\r\n<meta name=\"twitter:label1\" content=\"Dur\u00e9e de lecture estim\u00e9e\" \/>\n\t<meta name=\"twitter:data1\" content=\"1 minute\" \/>\r\n<script type=\"application\/ld+json\" class=\"yoast-schema-graph\">{\"@context\":\"https:\/\/schema.org\",\"@graph\":[{\"@type\":\"WebPage\",\"@id\":\"https:\/\/paracherkaoui.ma\/index.php\/produit\/bioderma-sensibio-h2o-250-ml-solution-micellaire\/\",\"url\":\"https:\/\/paracherkaoui.ma\/index.php\/produit\/bioderma-sensibio-h2o-250-ml-solution-micellaire\/\",\"name\":\"BIODERMA SENSIBIO H2O 250 ML SOLUTION MICELLAIRE - Paracherkaoui.ma\",\"isPartOf\":{\"@id\":\"https:\/\/paracherkaoui.ma\/#website\"},\"primaryImageOfPage\":{\"@id\":\"https:\/\/paracherkaoui.ma\/index.php\/produit\/bioderma-sensibio-h2o-250-ml-solution-micellaire\/#primaryimage\"},\"image\":{\"@id\":\"https:\/\/paracherkaoui.ma\/index.php\/produit\/bioderma-sensibio-h2o-250-ml-solution-micellaire\/#primaryimage\"},\"thumbnailUrl\":\"https:\/\/paracherkaoui.ma\/wp-content\/uploads\/2025\/12\/bioderma-bioderma-sensibio-h2o-250-ml-solution-micellaire-nettoyants-visage.jpg\",\"datePublished\":\"2025-12-12T16:40:27+00:00\",\"dateModified\":\"2025-12-12T16:40:30+00:00\",\"breadcrumb\":{\"@id\":\"https:\/\/paracherkaoui.ma\/index.php\/produit\/bioderma-sensibio-h2o-250-ml-solution-micellaire\/#breadcrumb\"},\"inLanguage\":\"fr-FR\",\"potentialAction\":[{\"@type\":\"ReadAction\",\"target\":[\"https:\/\/paracherkaoui.ma\/index.php\/produit\/bioderma-sensibio-h2o-250-ml-solution-micellaire\/\"]}]},{\"@type\":\"ImageObject\",\"inLanguage\":\"fr-FR\",\"@id\":\"https:\/\/paracherkaoui.ma\/index.php\/produit\/bioderma-sensibio-h2o-250-ml-solution-micellaire\/#primaryimage\",\"url\":\"https:\/\/paracherkaoui.ma\/wp-content\/uploads\/2025\/12\/bioderma-bioderma-sensibio-h2o-250-ml-solution-micellaire-nettoyants-visage.jpg\",\"contentUrl\":\"https:\/\/paracherkaoui.ma\/wp-content\/uploads\/2025\/12\/bioderma-bioderma-sensibio-h2o-250-ml-solution-micellaire-nettoyants-visage.jpg\",\"width\":700,\"height\":700},{\"@type\":\"BreadcrumbList\",\"@id\":\"https:\/\/paracherkaoui.ma\/index.php\/produit\/bioderma-sensibio-h2o-250-ml-solution-micellaire\/#breadcrumb\",\"itemListElement\":[{\"@type\":\"ListItem\",\"position\":1,\"name\":\"Accueil\",\"item\":\"https:\/\/paracherkaoui.ma\/\"},{\"@type\":\"ListItem\",\"position\":2,\"name\":\"Boutique\",\"item\":\"https:\/\/paracherkaoui.ma\/index.php\/boutique\/\"},{\"@type\":\"ListItem\",\"position\":3,\"name\":\"BIODERMA SENSIBIO H2O 250 ML SOLUTION MICELLAIRE\"}]},{\"@type\":\"WebSite\",\"@id\":\"https:\/\/paracherkaoui.ma\/#website\",\"url\":\"https:\/\/paracherkaoui.ma\/\",\"name\":\"Paracherkaoui.ma\",\"description\":\"Achetez en ligne sur Paracherkaoui.ma\",\"potentialAction\":[{\"@type\":\"SearchAction\",\"target\":{\"@type\":\"EntryPoint\",\"urlTemplate\":\"https:\/\/paracherkaoui.ma\/?s={search_term_string}\"},\"query-input\":{\"@type\":\"PropertyValueSpecification\",\"valueRequired\":true,\"valueName\":\"search_term_string\"}}],\"inLanguage\":\"fr-FR\"}]}<\/script>\r\n<!-- \/ Yoast SEO plugin. -->","yoast_head_json":{"title":"BIODERMA SENSIBIO H2O 250 ML SOLUTION MICELLAIRE - Paracherkaoui.ma","robots":{"index":"index","follow":"follow","max-snippet":"max-snippet:-1","max-image-preview":"max-image-preview:large","max-video-preview":"max-video-preview:-1"},"canonical":"https:\/\/paracherkaoui.ma\/index.php\/produit\/bioderma-sensibio-h2o-250-ml-solution-micellaire\/","og_locale":"fr_FR","og_type":"article","og_title":"BIODERMA SENSIBIO H2O 250 ML SOLUTION MICELLAIRE - Paracherkaoui.ma","og_description":"Description: \u2022\u00a0A la pointe de l&rsquo;innovation, BIODERMA est le pr\u00e9curseur des solutions micellaires. Sp\u00e9cialement formul\u00e9e pour les peaux sensibles normales","og_url":"https:\/\/paracherkaoui.ma\/index.php\/produit\/bioderma-sensibio-h2o-250-ml-solution-micellaire\/","og_site_name":"Paracherkaoui.ma","article_modified_time":"2025-12-12T16:40:30+00:00","og_image":[{"width":700,"height":700,"url":"https:\/\/paracherkaoui.ma\/wp-content\/uploads\/2025\/12\/bioderma-bioderma-sensibio-h2o-250-ml-solution-micellaire-nettoyants-visage.jpg","type":"image\/jpeg"}],"twitter_card":"summary_large_image","twitter_misc":{"Dur\u00e9e de lecture estim\u00e9e":"1 minute"},"schema":{"@context":"https:\/\/schema.org","@graph":[{"@type":"WebPage","@id":"https:\/\/paracherkaoui.ma\/index.php\/produit\/bioderma-sensibio-h2o-250-ml-solution-micellaire\/","url":"https:\/\/paracherkaoui.ma\/index.php\/produit\/bioderma-sensibio-h2o-250-ml-solution-micellaire\/","name":"BIODERMA SENSIBIO H2O 250 ML SOLUTION MICELLAIRE - Paracherkaoui.ma","isPartOf":{"@id":"https:\/\/paracherkaoui.ma\/#website"},"primaryImageOfPage":{"@id":"https:\/\/paracherkaoui.ma\/index.php\/produit\/bioderma-sensibio-h2o-250-ml-solution-micellaire\/#primaryimage"},"image":{"@id":"https:\/\/paracherkaoui.ma\/index.php\/produit\/bioderma-sensibio-h2o-250-ml-solution-micellaire\/#primaryimage"},"thumbnailUrl":"https:\/\/paracherkaoui.ma\/wp-content\/uploads\/2025\/12\/bioderma-bioderma-sensibio-h2o-250-ml-solution-micellaire-nettoyants-visage.jpg","datePublished":"2025-12-12T16:40:27+00:00","dateModified":"2025-12-12T16:40:30+00:00","breadcrumb":{"@id":"https:\/\/paracherkaoui.ma\/index.php\/produit\/bioderma-sensibio-h2o-250-ml-solution-micellaire\/#breadcrumb"},"inLanguage":"fr-FR","potentialAction":[{"@type":"ReadAction","target":["https:\/\/paracherkaoui.ma\/index.php\/produit\/bioderma-sensibio-h2o-250-ml-solution-micellaire\/"]}]},{"@type":"ImageObject","inLanguage":"fr-FR","@id":"https:\/\/paracherkaoui.ma\/index.php\/produit\/bioderma-sensibio-h2o-250-ml-solution-micellaire\/#primaryimage","url":"https:\/\/paracherkaoui.ma\/wp-content\/uploads\/2025\/12\/bioderma-bioderma-sensibio-h2o-250-ml-solution-micellaire-nettoyants-visage.jpg","contentUrl":"https:\/\/paracherkaoui.ma\/wp-content\/uploads\/2025\/12\/bioderma-bioderma-sensibio-h2o-250-ml-solution-micellaire-nettoyants-visage.jpg","width":700,"height":700},{"@type":"BreadcrumbList","@id":"https:\/\/paracherkaoui.ma\/index.php\/produit\/bioderma-sensibio-h2o-250-ml-solution-micellaire\/#breadcrumb","itemListElement":[{"@type":"ListItem","position":1,"name":"Accueil","item":"https:\/\/paracherkaoui.ma\/"},{"@type":"ListItem","position":2,"name":"Boutique","item":"https:\/\/paracherkaoui.ma\/index.php\/boutique\/"},{"@type":"ListItem","position":3,"name":"BIODERMA SENSIBIO H2O 250 ML SOLUTION MICELLAIRE"}]},{"@type":"WebSite","@id":"https:\/\/paracherkaoui.ma\/#website","url":"https:\/\/paracherkaoui.ma\/","name":"Paracherkaoui.ma","description":"Achetez en ligne sur Paracherkaoui.ma","potentialAction":[{"@type":"SearchAction","target":{"@type":"EntryPoint","urlTemplate":"https:\/\/paracherkaoui.ma\/?s={search_term_string}"},"query-input":{"@type":"PropertyValueSpecification","valueRequired":true,"valueName":"search_term_string"}}],"inLanguage":"fr-FR"}]}},"_links":{"self":[{"href":"https:\/\/paracherkaoui.ma\/index.php\/wp-json\/wp\/v2\/product\/11526","targetHints":{"allow":["GET"]}}],"collection":[{"href":"https:\/\/paracherkaoui.ma\/index.php\/wp-json\/wp\/v2\/product"}],"about":[{"href":"https:\/\/paracherkaoui.ma\/index.php\/wp-json\/wp\/v2\/types\/product"}],"replies":[{"embeddable":true,"href":"https:\/\/paracherkaoui.ma\/index.php\/wp-json\/wp\/v2\/comments?post=11526"}],"version-history":[{"count":1,"href":"https:\/\/paracherkaoui.ma\/index.php\/wp-json\/wp\/v2\/product\/11526\/revisions"}],"predecessor-version":[{"id":11576,"href":"https:\/\/paracherkaoui.ma\/index.php\/wp-json\/wp\/v2\/product\/11526\/revisions\/11576"}],"wp:featuredmedia":[{"embeddable":true,"href":"https:\/\/paracherkaoui.ma\/index.php\/wp-json\/wp\/v2\/media\/11575"}],"wp:attachment":[{"href":"https:\/\/paracherkaoui.ma\/index.php\/wp-json\/wp\/v2\/media?parent=11526"}],"wp:term":[{"taxonomy":"product_brand","embeddable":true,"href":"https:\/\/paracherkaoui.ma\/index.php\/wp-json\/wp\/v2\/product_brand?post=11526"},{"taxonomy":"product_cat","embeddable":true,"href":"https:\/\/paracherkaoui.ma\/index.php\/wp-json\/wp\/v2\/product_cat?post=11526"},{"taxonomy":"product_tag","embeddable":true,"href":"https:\/\/paracherkaoui.ma\/index.php\/wp-json\/wp\/v2\/product_tag?post=11526"}],"curies":[{"name":"wp","href":"https:\/\/api.w.org\/{rel}","templated":true}]}}