{"id":11440,"date":"2025-12-12T17:40:21","date_gmt":"2025-12-12T16:40:21","guid":{"rendered":"https:\/\/test.ecbeaute.com\/?post_type=product&#038;p=11440"},"modified":"2025-12-12T17:40:25","modified_gmt":"2025-12-12T16:40:25","slug":"svr-topialyse-barriere-creme-reparatrice-anti-irritation-50-ml","status":"publish","type":"product","link":"https:\/\/paracherkaoui.ma\/index.php\/produit\/svr-topialyse-barriere-creme-reparatrice-anti-irritation-50-ml\/","title":{"rendered":"SVR TOPIALYSE BARRIERE CREME REPARATRICE ANTI-IRRITATION 50 ML"},"content":{"rendered":"<p>Description:<br \/>\nSVR Topialyse cr\u00e8me barri\u00e8re est une cr\u00e8me sp\u00e9cialement formul\u00e9e pour les peaux s\u00e8ches, r\u00e9actives et irrit\u00e9es. Elle convient parfaitement aux mains et aux zones localis\u00e9es (visage, corps, plis). Sa formule contient des om\u00e9ga 3, 6, 9 c\u00e9ramides et de l&rsquo;acide hyaluronique pour prot\u00e9ger, apaiser et r\u00e9parer la peau. SVR Topialyse cr\u00e8me barri\u00e8re offre une action anti-irritation et anti-grattage pour un soulagement imm\u00e9diat de la peau. Sa formule barri\u00e8re prot\u00e8ge la peau des agressions li\u00e9es au d\u00e9tergents. Elle convient aux adultes et aux enfant et participe \u00e0 la restauration de la barri\u00e8re cutan\u00e9e. Sa texture non grasse r\u00e9siste \u00e0 l&rsquo;eau.<\/p>\n<p>Conseils d&rsquo;utilisation:<br \/>\nAppliquer SVR Topialyse cr\u00e8me barri\u00e8re 2 \u00e0 3 fois par jour. R\u00e9appliquer si n\u00e9cessaire. Eviter le contour des yeux. Hypoallerg\u00e9niqu<\/p>\n","protected":false},"excerpt":{"rendered":"<p>Description: SVR Topialyse cr\u00e8me barri\u00e8re est une cr\u00e8me sp\u00e9cialement formul\u00e9e pour les peaux s\u00e8ches, r\u00e9actives et irrit\u00e9es. Elle convient parfaitement<\/p>\n","protected":false},"featured_media":11491,"comment_status":"open","ping_status":"closed","template":"","meta":[],"product_brand":[133],"product_cat":[148],"product_tag":[],"class_list":{"0":"post-11440","1":"product","2":"type-product","3":"status-publish","4":"has-post-thumbnail","6":"product_brand-svr","7":"product_cat-peau-seche","9":"first","10":"instock","11":"sale","12":"shipping-taxable","13":"purchasable","14":"product-type-simple"},"yoast_head":"<!-- This site is optimized with the Yoast SEO plugin v26.6 - https:\/\/yoast.com\/wordpress\/plugins\/seo\/ -->\r\n<title>SVR TOPIALYSE BARRIERE CREME REPARATRICE ANTI-IRRITATION 50 ML - Paracherkaoui.ma<\/title>\r\n<meta name=\"robots\" content=\"index, follow, max-snippet:-1, max-image-preview:large, max-video-preview:-1\" \/>\r\n<link rel=\"canonical\" href=\"https:\/\/paracherkaoui.ma\/index.php\/produit\/svr-topialyse-barriere-creme-reparatrice-anti-irritation-50-ml\/\" \/>\r\n<meta property=\"og:locale\" content=\"fr_FR\" \/>\r\n<meta property=\"og:type\" content=\"article\" \/>\r\n<meta property=\"og:title\" content=\"SVR TOPIALYSE BARRIERE CREME REPARATRICE ANTI-IRRITATION 50 ML - Paracherkaoui.ma\" \/>\r\n<meta property=\"og:description\" content=\"Description: SVR Topialyse cr\u00e8me barri\u00e8re est une cr\u00e8me sp\u00e9cialement formul\u00e9e pour les peaux s\u00e8ches, r\u00e9actives et irrit\u00e9es. Elle convient parfaitement\" \/>\r\n<meta property=\"og:url\" content=\"https:\/\/paracherkaoui.ma\/index.php\/produit\/svr-topialyse-barriere-creme-reparatrice-anti-irritation-50-ml\/\" \/>\r\n<meta property=\"og:site_name\" content=\"Paracherkaoui.ma\" \/>\r\n<meta property=\"article:modified_time\" content=\"2025-12-12T16:40:25+00:00\" \/>\r\n<meta property=\"og:image\" content=\"https:\/\/paracherkaoui.ma\/wp-content\/uploads\/2025\/12\/svr-svr-topialyse-barriere-creme-reparatrice-anti-irritation-50-ml-visage.jpg\" \/>\r\n\t<meta property=\"og:image:width\" content=\"700\" \/>\r\n\t<meta property=\"og:image:height\" content=\"700\" \/>\r\n\t<meta property=\"og:image:type\" content=\"image\/jpeg\" \/>\r\n<meta name=\"twitter:card\" content=\"summary_large_image\" \/>\r\n<meta name=\"twitter:label1\" content=\"Dur\u00e9e de lecture estim\u00e9e\" \/>\n\t<meta name=\"twitter:data1\" content=\"1 minute\" \/>\r\n<script type=\"application\/ld+json\" class=\"yoast-schema-graph\">{\"@context\":\"https:\/\/schema.org\",\"@graph\":[{\"@type\":\"WebPage\",\"@id\":\"https:\/\/paracherkaoui.ma\/index.php\/produit\/svr-topialyse-barriere-creme-reparatrice-anti-irritation-50-ml\/\",\"url\":\"https:\/\/paracherkaoui.ma\/index.php\/produit\/svr-topialyse-barriere-creme-reparatrice-anti-irritation-50-ml\/\",\"name\":\"SVR TOPIALYSE BARRIERE CREME REPARATRICE ANTI-IRRITATION 50 ML - Paracherkaoui.ma\",\"isPartOf\":{\"@id\":\"https:\/\/paracherkaoui.ma\/#website\"},\"primaryImageOfPage\":{\"@id\":\"https:\/\/paracherkaoui.ma\/index.php\/produit\/svr-topialyse-barriere-creme-reparatrice-anti-irritation-50-ml\/#primaryimage\"},\"image\":{\"@id\":\"https:\/\/paracherkaoui.ma\/index.php\/produit\/svr-topialyse-barriere-creme-reparatrice-anti-irritation-50-ml\/#primaryimage\"},\"thumbnailUrl\":\"https:\/\/paracherkaoui.ma\/wp-content\/uploads\/2025\/12\/svr-svr-topialyse-barriere-creme-reparatrice-anti-irritation-50-ml-visage.jpg\",\"datePublished\":\"2025-12-12T16:40:21+00:00\",\"dateModified\":\"2025-12-12T16:40:25+00:00\",\"breadcrumb\":{\"@id\":\"https:\/\/paracherkaoui.ma\/index.php\/produit\/svr-topialyse-barriere-creme-reparatrice-anti-irritation-50-ml\/#breadcrumb\"},\"inLanguage\":\"fr-FR\",\"potentialAction\":[{\"@type\":\"ReadAction\",\"target\":[\"https:\/\/paracherkaoui.ma\/index.php\/produit\/svr-topialyse-barriere-creme-reparatrice-anti-irritation-50-ml\/\"]}]},{\"@type\":\"ImageObject\",\"inLanguage\":\"fr-FR\",\"@id\":\"https:\/\/paracherkaoui.ma\/index.php\/produit\/svr-topialyse-barriere-creme-reparatrice-anti-irritation-50-ml\/#primaryimage\",\"url\":\"https:\/\/paracherkaoui.ma\/wp-content\/uploads\/2025\/12\/svr-svr-topialyse-barriere-creme-reparatrice-anti-irritation-50-ml-visage.jpg\",\"contentUrl\":\"https:\/\/paracherkaoui.ma\/wp-content\/uploads\/2025\/12\/svr-svr-topialyse-barriere-creme-reparatrice-anti-irritation-50-ml-visage.jpg\",\"width\":700,\"height\":700},{\"@type\":\"BreadcrumbList\",\"@id\":\"https:\/\/paracherkaoui.ma\/index.php\/produit\/svr-topialyse-barriere-creme-reparatrice-anti-irritation-50-ml\/#breadcrumb\",\"itemListElement\":[{\"@type\":\"ListItem\",\"position\":1,\"name\":\"Accueil\",\"item\":\"https:\/\/paracherkaoui.ma\/\"},{\"@type\":\"ListItem\",\"position\":2,\"name\":\"Boutique\",\"item\":\"https:\/\/paracherkaoui.ma\/index.php\/boutique\/\"},{\"@type\":\"ListItem\",\"position\":3,\"name\":\"SVR TOPIALYSE BARRIERE CREME REPARATRICE ANTI-IRRITATION 50 ML\"}]},{\"@type\":\"WebSite\",\"@id\":\"https:\/\/paracherkaoui.ma\/#website\",\"url\":\"https:\/\/paracherkaoui.ma\/\",\"name\":\"Paracherkaoui.ma\",\"description\":\"Achetez en ligne sur Paracherkaoui.ma\",\"potentialAction\":[{\"@type\":\"SearchAction\",\"target\":{\"@type\":\"EntryPoint\",\"urlTemplate\":\"https:\/\/paracherkaoui.ma\/?s={search_term_string}\"},\"query-input\":{\"@type\":\"PropertyValueSpecification\",\"valueRequired\":true,\"valueName\":\"search_term_string\"}}],\"inLanguage\":\"fr-FR\"}]}<\/script>\r\n<!-- \/ Yoast SEO plugin. -->","yoast_head_json":{"title":"SVR TOPIALYSE BARRIERE CREME REPARATRICE ANTI-IRRITATION 50 ML - Paracherkaoui.ma","robots":{"index":"index","follow":"follow","max-snippet":"max-snippet:-1","max-image-preview":"max-image-preview:large","max-video-preview":"max-video-preview:-1"},"canonical":"https:\/\/paracherkaoui.ma\/index.php\/produit\/svr-topialyse-barriere-creme-reparatrice-anti-irritation-50-ml\/","og_locale":"fr_FR","og_type":"article","og_title":"SVR TOPIALYSE BARRIERE CREME REPARATRICE ANTI-IRRITATION 50 ML - Paracherkaoui.ma","og_description":"Description: SVR Topialyse cr\u00e8me barri\u00e8re est une cr\u00e8me sp\u00e9cialement formul\u00e9e pour les peaux s\u00e8ches, r\u00e9actives et irrit\u00e9es. Elle convient parfaitement","og_url":"https:\/\/paracherkaoui.ma\/index.php\/produit\/svr-topialyse-barriere-creme-reparatrice-anti-irritation-50-ml\/","og_site_name":"Paracherkaoui.ma","article_modified_time":"2025-12-12T16:40:25+00:00","og_image":[{"width":700,"height":700,"url":"https:\/\/paracherkaoui.ma\/wp-content\/uploads\/2025\/12\/svr-svr-topialyse-barriere-creme-reparatrice-anti-irritation-50-ml-visage.jpg","type":"image\/jpeg"}],"twitter_card":"summary_large_image","twitter_misc":{"Dur\u00e9e de lecture estim\u00e9e":"1 minute"},"schema":{"@context":"https:\/\/schema.org","@graph":[{"@type":"WebPage","@id":"https:\/\/paracherkaoui.ma\/index.php\/produit\/svr-topialyse-barriere-creme-reparatrice-anti-irritation-50-ml\/","url":"https:\/\/paracherkaoui.ma\/index.php\/produit\/svr-topialyse-barriere-creme-reparatrice-anti-irritation-50-ml\/","name":"SVR TOPIALYSE BARRIERE CREME REPARATRICE ANTI-IRRITATION 50 ML - Paracherkaoui.ma","isPartOf":{"@id":"https:\/\/paracherkaoui.ma\/#website"},"primaryImageOfPage":{"@id":"https:\/\/paracherkaoui.ma\/index.php\/produit\/svr-topialyse-barriere-creme-reparatrice-anti-irritation-50-ml\/#primaryimage"},"image":{"@id":"https:\/\/paracherkaoui.ma\/index.php\/produit\/svr-topialyse-barriere-creme-reparatrice-anti-irritation-50-ml\/#primaryimage"},"thumbnailUrl":"https:\/\/paracherkaoui.ma\/wp-content\/uploads\/2025\/12\/svr-svr-topialyse-barriere-creme-reparatrice-anti-irritation-50-ml-visage.jpg","datePublished":"2025-12-12T16:40:21+00:00","dateModified":"2025-12-12T16:40:25+00:00","breadcrumb":{"@id":"https:\/\/paracherkaoui.ma\/index.php\/produit\/svr-topialyse-barriere-creme-reparatrice-anti-irritation-50-ml\/#breadcrumb"},"inLanguage":"fr-FR","potentialAction":[{"@type":"ReadAction","target":["https:\/\/paracherkaoui.ma\/index.php\/produit\/svr-topialyse-barriere-creme-reparatrice-anti-irritation-50-ml\/"]}]},{"@type":"ImageObject","inLanguage":"fr-FR","@id":"https:\/\/paracherkaoui.ma\/index.php\/produit\/svr-topialyse-barriere-creme-reparatrice-anti-irritation-50-ml\/#primaryimage","url":"https:\/\/paracherkaoui.ma\/wp-content\/uploads\/2025\/12\/svr-svr-topialyse-barriere-creme-reparatrice-anti-irritation-50-ml-visage.jpg","contentUrl":"https:\/\/paracherkaoui.ma\/wp-content\/uploads\/2025\/12\/svr-svr-topialyse-barriere-creme-reparatrice-anti-irritation-50-ml-visage.jpg","width":700,"height":700},{"@type":"BreadcrumbList","@id":"https:\/\/paracherkaoui.ma\/index.php\/produit\/svr-topialyse-barriere-creme-reparatrice-anti-irritation-50-ml\/#breadcrumb","itemListElement":[{"@type":"ListItem","position":1,"name":"Accueil","item":"https:\/\/paracherkaoui.ma\/"},{"@type":"ListItem","position":2,"name":"Boutique","item":"https:\/\/paracherkaoui.ma\/index.php\/boutique\/"},{"@type":"ListItem","position":3,"name":"SVR TOPIALYSE BARRIERE CREME REPARATRICE ANTI-IRRITATION 50 ML"}]},{"@type":"WebSite","@id":"https:\/\/paracherkaoui.ma\/#website","url":"https:\/\/paracherkaoui.ma\/","name":"Paracherkaoui.ma","description":"Achetez en ligne sur Paracherkaoui.ma","potentialAction":[{"@type":"SearchAction","target":{"@type":"EntryPoint","urlTemplate":"https:\/\/paracherkaoui.ma\/?s={search_term_string}"},"query-input":{"@type":"PropertyValueSpecification","valueRequired":true,"valueName":"search_term_string"}}],"inLanguage":"fr-FR"}]}},"_links":{"self":[{"href":"https:\/\/paracherkaoui.ma\/index.php\/wp-json\/wp\/v2\/product\/11440","targetHints":{"allow":["GET"]}}],"collection":[{"href":"https:\/\/paracherkaoui.ma\/index.php\/wp-json\/wp\/v2\/product"}],"about":[{"href":"https:\/\/paracherkaoui.ma\/index.php\/wp-json\/wp\/v2\/types\/product"}],"replies":[{"embeddable":true,"href":"https:\/\/paracherkaoui.ma\/index.php\/wp-json\/wp\/v2\/comments?post=11440"}],"version-history":[{"count":1,"href":"https:\/\/paracherkaoui.ma\/index.php\/wp-json\/wp\/v2\/product\/11440\/revisions"}],"predecessor-version":[{"id":11492,"href":"https:\/\/paracherkaoui.ma\/index.php\/wp-json\/wp\/v2\/product\/11440\/revisions\/11492"}],"wp:featuredmedia":[{"embeddable":true,"href":"https:\/\/paracherkaoui.ma\/index.php\/wp-json\/wp\/v2\/media\/11491"}],"wp:attachment":[{"href":"https:\/\/paracherkaoui.ma\/index.php\/wp-json\/wp\/v2\/media?parent=11440"}],"wp:term":[{"taxonomy":"product_brand","embeddable":true,"href":"https:\/\/paracherkaoui.ma\/index.php\/wp-json\/wp\/v2\/product_brand?post=11440"},{"taxonomy":"product_cat","embeddable":true,"href":"https:\/\/paracherkaoui.ma\/index.php\/wp-json\/wp\/v2\/product_cat?post=11440"},{"taxonomy":"product_tag","embeddable":true,"href":"https:\/\/paracherkaoui.ma\/index.php\/wp-json\/wp\/v2\/product_tag?post=11440"}],"curies":[{"name":"wp","href":"https:\/\/api.w.org\/{rel}","templated":true}]}}