{"id":11352,"date":"2025-12-12T17:40:14","date_gmt":"2025-12-12T16:40:14","guid":{"rendered":"https:\/\/test.ecbeaute.com\/?post_type=product&#038;p=11352"},"modified":"2025-12-12T17:40:19","modified_gmt":"2025-12-12T16:40:19","slug":"isdin-ureadin-ultra-40-gel-huile-exfoliant-intense-30ml","status":"publish","type":"product","link":"https:\/\/paracherkaoui.ma\/index.php\/produit\/isdin-ureadin-ultra-40-gel-huile-exfoliant-intense-30ml\/","title":{"rendered":"ISDIN Ureadin ultra 40 gel huile exfoliant intense 30ml"},"content":{"rendered":"<p>R\u00e9duit les \u00e9paississements localis\u00e9s de la peau et des ongles gr\u00e2ce \u00e0 l\u2019Ur\u00e9e ISDIN.<br \/>\nFacilite l\u2019absorption de traitements antimycosiques en assouplissant les couches superficielles de la peau et des ongles.<br \/>\nTexture Gel Huile qui offre une cosm\u00e9ticit\u00e9 optimale, favorise la stabilit\u00e9 et la p\u00e9n\u00e9tration de l\u2019Ur\u00e9e ISDIN \u00e0 40%.<br \/>\nConseils d&rsquo;utilisation:<br \/>\nAppliquer sur la zone \u00e0 traiter 1 \u00e0 2 fois par jour apr\u00e8s l\u2019avoir nettoy\u00e9. Bien se laver les mains apr\u00e8s l\u2019application.<\/p>\n","protected":false},"excerpt":{"rendered":"<p>R\u00e9duit les \u00e9paississements localis\u00e9s de la peau et des ongles gr\u00e2ce \u00e0 l\u2019Ur\u00e9e ISDIN. Facilite l\u2019absorption de traitements antimycosiques en<\/p>\n","protected":false},"featured_media":11406,"comment_status":"open","ping_status":"closed","template":"","meta":[],"product_brand":[135],"product_cat":[148],"product_tag":[],"class_list":{"0":"post-11352","1":"product","2":"type-product","3":"status-publish","4":"has-post-thumbnail","6":"product_brand-isdin","7":"product_cat-peau-seche","9":"first","10":"instock","11":"sale","12":"shipping-taxable","13":"purchasable","14":"product-type-simple"},"yoast_head":"<!-- This site is optimized with the Yoast SEO plugin v26.6 - https:\/\/yoast.com\/wordpress\/plugins\/seo\/ -->\r\n<title>ISDIN Ureadin ultra 40 gel huile exfoliant intense 30ml - Paracherkaoui.ma<\/title>\r\n<meta name=\"robots\" content=\"index, follow, max-snippet:-1, max-image-preview:large, max-video-preview:-1\" \/>\r\n<link rel=\"canonical\" href=\"https:\/\/paracherkaoui.ma\/index.php\/produit\/isdin-ureadin-ultra-40-gel-huile-exfoliant-intense-30ml\/\" \/>\r\n<meta property=\"og:locale\" content=\"fr_FR\" \/>\r\n<meta property=\"og:type\" content=\"article\" \/>\r\n<meta property=\"og:title\" content=\"ISDIN Ureadin ultra 40 gel huile exfoliant intense 30ml - Paracherkaoui.ma\" \/>\r\n<meta property=\"og:description\" content=\"R\u00e9duit les \u00e9paississements localis\u00e9s de la peau et des ongles gr\u00e2ce \u00e0 l\u2019Ur\u00e9e ISDIN. Facilite l\u2019absorption de traitements antimycosiques en\" \/>\r\n<meta property=\"og:url\" content=\"https:\/\/paracherkaoui.ma\/index.php\/produit\/isdin-ureadin-ultra-40-gel-huile-exfoliant-intense-30ml\/\" \/>\r\n<meta property=\"og:site_name\" content=\"Paracherkaoui.ma\" \/>\r\n<meta property=\"article:modified_time\" content=\"2025-12-12T16:40:19+00:00\" \/>\r\n<meta property=\"og:image\" content=\"https:\/\/paracherkaoui.ma\/wp-content\/uploads\/2025\/12\/isdin-isdin-ureadin-ultra-40-gel-huile-exfoliant-intense-30ml-mains.jpg\" \/>\r\n\t<meta property=\"og:image:width\" content=\"700\" \/>\r\n\t<meta property=\"og:image:height\" content=\"700\" \/>\r\n\t<meta property=\"og:image:type\" content=\"image\/jpeg\" \/>\r\n<meta name=\"twitter:card\" content=\"summary_large_image\" \/>\r\n<script type=\"application\/ld+json\" class=\"yoast-schema-graph\">{\"@context\":\"https:\/\/schema.org\",\"@graph\":[{\"@type\":\"WebPage\",\"@id\":\"https:\/\/paracherkaoui.ma\/index.php\/produit\/isdin-ureadin-ultra-40-gel-huile-exfoliant-intense-30ml\/\",\"url\":\"https:\/\/paracherkaoui.ma\/index.php\/produit\/isdin-ureadin-ultra-40-gel-huile-exfoliant-intense-30ml\/\",\"name\":\"ISDIN Ureadin ultra 40 gel huile exfoliant intense 30ml - Paracherkaoui.ma\",\"isPartOf\":{\"@id\":\"https:\/\/paracherkaoui.ma\/#website\"},\"primaryImageOfPage\":{\"@id\":\"https:\/\/paracherkaoui.ma\/index.php\/produit\/isdin-ureadin-ultra-40-gel-huile-exfoliant-intense-30ml\/#primaryimage\"},\"image\":{\"@id\":\"https:\/\/paracherkaoui.ma\/index.php\/produit\/isdin-ureadin-ultra-40-gel-huile-exfoliant-intense-30ml\/#primaryimage\"},\"thumbnailUrl\":\"https:\/\/paracherkaoui.ma\/wp-content\/uploads\/2025\/12\/isdin-isdin-ureadin-ultra-40-gel-huile-exfoliant-intense-30ml-mains.jpg\",\"datePublished\":\"2025-12-12T16:40:14+00:00\",\"dateModified\":\"2025-12-12T16:40:19+00:00\",\"breadcrumb\":{\"@id\":\"https:\/\/paracherkaoui.ma\/index.php\/produit\/isdin-ureadin-ultra-40-gel-huile-exfoliant-intense-30ml\/#breadcrumb\"},\"inLanguage\":\"fr-FR\",\"potentialAction\":[{\"@type\":\"ReadAction\",\"target\":[\"https:\/\/paracherkaoui.ma\/index.php\/produit\/isdin-ureadin-ultra-40-gel-huile-exfoliant-intense-30ml\/\"]}]},{\"@type\":\"ImageObject\",\"inLanguage\":\"fr-FR\",\"@id\":\"https:\/\/paracherkaoui.ma\/index.php\/produit\/isdin-ureadin-ultra-40-gel-huile-exfoliant-intense-30ml\/#primaryimage\",\"url\":\"https:\/\/paracherkaoui.ma\/wp-content\/uploads\/2025\/12\/isdin-isdin-ureadin-ultra-40-gel-huile-exfoliant-intense-30ml-mains.jpg\",\"contentUrl\":\"https:\/\/paracherkaoui.ma\/wp-content\/uploads\/2025\/12\/isdin-isdin-ureadin-ultra-40-gel-huile-exfoliant-intense-30ml-mains.jpg\",\"width\":700,\"height\":700},{\"@type\":\"BreadcrumbList\",\"@id\":\"https:\/\/paracherkaoui.ma\/index.php\/produit\/isdin-ureadin-ultra-40-gel-huile-exfoliant-intense-30ml\/#breadcrumb\",\"itemListElement\":[{\"@type\":\"ListItem\",\"position\":1,\"name\":\"Accueil\",\"item\":\"https:\/\/paracherkaoui.ma\/\"},{\"@type\":\"ListItem\",\"position\":2,\"name\":\"Boutique\",\"item\":\"https:\/\/paracherkaoui.ma\/index.php\/boutique\/\"},{\"@type\":\"ListItem\",\"position\":3,\"name\":\"ISDIN Ureadin ultra 40 gel huile exfoliant intense 30ml\"}]},{\"@type\":\"WebSite\",\"@id\":\"https:\/\/paracherkaoui.ma\/#website\",\"url\":\"https:\/\/paracherkaoui.ma\/\",\"name\":\"Paracherkaoui.ma\",\"description\":\"Achetez en ligne sur Paracherkaoui.ma\",\"potentialAction\":[{\"@type\":\"SearchAction\",\"target\":{\"@type\":\"EntryPoint\",\"urlTemplate\":\"https:\/\/paracherkaoui.ma\/?s={search_term_string}\"},\"query-input\":{\"@type\":\"PropertyValueSpecification\",\"valueRequired\":true,\"valueName\":\"search_term_string\"}}],\"inLanguage\":\"fr-FR\"}]}<\/script>\r\n<!-- \/ Yoast SEO plugin. -->","yoast_head_json":{"title":"ISDIN Ureadin ultra 40 gel huile exfoliant intense 30ml - Paracherkaoui.ma","robots":{"index":"index","follow":"follow","max-snippet":"max-snippet:-1","max-image-preview":"max-image-preview:large","max-video-preview":"max-video-preview:-1"},"canonical":"https:\/\/paracherkaoui.ma\/index.php\/produit\/isdin-ureadin-ultra-40-gel-huile-exfoliant-intense-30ml\/","og_locale":"fr_FR","og_type":"article","og_title":"ISDIN Ureadin ultra 40 gel huile exfoliant intense 30ml - Paracherkaoui.ma","og_description":"R\u00e9duit les \u00e9paississements localis\u00e9s de la peau et des ongles gr\u00e2ce \u00e0 l\u2019Ur\u00e9e ISDIN. Facilite l\u2019absorption de traitements antimycosiques en","og_url":"https:\/\/paracherkaoui.ma\/index.php\/produit\/isdin-ureadin-ultra-40-gel-huile-exfoliant-intense-30ml\/","og_site_name":"Paracherkaoui.ma","article_modified_time":"2025-12-12T16:40:19+00:00","og_image":[{"width":700,"height":700,"url":"https:\/\/paracherkaoui.ma\/wp-content\/uploads\/2025\/12\/isdin-isdin-ureadin-ultra-40-gel-huile-exfoliant-intense-30ml-mains.jpg","type":"image\/jpeg"}],"twitter_card":"summary_large_image","schema":{"@context":"https:\/\/schema.org","@graph":[{"@type":"WebPage","@id":"https:\/\/paracherkaoui.ma\/index.php\/produit\/isdin-ureadin-ultra-40-gel-huile-exfoliant-intense-30ml\/","url":"https:\/\/paracherkaoui.ma\/index.php\/produit\/isdin-ureadin-ultra-40-gel-huile-exfoliant-intense-30ml\/","name":"ISDIN Ureadin ultra 40 gel huile exfoliant intense 30ml - Paracherkaoui.ma","isPartOf":{"@id":"https:\/\/paracherkaoui.ma\/#website"},"primaryImageOfPage":{"@id":"https:\/\/paracherkaoui.ma\/index.php\/produit\/isdin-ureadin-ultra-40-gel-huile-exfoliant-intense-30ml\/#primaryimage"},"image":{"@id":"https:\/\/paracherkaoui.ma\/index.php\/produit\/isdin-ureadin-ultra-40-gel-huile-exfoliant-intense-30ml\/#primaryimage"},"thumbnailUrl":"https:\/\/paracherkaoui.ma\/wp-content\/uploads\/2025\/12\/isdin-isdin-ureadin-ultra-40-gel-huile-exfoliant-intense-30ml-mains.jpg","datePublished":"2025-12-12T16:40:14+00:00","dateModified":"2025-12-12T16:40:19+00:00","breadcrumb":{"@id":"https:\/\/paracherkaoui.ma\/index.php\/produit\/isdin-ureadin-ultra-40-gel-huile-exfoliant-intense-30ml\/#breadcrumb"},"inLanguage":"fr-FR","potentialAction":[{"@type":"ReadAction","target":["https:\/\/paracherkaoui.ma\/index.php\/produit\/isdin-ureadin-ultra-40-gel-huile-exfoliant-intense-30ml\/"]}]},{"@type":"ImageObject","inLanguage":"fr-FR","@id":"https:\/\/paracherkaoui.ma\/index.php\/produit\/isdin-ureadin-ultra-40-gel-huile-exfoliant-intense-30ml\/#primaryimage","url":"https:\/\/paracherkaoui.ma\/wp-content\/uploads\/2025\/12\/isdin-isdin-ureadin-ultra-40-gel-huile-exfoliant-intense-30ml-mains.jpg","contentUrl":"https:\/\/paracherkaoui.ma\/wp-content\/uploads\/2025\/12\/isdin-isdin-ureadin-ultra-40-gel-huile-exfoliant-intense-30ml-mains.jpg","width":700,"height":700},{"@type":"BreadcrumbList","@id":"https:\/\/paracherkaoui.ma\/index.php\/produit\/isdin-ureadin-ultra-40-gel-huile-exfoliant-intense-30ml\/#breadcrumb","itemListElement":[{"@type":"ListItem","position":1,"name":"Accueil","item":"https:\/\/paracherkaoui.ma\/"},{"@type":"ListItem","position":2,"name":"Boutique","item":"https:\/\/paracherkaoui.ma\/index.php\/boutique\/"},{"@type":"ListItem","position":3,"name":"ISDIN Ureadin ultra 40 gel huile exfoliant intense 30ml"}]},{"@type":"WebSite","@id":"https:\/\/paracherkaoui.ma\/#website","url":"https:\/\/paracherkaoui.ma\/","name":"Paracherkaoui.ma","description":"Achetez en ligne sur Paracherkaoui.ma","potentialAction":[{"@type":"SearchAction","target":{"@type":"EntryPoint","urlTemplate":"https:\/\/paracherkaoui.ma\/?s={search_term_string}"},"query-input":{"@type":"PropertyValueSpecification","valueRequired":true,"valueName":"search_term_string"}}],"inLanguage":"fr-FR"}]}},"_links":{"self":[{"href":"https:\/\/paracherkaoui.ma\/index.php\/wp-json\/wp\/v2\/product\/11352","targetHints":{"allow":["GET"]}}],"collection":[{"href":"https:\/\/paracherkaoui.ma\/index.php\/wp-json\/wp\/v2\/product"}],"about":[{"href":"https:\/\/paracherkaoui.ma\/index.php\/wp-json\/wp\/v2\/types\/product"}],"replies":[{"embeddable":true,"href":"https:\/\/paracherkaoui.ma\/index.php\/wp-json\/wp\/v2\/comments?post=11352"}],"version-history":[{"count":1,"href":"https:\/\/paracherkaoui.ma\/index.php\/wp-json\/wp\/v2\/product\/11352\/revisions"}],"predecessor-version":[{"id":11407,"href":"https:\/\/paracherkaoui.ma\/index.php\/wp-json\/wp\/v2\/product\/11352\/revisions\/11407"}],"wp:featuredmedia":[{"embeddable":true,"href":"https:\/\/paracherkaoui.ma\/index.php\/wp-json\/wp\/v2\/media\/11406"}],"wp:attachment":[{"href":"https:\/\/paracherkaoui.ma\/index.php\/wp-json\/wp\/v2\/media?parent=11352"}],"wp:term":[{"taxonomy":"product_brand","embeddable":true,"href":"https:\/\/paracherkaoui.ma\/index.php\/wp-json\/wp\/v2\/product_brand?post=11352"},{"taxonomy":"product_cat","embeddable":true,"href":"https:\/\/paracherkaoui.ma\/index.php\/wp-json\/wp\/v2\/product_cat?post=11352"},{"taxonomy":"product_tag","embeddable":true,"href":"https:\/\/paracherkaoui.ma\/index.php\/wp-json\/wp\/v2\/product_tag?post=11352"}],"curies":[{"name":"wp","href":"https:\/\/api.w.org\/{rel}","templated":true}]}}