{"id":11177,"date":"2025-12-12T17:36:24","date_gmt":"2025-12-12T16:36:24","guid":{"rendered":"https:\/\/test.ecbeaute.com\/?post_type=product&#038;p=11177"},"modified":"2025-12-12T17:36:26","modified_gmt":"2025-12-12T16:36:26","slug":"uriage-xemose-huile-lavante-apaisante-200-ml","status":"publish","type":"product","link":"https:\/\/paracherkaoui.ma\/index.php\/produit\/uriage-xemose-huile-lavante-apaisante-200-ml\/","title":{"rendered":"URIAGE XEMOSE HUILE LAVANTE APAISANTE 200 ML"},"content":{"rendered":"<p>L\u2019huile lavante apaisante X\u00e9mose des laboratoires Uriage est un produit con\u00e7u pour l\u2019hygi\u00e8ne quotidienne du corps et du visage. Elle est particuli\u00e8rement adapt\u00e9e aux peaux tr\u00e8s s\u00e8ches \u00e0 tendance atopique qui sont sujettes \u00e0 des affections cutan\u00e9es telles que l\u2019ecz\u00e9ma ou le psoriasis et qui ne supportent pas les gels douche conventionnels. Cette huile lavante nettoie tout en douceur, pr\u00e9serve la peau du dess\u00e8chement et apaise durablement les sensations d\u2019inconfort.<\/p>\n<p>La formule de cette huile lavante Uriage est constitu\u00e9e de tensio-actifs doux issus de la noix de coco qui respectent la sensibilit\u00e9 de l\u2019\u00e9piderme tout en retirant efficacement les impuret\u00e9s et les salet\u00e9s accumul\u00e9es \u00e0 sa surface. Ces tensio-actifs sont associ\u00e9s \u00e0 une haute concentration en glyc\u00e9rine qui va maintenir l\u2019hydratation, lisser et adoucir la peau et y laisser une pellicule protectrice non grasse pour l\u2019isoler des agressions ext\u00e9rieures. Enfin, du beurre de karit\u00e9 est ajout\u00e9 pour son fort pouvoir nourrissant et r\u00e9parateur tr\u00e8s efficace sur les d\u00e9mangeaisons, les tiraillements et les zones de s\u00e9cheresse.<\/p>\n<p>Utilis\u00e9e quotidiennement, l\u2019huile lavante apaisante Uriage X\u00e9mose garantit une tr\u00e8s bonne tol\u00e9rance et redonne imm\u00e9diatement du confort aux peaux s\u00e8ches et atopiques. Elle d\u00e9livre une mousse fine et tr\u00e8s douce\u00a0qui se rince facilement.<br \/>\nConseils d&rsquo;utilisation : sous la douche ou dans le bain, pr\u00e9lever une noix d\u2019huile lavante apaisante X\u00e9mose et appliquer sur la peau du corps et\/ou du visage pr\u00e9alablement humidifi\u00e9e. Faire mousser, rincer soigneusement puis s\u00e9cher d\u00e9licatement sans frotter<\/p>\n","protected":false},"excerpt":{"rendered":"<p>L\u2019huile lavante apaisante X\u00e9mose des laboratoires Uriage est un produit con\u00e7u pour l\u2019hygi\u00e8ne quotidienne du corps et du visage. Elle<\/p>\n","protected":false},"featured_media":11210,"comment_status":"open","ping_status":"closed","template":"","meta":[],"product_brand":[130],"product_cat":[148],"product_tag":[],"class_list":{"0":"post-11177","1":"product","2":"type-product","3":"status-publish","4":"has-post-thumbnail","6":"product_brand-uriage","7":"product_cat-peau-seche","9":"first","10":"instock","11":"sale","12":"shipping-taxable","13":"purchasable","14":"product-type-simple"},"yoast_head":"<!-- This site is optimized with the Yoast SEO plugin v26.6 - https:\/\/yoast.com\/wordpress\/plugins\/seo\/ -->\r\n<title>URIAGE XEMOSE HUILE LAVANTE APAISANTE 200 ML - Paracherkaoui.ma<\/title>\r\n<meta name=\"robots\" content=\"index, follow, max-snippet:-1, max-image-preview:large, max-video-preview:-1\" \/>\r\n<link rel=\"canonical\" href=\"https:\/\/paracherkaoui.ma\/index.php\/produit\/uriage-xemose-huile-lavante-apaisante-200-ml\/\" \/>\r\n<meta property=\"og:locale\" content=\"fr_FR\" \/>\r\n<meta property=\"og:type\" content=\"article\" \/>\r\n<meta property=\"og:title\" content=\"URIAGE XEMOSE HUILE LAVANTE APAISANTE 200 ML - Paracherkaoui.ma\" \/>\r\n<meta property=\"og:description\" content=\"L\u2019huile lavante apaisante X\u00e9mose des laboratoires Uriage est un produit con\u00e7u pour l\u2019hygi\u00e8ne quotidienne du corps et du visage. Elle\" \/>\r\n<meta property=\"og:url\" content=\"https:\/\/paracherkaoui.ma\/index.php\/produit\/uriage-xemose-huile-lavante-apaisante-200-ml\/\" \/>\r\n<meta property=\"og:site_name\" content=\"Paracherkaoui.ma\" \/>\r\n<meta property=\"article:modified_time\" content=\"2025-12-12T16:36:26+00:00\" \/>\r\n<meta property=\"og:image\" content=\"https:\/\/paracherkaoui.ma\/wp-content\/uploads\/2025\/12\/uriage-uriage-xemose-huile-lavante-apaisante-200-ml-bains-gels-et-huiles-lavant.jpg\" \/>\r\n\t<meta property=\"og:image:width\" content=\"700\" \/>\r\n\t<meta property=\"og:image:height\" content=\"700\" \/>\r\n\t<meta property=\"og:image:type\" content=\"image\/jpeg\" \/>\r\n<meta name=\"twitter:card\" content=\"summary_large_image\" \/>\r\n<meta name=\"twitter:label1\" content=\"Dur\u00e9e de lecture estim\u00e9e\" \/>\n\t<meta name=\"twitter:data1\" content=\"1 minute\" \/>\r\n<script type=\"application\/ld+json\" class=\"yoast-schema-graph\">{\"@context\":\"https:\/\/schema.org\",\"@graph\":[{\"@type\":\"WebPage\",\"@id\":\"https:\/\/paracherkaoui.ma\/index.php\/produit\/uriage-xemose-huile-lavante-apaisante-200-ml\/\",\"url\":\"https:\/\/paracherkaoui.ma\/index.php\/produit\/uriage-xemose-huile-lavante-apaisante-200-ml\/\",\"name\":\"URIAGE XEMOSE HUILE LAVANTE APAISANTE 200 ML - Paracherkaoui.ma\",\"isPartOf\":{\"@id\":\"https:\/\/paracherkaoui.ma\/#website\"},\"primaryImageOfPage\":{\"@id\":\"https:\/\/paracherkaoui.ma\/index.php\/produit\/uriage-xemose-huile-lavante-apaisante-200-ml\/#primaryimage\"},\"image\":{\"@id\":\"https:\/\/paracherkaoui.ma\/index.php\/produit\/uriage-xemose-huile-lavante-apaisante-200-ml\/#primaryimage\"},\"thumbnailUrl\":\"https:\/\/paracherkaoui.ma\/wp-content\/uploads\/2025\/12\/uriage-uriage-xemose-huile-lavante-apaisante-200-ml-bains-gels-et-huiles-lavant.jpg\",\"datePublished\":\"2025-12-12T16:36:24+00:00\",\"dateModified\":\"2025-12-12T16:36:26+00:00\",\"breadcrumb\":{\"@id\":\"https:\/\/paracherkaoui.ma\/index.php\/produit\/uriage-xemose-huile-lavante-apaisante-200-ml\/#breadcrumb\"},\"inLanguage\":\"fr-FR\",\"potentialAction\":[{\"@type\":\"ReadAction\",\"target\":[\"https:\/\/paracherkaoui.ma\/index.php\/produit\/uriage-xemose-huile-lavante-apaisante-200-ml\/\"]}]},{\"@type\":\"ImageObject\",\"inLanguage\":\"fr-FR\",\"@id\":\"https:\/\/paracherkaoui.ma\/index.php\/produit\/uriage-xemose-huile-lavante-apaisante-200-ml\/#primaryimage\",\"url\":\"https:\/\/paracherkaoui.ma\/wp-content\/uploads\/2025\/12\/uriage-uriage-xemose-huile-lavante-apaisante-200-ml-bains-gels-et-huiles-lavant.jpg\",\"contentUrl\":\"https:\/\/paracherkaoui.ma\/wp-content\/uploads\/2025\/12\/uriage-uriage-xemose-huile-lavante-apaisante-200-ml-bains-gels-et-huiles-lavant.jpg\",\"width\":700,\"height\":700},{\"@type\":\"BreadcrumbList\",\"@id\":\"https:\/\/paracherkaoui.ma\/index.php\/produit\/uriage-xemose-huile-lavante-apaisante-200-ml\/#breadcrumb\",\"itemListElement\":[{\"@type\":\"ListItem\",\"position\":1,\"name\":\"Accueil\",\"item\":\"https:\/\/paracherkaoui.ma\/\"},{\"@type\":\"ListItem\",\"position\":2,\"name\":\"Boutique\",\"item\":\"https:\/\/paracherkaoui.ma\/index.php\/boutique\/\"},{\"@type\":\"ListItem\",\"position\":3,\"name\":\"URIAGE XEMOSE HUILE LAVANTE APAISANTE 200 ML\"}]},{\"@type\":\"WebSite\",\"@id\":\"https:\/\/paracherkaoui.ma\/#website\",\"url\":\"https:\/\/paracherkaoui.ma\/\",\"name\":\"Paracherkaoui.ma\",\"description\":\"Achetez en ligne sur Paracherkaoui.ma\",\"potentialAction\":[{\"@type\":\"SearchAction\",\"target\":{\"@type\":\"EntryPoint\",\"urlTemplate\":\"https:\/\/paracherkaoui.ma\/?s={search_term_string}\"},\"query-input\":{\"@type\":\"PropertyValueSpecification\",\"valueRequired\":true,\"valueName\":\"search_term_string\"}}],\"inLanguage\":\"fr-FR\"}]}<\/script>\r\n<!-- \/ Yoast SEO plugin. -->","yoast_head_json":{"title":"URIAGE XEMOSE HUILE LAVANTE APAISANTE 200 ML - Paracherkaoui.ma","robots":{"index":"index","follow":"follow","max-snippet":"max-snippet:-1","max-image-preview":"max-image-preview:large","max-video-preview":"max-video-preview:-1"},"canonical":"https:\/\/paracherkaoui.ma\/index.php\/produit\/uriage-xemose-huile-lavante-apaisante-200-ml\/","og_locale":"fr_FR","og_type":"article","og_title":"URIAGE XEMOSE HUILE LAVANTE APAISANTE 200 ML - Paracherkaoui.ma","og_description":"L\u2019huile lavante apaisante X\u00e9mose des laboratoires Uriage est un produit con\u00e7u pour l\u2019hygi\u00e8ne quotidienne du corps et du visage. Elle","og_url":"https:\/\/paracherkaoui.ma\/index.php\/produit\/uriage-xemose-huile-lavante-apaisante-200-ml\/","og_site_name":"Paracherkaoui.ma","article_modified_time":"2025-12-12T16:36:26+00:00","og_image":[{"width":700,"height":700,"url":"https:\/\/paracherkaoui.ma\/wp-content\/uploads\/2025\/12\/uriage-uriage-xemose-huile-lavante-apaisante-200-ml-bains-gels-et-huiles-lavant.jpg","type":"image\/jpeg"}],"twitter_card":"summary_large_image","twitter_misc":{"Dur\u00e9e de lecture estim\u00e9e":"1 minute"},"schema":{"@context":"https:\/\/schema.org","@graph":[{"@type":"WebPage","@id":"https:\/\/paracherkaoui.ma\/index.php\/produit\/uriage-xemose-huile-lavante-apaisante-200-ml\/","url":"https:\/\/paracherkaoui.ma\/index.php\/produit\/uriage-xemose-huile-lavante-apaisante-200-ml\/","name":"URIAGE XEMOSE HUILE LAVANTE APAISANTE 200 ML - Paracherkaoui.ma","isPartOf":{"@id":"https:\/\/paracherkaoui.ma\/#website"},"primaryImageOfPage":{"@id":"https:\/\/paracherkaoui.ma\/index.php\/produit\/uriage-xemose-huile-lavante-apaisante-200-ml\/#primaryimage"},"image":{"@id":"https:\/\/paracherkaoui.ma\/index.php\/produit\/uriage-xemose-huile-lavante-apaisante-200-ml\/#primaryimage"},"thumbnailUrl":"https:\/\/paracherkaoui.ma\/wp-content\/uploads\/2025\/12\/uriage-uriage-xemose-huile-lavante-apaisante-200-ml-bains-gels-et-huiles-lavant.jpg","datePublished":"2025-12-12T16:36:24+00:00","dateModified":"2025-12-12T16:36:26+00:00","breadcrumb":{"@id":"https:\/\/paracherkaoui.ma\/index.php\/produit\/uriage-xemose-huile-lavante-apaisante-200-ml\/#breadcrumb"},"inLanguage":"fr-FR","potentialAction":[{"@type":"ReadAction","target":["https:\/\/paracherkaoui.ma\/index.php\/produit\/uriage-xemose-huile-lavante-apaisante-200-ml\/"]}]},{"@type":"ImageObject","inLanguage":"fr-FR","@id":"https:\/\/paracherkaoui.ma\/index.php\/produit\/uriage-xemose-huile-lavante-apaisante-200-ml\/#primaryimage","url":"https:\/\/paracherkaoui.ma\/wp-content\/uploads\/2025\/12\/uriage-uriage-xemose-huile-lavante-apaisante-200-ml-bains-gels-et-huiles-lavant.jpg","contentUrl":"https:\/\/paracherkaoui.ma\/wp-content\/uploads\/2025\/12\/uriage-uriage-xemose-huile-lavante-apaisante-200-ml-bains-gels-et-huiles-lavant.jpg","width":700,"height":700},{"@type":"BreadcrumbList","@id":"https:\/\/paracherkaoui.ma\/index.php\/produit\/uriage-xemose-huile-lavante-apaisante-200-ml\/#breadcrumb","itemListElement":[{"@type":"ListItem","position":1,"name":"Accueil","item":"https:\/\/paracherkaoui.ma\/"},{"@type":"ListItem","position":2,"name":"Boutique","item":"https:\/\/paracherkaoui.ma\/index.php\/boutique\/"},{"@type":"ListItem","position":3,"name":"URIAGE XEMOSE HUILE LAVANTE APAISANTE 200 ML"}]},{"@type":"WebSite","@id":"https:\/\/paracherkaoui.ma\/#website","url":"https:\/\/paracherkaoui.ma\/","name":"Paracherkaoui.ma","description":"Achetez en ligne sur Paracherkaoui.ma","potentialAction":[{"@type":"SearchAction","target":{"@type":"EntryPoint","urlTemplate":"https:\/\/paracherkaoui.ma\/?s={search_term_string}"},"query-input":{"@type":"PropertyValueSpecification","valueRequired":true,"valueName":"search_term_string"}}],"inLanguage":"fr-FR"}]}},"_links":{"self":[{"href":"https:\/\/paracherkaoui.ma\/index.php\/wp-json\/wp\/v2\/product\/11177","targetHints":{"allow":["GET"]}}],"collection":[{"href":"https:\/\/paracherkaoui.ma\/index.php\/wp-json\/wp\/v2\/product"}],"about":[{"href":"https:\/\/paracherkaoui.ma\/index.php\/wp-json\/wp\/v2\/types\/product"}],"replies":[{"embeddable":true,"href":"https:\/\/paracherkaoui.ma\/index.php\/wp-json\/wp\/v2\/comments?post=11177"}],"version-history":[{"count":1,"href":"https:\/\/paracherkaoui.ma\/index.php\/wp-json\/wp\/v2\/product\/11177\/revisions"}],"predecessor-version":[{"id":11211,"href":"https:\/\/paracherkaoui.ma\/index.php\/wp-json\/wp\/v2\/product\/11177\/revisions\/11211"}],"wp:featuredmedia":[{"embeddable":true,"href":"https:\/\/paracherkaoui.ma\/index.php\/wp-json\/wp\/v2\/media\/11210"}],"wp:attachment":[{"href":"https:\/\/paracherkaoui.ma\/index.php\/wp-json\/wp\/v2\/media?parent=11177"}],"wp:term":[{"taxonomy":"product_brand","embeddable":true,"href":"https:\/\/paracherkaoui.ma\/index.php\/wp-json\/wp\/v2\/product_brand?post=11177"},{"taxonomy":"product_cat","embeddable":true,"href":"https:\/\/paracherkaoui.ma\/index.php\/wp-json\/wp\/v2\/product_cat?post=11177"},{"taxonomy":"product_tag","embeddable":true,"href":"https:\/\/paracherkaoui.ma\/index.php\/wp-json\/wp\/v2\/product_tag?post=11177"}],"curies":[{"name":"wp","href":"https:\/\/api.w.org\/{rel}","templated":true}]}}