{"id":10739,"date":"2025-12-12T17:35:52","date_gmt":"2025-12-12T16:35:52","guid":{"rendered":"https:\/\/test.ecbeaute.com\/?post_type=product&#038;p=10739"},"modified":"2025-12-12T17:35:56","modified_gmt":"2025-12-12T16:35:56","slug":"isdin-flavo-c-melatonin-serum-reparateur-nuit-30-ampoules","status":"publish","type":"product","link":"https:\/\/paracherkaoui.ma\/index.php\/produit\/isdin-flavo-c-melatonin-serum-reparateur-nuit-30-ampoules\/","title":{"rendered":"Isdin Flavo-C Melatonin S\u00e9rum R\u00e9parateur Nuit 30 ampoules"},"content":{"rendered":"<p>Description :<br \/>\nIsdin Flavo-C Melatonin Nuit\u00a0est un s\u00e9rum pour le visage qui stimule les d\u00e9fenses antioxydantes de la peau et la pr\u00e9pare au stress oxidatif subit la journ\u00e9e.<br \/>\nIl est formul\u00e9 avec :<br \/>\nLa m\u00e9latonine pr\u00e9pare la peau au stress oxydatif de la journ\u00e9e.<br \/>\nLe bakuchiol qui restaure la fermet\u00e9 et l&rsquo;\u00e9lasticit\u00e9 de la peau.<br \/>\nLa vitamine C qui prot\u00e8ge contre le stress oxydatif et agit sur l&rsquo;\u00e9clat de la peau.<br \/>\nIndications :<br \/>\nS\u00e9rum visage nuit.<br \/>\nConseils d&rsquo;utilisation :<br \/>\nAgiter avant emploi. Ouvrir l&rsquo;ampoule et appliquer le s\u00e9rum avant de se coucher, sur une peau propre et s\u00e8che en \u00e9vitant le contour des yeux.<br \/>\nUn ampoule ouverte doit \u00eatre utilis\u00e9e dans les 48h.<br \/>\nComposition :<br \/>\nCaprylic\/ Capric triglyceride, dicaprylyl Carbonate, ascorbyl tetraisopalmitate, squalane, alcohol denat, 1.2-hexanediol, bakuchiol, caprylyl glycol, parfum (fragrance), melatonine, PEG-8, aqua (water), tocopherol, ascorbyl, palmitate, ascorbic acid, citrid acid.<br \/>\nConditionnement :<br \/>\nBoite de 30 ampoules.<\/p>\n","protected":false},"excerpt":{"rendered":"<p>Description : Isdin Flavo-C Melatonin Nuit\u00a0est un s\u00e9rum pour le visage qui stimule les d\u00e9fenses antioxydantes de la peau et<\/p>\n","protected":false},"featured_media":10783,"comment_status":"open","ping_status":"closed","template":"","meta":[],"product_brand":[135],"product_cat":[140],"product_tag":[],"class_list":{"0":"post-10739","1":"product","2":"type-product","3":"status-publish","4":"has-post-thumbnail","6":"product_brand-isdin","7":"product_cat-anti-age","9":"first","10":"instock","11":"sale","12":"shipping-taxable","13":"purchasable","14":"product-type-simple"},"yoast_head":"<!-- This site is optimized with the Yoast SEO plugin v26.6 - https:\/\/yoast.com\/wordpress\/plugins\/seo\/ -->\r\n<title>Isdin Flavo-C Melatonin S\u00e9rum R\u00e9parateur Nuit 30 ampoules - Paracherkaoui.ma<\/title>\r\n<meta name=\"robots\" content=\"index, follow, max-snippet:-1, max-image-preview:large, max-video-preview:-1\" \/>\r\n<link rel=\"canonical\" href=\"https:\/\/paracherkaoui.ma\/index.php\/produit\/isdin-flavo-c-melatonin-serum-reparateur-nuit-30-ampoules\/\" \/>\r\n<meta property=\"og:locale\" content=\"fr_FR\" \/>\r\n<meta property=\"og:type\" content=\"article\" \/>\r\n<meta property=\"og:title\" content=\"Isdin Flavo-C Melatonin S\u00e9rum R\u00e9parateur Nuit 30 ampoules - Paracherkaoui.ma\" \/>\r\n<meta property=\"og:description\" content=\"Description : Isdin Flavo-C Melatonin Nuit\u00a0est un s\u00e9rum pour le visage qui stimule les d\u00e9fenses antioxydantes de la peau et\" \/>\r\n<meta property=\"og:url\" content=\"https:\/\/paracherkaoui.ma\/index.php\/produit\/isdin-flavo-c-melatonin-serum-reparateur-nuit-30-ampoules\/\" \/>\r\n<meta property=\"og:site_name\" content=\"Paracherkaoui.ma\" \/>\r\n<meta property=\"article:modified_time\" content=\"2025-12-12T16:35:56+00:00\" \/>\r\n<meta property=\"og:image\" content=\"https:\/\/paracherkaoui.ma\/wp-content\/uploads\/2025\/12\/isdin-isdin-flavo-c-melatonin-serum-reparateur-nuit-30-ampoules-visage.jpg\" \/>\r\n\t<meta property=\"og:image:width\" content=\"700\" \/>\r\n\t<meta property=\"og:image:height\" content=\"700\" \/>\r\n\t<meta property=\"og:image:type\" content=\"image\/jpeg\" \/>\r\n<meta name=\"twitter:card\" content=\"summary_large_image\" \/>\r\n<meta name=\"twitter:label1\" content=\"Dur\u00e9e de lecture estim\u00e9e\" \/>\n\t<meta name=\"twitter:data1\" content=\"1 minute\" \/>\r\n<script type=\"application\/ld+json\" class=\"yoast-schema-graph\">{\"@context\":\"https:\/\/schema.org\",\"@graph\":[{\"@type\":\"WebPage\",\"@id\":\"https:\/\/paracherkaoui.ma\/index.php\/produit\/isdin-flavo-c-melatonin-serum-reparateur-nuit-30-ampoules\/\",\"url\":\"https:\/\/paracherkaoui.ma\/index.php\/produit\/isdin-flavo-c-melatonin-serum-reparateur-nuit-30-ampoules\/\",\"name\":\"Isdin Flavo-C Melatonin S\u00e9rum R\u00e9parateur Nuit 30 ampoules - Paracherkaoui.ma\",\"isPartOf\":{\"@id\":\"https:\/\/paracherkaoui.ma\/#website\"},\"primaryImageOfPage\":{\"@id\":\"https:\/\/paracherkaoui.ma\/index.php\/produit\/isdin-flavo-c-melatonin-serum-reparateur-nuit-30-ampoules\/#primaryimage\"},\"image\":{\"@id\":\"https:\/\/paracherkaoui.ma\/index.php\/produit\/isdin-flavo-c-melatonin-serum-reparateur-nuit-30-ampoules\/#primaryimage\"},\"thumbnailUrl\":\"https:\/\/paracherkaoui.ma\/wp-content\/uploads\/2025\/12\/isdin-isdin-flavo-c-melatonin-serum-reparateur-nuit-30-ampoules-visage.jpg\",\"datePublished\":\"2025-12-12T16:35:52+00:00\",\"dateModified\":\"2025-12-12T16:35:56+00:00\",\"breadcrumb\":{\"@id\":\"https:\/\/paracherkaoui.ma\/index.php\/produit\/isdin-flavo-c-melatonin-serum-reparateur-nuit-30-ampoules\/#breadcrumb\"},\"inLanguage\":\"fr-FR\",\"potentialAction\":[{\"@type\":\"ReadAction\",\"target\":[\"https:\/\/paracherkaoui.ma\/index.php\/produit\/isdin-flavo-c-melatonin-serum-reparateur-nuit-30-ampoules\/\"]}]},{\"@type\":\"ImageObject\",\"inLanguage\":\"fr-FR\",\"@id\":\"https:\/\/paracherkaoui.ma\/index.php\/produit\/isdin-flavo-c-melatonin-serum-reparateur-nuit-30-ampoules\/#primaryimage\",\"url\":\"https:\/\/paracherkaoui.ma\/wp-content\/uploads\/2025\/12\/isdin-isdin-flavo-c-melatonin-serum-reparateur-nuit-30-ampoules-visage.jpg\",\"contentUrl\":\"https:\/\/paracherkaoui.ma\/wp-content\/uploads\/2025\/12\/isdin-isdin-flavo-c-melatonin-serum-reparateur-nuit-30-ampoules-visage.jpg\",\"width\":700,\"height\":700},{\"@type\":\"BreadcrumbList\",\"@id\":\"https:\/\/paracherkaoui.ma\/index.php\/produit\/isdin-flavo-c-melatonin-serum-reparateur-nuit-30-ampoules\/#breadcrumb\",\"itemListElement\":[{\"@type\":\"ListItem\",\"position\":1,\"name\":\"Accueil\",\"item\":\"https:\/\/paracherkaoui.ma\/\"},{\"@type\":\"ListItem\",\"position\":2,\"name\":\"Boutique\",\"item\":\"https:\/\/paracherkaoui.ma\/index.php\/boutique\/\"},{\"@type\":\"ListItem\",\"position\":3,\"name\":\"Isdin Flavo-C Melatonin S\u00e9rum R\u00e9parateur Nuit 30 ampoules\"}]},{\"@type\":\"WebSite\",\"@id\":\"https:\/\/paracherkaoui.ma\/#website\",\"url\":\"https:\/\/paracherkaoui.ma\/\",\"name\":\"Paracherkaoui.ma\",\"description\":\"Achetez en ligne sur Paracherkaoui.ma\",\"potentialAction\":[{\"@type\":\"SearchAction\",\"target\":{\"@type\":\"EntryPoint\",\"urlTemplate\":\"https:\/\/paracherkaoui.ma\/?s={search_term_string}\"},\"query-input\":{\"@type\":\"PropertyValueSpecification\",\"valueRequired\":true,\"valueName\":\"search_term_string\"}}],\"inLanguage\":\"fr-FR\"}]}<\/script>\r\n<!-- \/ Yoast SEO plugin. -->","yoast_head_json":{"title":"Isdin Flavo-C Melatonin S\u00e9rum R\u00e9parateur Nuit 30 ampoules - Paracherkaoui.ma","robots":{"index":"index","follow":"follow","max-snippet":"max-snippet:-1","max-image-preview":"max-image-preview:large","max-video-preview":"max-video-preview:-1"},"canonical":"https:\/\/paracherkaoui.ma\/index.php\/produit\/isdin-flavo-c-melatonin-serum-reparateur-nuit-30-ampoules\/","og_locale":"fr_FR","og_type":"article","og_title":"Isdin Flavo-C Melatonin S\u00e9rum R\u00e9parateur Nuit 30 ampoules - Paracherkaoui.ma","og_description":"Description : Isdin Flavo-C Melatonin Nuit\u00a0est un s\u00e9rum pour le visage qui stimule les d\u00e9fenses antioxydantes de la peau et","og_url":"https:\/\/paracherkaoui.ma\/index.php\/produit\/isdin-flavo-c-melatonin-serum-reparateur-nuit-30-ampoules\/","og_site_name":"Paracherkaoui.ma","article_modified_time":"2025-12-12T16:35:56+00:00","og_image":[{"width":700,"height":700,"url":"https:\/\/paracherkaoui.ma\/wp-content\/uploads\/2025\/12\/isdin-isdin-flavo-c-melatonin-serum-reparateur-nuit-30-ampoules-visage.jpg","type":"image\/jpeg"}],"twitter_card":"summary_large_image","twitter_misc":{"Dur\u00e9e de lecture estim\u00e9e":"1 minute"},"schema":{"@context":"https:\/\/schema.org","@graph":[{"@type":"WebPage","@id":"https:\/\/paracherkaoui.ma\/index.php\/produit\/isdin-flavo-c-melatonin-serum-reparateur-nuit-30-ampoules\/","url":"https:\/\/paracherkaoui.ma\/index.php\/produit\/isdin-flavo-c-melatonin-serum-reparateur-nuit-30-ampoules\/","name":"Isdin Flavo-C Melatonin S\u00e9rum R\u00e9parateur Nuit 30 ampoules - Paracherkaoui.ma","isPartOf":{"@id":"https:\/\/paracherkaoui.ma\/#website"},"primaryImageOfPage":{"@id":"https:\/\/paracherkaoui.ma\/index.php\/produit\/isdin-flavo-c-melatonin-serum-reparateur-nuit-30-ampoules\/#primaryimage"},"image":{"@id":"https:\/\/paracherkaoui.ma\/index.php\/produit\/isdin-flavo-c-melatonin-serum-reparateur-nuit-30-ampoules\/#primaryimage"},"thumbnailUrl":"https:\/\/paracherkaoui.ma\/wp-content\/uploads\/2025\/12\/isdin-isdin-flavo-c-melatonin-serum-reparateur-nuit-30-ampoules-visage.jpg","datePublished":"2025-12-12T16:35:52+00:00","dateModified":"2025-12-12T16:35:56+00:00","breadcrumb":{"@id":"https:\/\/paracherkaoui.ma\/index.php\/produit\/isdin-flavo-c-melatonin-serum-reparateur-nuit-30-ampoules\/#breadcrumb"},"inLanguage":"fr-FR","potentialAction":[{"@type":"ReadAction","target":["https:\/\/paracherkaoui.ma\/index.php\/produit\/isdin-flavo-c-melatonin-serum-reparateur-nuit-30-ampoules\/"]}]},{"@type":"ImageObject","inLanguage":"fr-FR","@id":"https:\/\/paracherkaoui.ma\/index.php\/produit\/isdin-flavo-c-melatonin-serum-reparateur-nuit-30-ampoules\/#primaryimage","url":"https:\/\/paracherkaoui.ma\/wp-content\/uploads\/2025\/12\/isdin-isdin-flavo-c-melatonin-serum-reparateur-nuit-30-ampoules-visage.jpg","contentUrl":"https:\/\/paracherkaoui.ma\/wp-content\/uploads\/2025\/12\/isdin-isdin-flavo-c-melatonin-serum-reparateur-nuit-30-ampoules-visage.jpg","width":700,"height":700},{"@type":"BreadcrumbList","@id":"https:\/\/paracherkaoui.ma\/index.php\/produit\/isdin-flavo-c-melatonin-serum-reparateur-nuit-30-ampoules\/#breadcrumb","itemListElement":[{"@type":"ListItem","position":1,"name":"Accueil","item":"https:\/\/paracherkaoui.ma\/"},{"@type":"ListItem","position":2,"name":"Boutique","item":"https:\/\/paracherkaoui.ma\/index.php\/boutique\/"},{"@type":"ListItem","position":3,"name":"Isdin Flavo-C Melatonin S\u00e9rum R\u00e9parateur Nuit 30 ampoules"}]},{"@type":"WebSite","@id":"https:\/\/paracherkaoui.ma\/#website","url":"https:\/\/paracherkaoui.ma\/","name":"Paracherkaoui.ma","description":"Achetez en ligne sur Paracherkaoui.ma","potentialAction":[{"@type":"SearchAction","target":{"@type":"EntryPoint","urlTemplate":"https:\/\/paracherkaoui.ma\/?s={search_term_string}"},"query-input":{"@type":"PropertyValueSpecification","valueRequired":true,"valueName":"search_term_string"}}],"inLanguage":"fr-FR"}]}},"_links":{"self":[{"href":"https:\/\/paracherkaoui.ma\/index.php\/wp-json\/wp\/v2\/product\/10739","targetHints":{"allow":["GET"]}}],"collection":[{"href":"https:\/\/paracherkaoui.ma\/index.php\/wp-json\/wp\/v2\/product"}],"about":[{"href":"https:\/\/paracherkaoui.ma\/index.php\/wp-json\/wp\/v2\/types\/product"}],"replies":[{"embeddable":true,"href":"https:\/\/paracherkaoui.ma\/index.php\/wp-json\/wp\/v2\/comments?post=10739"}],"version-history":[{"count":1,"href":"https:\/\/paracherkaoui.ma\/index.php\/wp-json\/wp\/v2\/product\/10739\/revisions"}],"predecessor-version":[{"id":10784,"href":"https:\/\/paracherkaoui.ma\/index.php\/wp-json\/wp\/v2\/product\/10739\/revisions\/10784"}],"wp:featuredmedia":[{"embeddable":true,"href":"https:\/\/paracherkaoui.ma\/index.php\/wp-json\/wp\/v2\/media\/10783"}],"wp:attachment":[{"href":"https:\/\/paracherkaoui.ma\/index.php\/wp-json\/wp\/v2\/media?parent=10739"}],"wp:term":[{"taxonomy":"product_brand","embeddable":true,"href":"https:\/\/paracherkaoui.ma\/index.php\/wp-json\/wp\/v2\/product_brand?post=10739"},{"taxonomy":"product_cat","embeddable":true,"href":"https:\/\/paracherkaoui.ma\/index.php\/wp-json\/wp\/v2\/product_cat?post=10739"},{"taxonomy":"product_tag","embeddable":true,"href":"https:\/\/paracherkaoui.ma\/index.php\/wp-json\/wp\/v2\/product_tag?post=10739"}],"curies":[{"name":"wp","href":"https:\/\/api.w.org\/{rel}","templated":true}]}}