{"id":10730,"date":"2025-12-12T17:35:51","date_gmt":"2025-12-12T16:35:51","guid":{"rendered":"https:\/\/test.ecbeaute.com\/?post_type=product&#038;p=10730"},"modified":"2025-12-12T17:35:55","modified_gmt":"2025-12-12T16:35:55","slug":"vichy-liftactiv-supreme-peaux-seches-50-ml","status":"publish","type":"product","link":"https:\/\/paracherkaoui.ma\/index.php\/produit\/vichy-liftactiv-supreme-peaux-seches-50-ml\/","title":{"rendered":"VICHY LIFTACTIV SUPREME PEAUX SECHES 50 ML"},"content":{"rendered":"<p>Gr\u00e2ce \u00e0 sa formule enrichie en acide hyaluronique pur, fractions de probiotiques, eau volcanique de Vichy et eau thermale, cette cr\u00e8me combat visiblement les rides, redonne de la fermet\u00e9 et illumine le teint d\u00e8s la premi\u00e8re application.<br \/>\nDestin\u00e9e aux peaux matures sujettes \u00e0 la s\u00e9cheresse cutan\u00e9e, cette cr\u00e8me apporte un confort imm\u00e9diat tout en liftant les traits. L\u2019\u00e9piderme est plus tonique, comme redensifi\u00e9, les rides s\u2019att\u00e9nuent progressivement, et la peau retrouve \u00e9clat et vitalit\u00e9. Son efficacit\u00e9 est prouv\u00e9e :<br \/>\n83 % des femmes constatent une peau plus ferme,<br \/>\n87 % trouvent leur peau plus lisse,<br \/>\n30 % de rides en moins apr\u00e8s 2 mois.<br \/>\nLa texture riche et fondante nourrit intens\u00e9ment sans laisser de film gras. Ce soin quotidien est hypoallerg\u00e9nique, non com\u00e9dog\u00e8ne et adapt\u00e9 aux peaux sensibles. Il respecte l\u2019\u00e9quilibre cutan\u00e9 tout en renfor\u00e7ant la barri\u00e8re protectrice de la peau, gr\u00e2ce aux probiotiques et min\u00e9raux essentiels.<br \/>\nConseils d&rsquo;utilisation<br \/>\nAppliquez matin et\/ou soir sur peau parfaitement nettoy\u00e9e. D\u00e9posez une noisette de cr\u00e8me sur le visage et le cou, puis massez doucement en effectuant des mouvements circulaires. Pour un r\u00e9sultat optimal, utilisez en compl\u00e9ment du s\u00e9rum Vichy Liftactiv adapt\u00e9.<br \/>\nComposition<br \/>\nAQUA \/ WATER \/ EAU, GLYCERIN, RHAMNOSE, PRUNUS ARMENIACA KERNEL OIL \/ APRICOT KERNEL OIL, CAPRYLIC\/CAPRIC TRIGLYCERIDE, PENTAERYTHRITYL TETRAETHYLHEXANOATE, CETYL ALCOHOL, ZEA MAYS STARCH \/ CORN STARCH, BUTYROSPERMUM PARKII BUTTER \/ SHEA BUTTER, PETROLATUM, GLYCERYL STEARATE, PENTYLENE GLYCOL, DIMETHICONE, PEG-40 STEARATE, CERA ALBA \/ BEESWAX \/ CIRE D\u2019ABEILLE, HYDROXYETHYLPIPERAZINE ETHANE SULFONIC ACID, ADENOSINE, PENTAERYTHRITYL TETRA-DI-T-BUTYLHYDROXYHYDROCINNAMATE, SODIUM HYALURONATE, TRIETHANOLAMINE, ASCORBYL GLUCOSIDE, MAGNESIUM ASCORBYL PHOSPHATE, CAPRYLYL GLYCOL, CITRIC ACID, POLOXAMER 338, SORBITAN TRISTEARATE, XANTHAN GUM, DIMETHICONOL, PHENOXYETHANOL, PARFUM \/ FRAGRANCE<\/p>\n","protected":false},"excerpt":{"rendered":"<p>Gr\u00e2ce \u00e0 sa formule enrichie en acide hyaluronique pur, fractions de probiotiques, eau volcanique de Vichy et eau thermale, cette<\/p>\n","protected":false},"featured_media":10765,"comment_status":"open","ping_status":"closed","template":"","meta":[],"product_brand":[139],"product_cat":[140],"product_tag":[],"class_list":{"0":"post-10730","1":"product","2":"type-product","3":"status-publish","4":"has-post-thumbnail","6":"product_brand-vichy","7":"product_cat-anti-age","9":"first","10":"instock","11":"sale","12":"shipping-taxable","13":"purchasable","14":"product-type-simple"},"yoast_head":"<!-- This site is optimized with the Yoast SEO plugin v26.6 - https:\/\/yoast.com\/wordpress\/plugins\/seo\/ -->\r\n<title>VICHY LIFTACTIV SUPREME PEAUX SECHES 50 ML - Paracherkaoui.ma<\/title>\r\n<meta name=\"robots\" content=\"index, follow, max-snippet:-1, max-image-preview:large, max-video-preview:-1\" \/>\r\n<link rel=\"canonical\" href=\"https:\/\/paracherkaoui.ma\/index.php\/produit\/vichy-liftactiv-supreme-peaux-seches-50-ml\/\" \/>\r\n<meta property=\"og:locale\" content=\"fr_FR\" \/>\r\n<meta property=\"og:type\" content=\"article\" \/>\r\n<meta property=\"og:title\" content=\"VICHY LIFTACTIV SUPREME PEAUX SECHES 50 ML - Paracherkaoui.ma\" \/>\r\n<meta property=\"og:description\" content=\"Gr\u00e2ce \u00e0 sa formule enrichie en acide hyaluronique pur, fractions de probiotiques, eau volcanique de Vichy et eau thermale, cette\" \/>\r\n<meta property=\"og:url\" content=\"https:\/\/paracherkaoui.ma\/index.php\/produit\/vichy-liftactiv-supreme-peaux-seches-50-ml\/\" \/>\r\n<meta property=\"og:site_name\" content=\"Paracherkaoui.ma\" \/>\r\n<meta property=\"article:modified_time\" content=\"2025-12-12T16:35:55+00:00\" \/>\r\n<meta property=\"og:image\" content=\"https:\/\/paracherkaoui.ma\/wp-content\/uploads\/2025\/12\/vichy-vichy-liftactiv-supreme-peaux-seches-50-ml-peaux-matures.jpg\" \/>\r\n\t<meta property=\"og:image:width\" content=\"700\" \/>\r\n\t<meta property=\"og:image:height\" content=\"700\" \/>\r\n\t<meta property=\"og:image:type\" content=\"image\/jpeg\" \/>\r\n<meta name=\"twitter:card\" content=\"summary_large_image\" \/>\r\n<meta name=\"twitter:label1\" content=\"Dur\u00e9e de lecture estim\u00e9e\" \/>\n\t<meta name=\"twitter:data1\" content=\"1 minute\" \/>\r\n<script type=\"application\/ld+json\" class=\"yoast-schema-graph\">{\"@context\":\"https:\/\/schema.org\",\"@graph\":[{\"@type\":\"WebPage\",\"@id\":\"https:\/\/paracherkaoui.ma\/index.php\/produit\/vichy-liftactiv-supreme-peaux-seches-50-ml\/\",\"url\":\"https:\/\/paracherkaoui.ma\/index.php\/produit\/vichy-liftactiv-supreme-peaux-seches-50-ml\/\",\"name\":\"VICHY LIFTACTIV SUPREME PEAUX SECHES 50 ML - Paracherkaoui.ma\",\"isPartOf\":{\"@id\":\"https:\/\/paracherkaoui.ma\/#website\"},\"primaryImageOfPage\":{\"@id\":\"https:\/\/paracherkaoui.ma\/index.php\/produit\/vichy-liftactiv-supreme-peaux-seches-50-ml\/#primaryimage\"},\"image\":{\"@id\":\"https:\/\/paracherkaoui.ma\/index.php\/produit\/vichy-liftactiv-supreme-peaux-seches-50-ml\/#primaryimage\"},\"thumbnailUrl\":\"https:\/\/paracherkaoui.ma\/wp-content\/uploads\/2025\/12\/vichy-vichy-liftactiv-supreme-peaux-seches-50-ml-peaux-matures.jpg\",\"datePublished\":\"2025-12-12T16:35:51+00:00\",\"dateModified\":\"2025-12-12T16:35:55+00:00\",\"breadcrumb\":{\"@id\":\"https:\/\/paracherkaoui.ma\/index.php\/produit\/vichy-liftactiv-supreme-peaux-seches-50-ml\/#breadcrumb\"},\"inLanguage\":\"fr-FR\",\"potentialAction\":[{\"@type\":\"ReadAction\",\"target\":[\"https:\/\/paracherkaoui.ma\/index.php\/produit\/vichy-liftactiv-supreme-peaux-seches-50-ml\/\"]}]},{\"@type\":\"ImageObject\",\"inLanguage\":\"fr-FR\",\"@id\":\"https:\/\/paracherkaoui.ma\/index.php\/produit\/vichy-liftactiv-supreme-peaux-seches-50-ml\/#primaryimage\",\"url\":\"https:\/\/paracherkaoui.ma\/wp-content\/uploads\/2025\/12\/vichy-vichy-liftactiv-supreme-peaux-seches-50-ml-peaux-matures.jpg\",\"contentUrl\":\"https:\/\/paracherkaoui.ma\/wp-content\/uploads\/2025\/12\/vichy-vichy-liftactiv-supreme-peaux-seches-50-ml-peaux-matures.jpg\",\"width\":700,\"height\":700},{\"@type\":\"BreadcrumbList\",\"@id\":\"https:\/\/paracherkaoui.ma\/index.php\/produit\/vichy-liftactiv-supreme-peaux-seches-50-ml\/#breadcrumb\",\"itemListElement\":[{\"@type\":\"ListItem\",\"position\":1,\"name\":\"Accueil\",\"item\":\"https:\/\/paracherkaoui.ma\/\"},{\"@type\":\"ListItem\",\"position\":2,\"name\":\"Boutique\",\"item\":\"https:\/\/paracherkaoui.ma\/index.php\/boutique\/\"},{\"@type\":\"ListItem\",\"position\":3,\"name\":\"VICHY LIFTACTIV SUPREME PEAUX SECHES 50 ML\"}]},{\"@type\":\"WebSite\",\"@id\":\"https:\/\/paracherkaoui.ma\/#website\",\"url\":\"https:\/\/paracherkaoui.ma\/\",\"name\":\"Paracherkaoui.ma\",\"description\":\"Achetez en ligne sur Paracherkaoui.ma\",\"potentialAction\":[{\"@type\":\"SearchAction\",\"target\":{\"@type\":\"EntryPoint\",\"urlTemplate\":\"https:\/\/paracherkaoui.ma\/?s={search_term_string}\"},\"query-input\":{\"@type\":\"PropertyValueSpecification\",\"valueRequired\":true,\"valueName\":\"search_term_string\"}}],\"inLanguage\":\"fr-FR\"}]}<\/script>\r\n<!-- \/ Yoast SEO plugin. -->","yoast_head_json":{"title":"VICHY LIFTACTIV SUPREME PEAUX SECHES 50 ML - Paracherkaoui.ma","robots":{"index":"index","follow":"follow","max-snippet":"max-snippet:-1","max-image-preview":"max-image-preview:large","max-video-preview":"max-video-preview:-1"},"canonical":"https:\/\/paracherkaoui.ma\/index.php\/produit\/vichy-liftactiv-supreme-peaux-seches-50-ml\/","og_locale":"fr_FR","og_type":"article","og_title":"VICHY LIFTACTIV SUPREME PEAUX SECHES 50 ML - Paracherkaoui.ma","og_description":"Gr\u00e2ce \u00e0 sa formule enrichie en acide hyaluronique pur, fractions de probiotiques, eau volcanique de Vichy et eau thermale, cette","og_url":"https:\/\/paracherkaoui.ma\/index.php\/produit\/vichy-liftactiv-supreme-peaux-seches-50-ml\/","og_site_name":"Paracherkaoui.ma","article_modified_time":"2025-12-12T16:35:55+00:00","og_image":[{"width":700,"height":700,"url":"https:\/\/paracherkaoui.ma\/wp-content\/uploads\/2025\/12\/vichy-vichy-liftactiv-supreme-peaux-seches-50-ml-peaux-matures.jpg","type":"image\/jpeg"}],"twitter_card":"summary_large_image","twitter_misc":{"Dur\u00e9e de lecture estim\u00e9e":"1 minute"},"schema":{"@context":"https:\/\/schema.org","@graph":[{"@type":"WebPage","@id":"https:\/\/paracherkaoui.ma\/index.php\/produit\/vichy-liftactiv-supreme-peaux-seches-50-ml\/","url":"https:\/\/paracherkaoui.ma\/index.php\/produit\/vichy-liftactiv-supreme-peaux-seches-50-ml\/","name":"VICHY LIFTACTIV SUPREME PEAUX SECHES 50 ML - Paracherkaoui.ma","isPartOf":{"@id":"https:\/\/paracherkaoui.ma\/#website"},"primaryImageOfPage":{"@id":"https:\/\/paracherkaoui.ma\/index.php\/produit\/vichy-liftactiv-supreme-peaux-seches-50-ml\/#primaryimage"},"image":{"@id":"https:\/\/paracherkaoui.ma\/index.php\/produit\/vichy-liftactiv-supreme-peaux-seches-50-ml\/#primaryimage"},"thumbnailUrl":"https:\/\/paracherkaoui.ma\/wp-content\/uploads\/2025\/12\/vichy-vichy-liftactiv-supreme-peaux-seches-50-ml-peaux-matures.jpg","datePublished":"2025-12-12T16:35:51+00:00","dateModified":"2025-12-12T16:35:55+00:00","breadcrumb":{"@id":"https:\/\/paracherkaoui.ma\/index.php\/produit\/vichy-liftactiv-supreme-peaux-seches-50-ml\/#breadcrumb"},"inLanguage":"fr-FR","potentialAction":[{"@type":"ReadAction","target":["https:\/\/paracherkaoui.ma\/index.php\/produit\/vichy-liftactiv-supreme-peaux-seches-50-ml\/"]}]},{"@type":"ImageObject","inLanguage":"fr-FR","@id":"https:\/\/paracherkaoui.ma\/index.php\/produit\/vichy-liftactiv-supreme-peaux-seches-50-ml\/#primaryimage","url":"https:\/\/paracherkaoui.ma\/wp-content\/uploads\/2025\/12\/vichy-vichy-liftactiv-supreme-peaux-seches-50-ml-peaux-matures.jpg","contentUrl":"https:\/\/paracherkaoui.ma\/wp-content\/uploads\/2025\/12\/vichy-vichy-liftactiv-supreme-peaux-seches-50-ml-peaux-matures.jpg","width":700,"height":700},{"@type":"BreadcrumbList","@id":"https:\/\/paracherkaoui.ma\/index.php\/produit\/vichy-liftactiv-supreme-peaux-seches-50-ml\/#breadcrumb","itemListElement":[{"@type":"ListItem","position":1,"name":"Accueil","item":"https:\/\/paracherkaoui.ma\/"},{"@type":"ListItem","position":2,"name":"Boutique","item":"https:\/\/paracherkaoui.ma\/index.php\/boutique\/"},{"@type":"ListItem","position":3,"name":"VICHY LIFTACTIV SUPREME PEAUX SECHES 50 ML"}]},{"@type":"WebSite","@id":"https:\/\/paracherkaoui.ma\/#website","url":"https:\/\/paracherkaoui.ma\/","name":"Paracherkaoui.ma","description":"Achetez en ligne sur Paracherkaoui.ma","potentialAction":[{"@type":"SearchAction","target":{"@type":"EntryPoint","urlTemplate":"https:\/\/paracherkaoui.ma\/?s={search_term_string}"},"query-input":{"@type":"PropertyValueSpecification","valueRequired":true,"valueName":"search_term_string"}}],"inLanguage":"fr-FR"}]}},"_links":{"self":[{"href":"https:\/\/paracherkaoui.ma\/index.php\/wp-json\/wp\/v2\/product\/10730","targetHints":{"allow":["GET"]}}],"collection":[{"href":"https:\/\/paracherkaoui.ma\/index.php\/wp-json\/wp\/v2\/product"}],"about":[{"href":"https:\/\/paracherkaoui.ma\/index.php\/wp-json\/wp\/v2\/types\/product"}],"replies":[{"embeddable":true,"href":"https:\/\/paracherkaoui.ma\/index.php\/wp-json\/wp\/v2\/comments?post=10730"}],"version-history":[{"count":1,"href":"https:\/\/paracherkaoui.ma\/index.php\/wp-json\/wp\/v2\/product\/10730\/revisions"}],"predecessor-version":[{"id":10766,"href":"https:\/\/paracherkaoui.ma\/index.php\/wp-json\/wp\/v2\/product\/10730\/revisions\/10766"}],"wp:featuredmedia":[{"embeddable":true,"href":"https:\/\/paracherkaoui.ma\/index.php\/wp-json\/wp\/v2\/media\/10765"}],"wp:attachment":[{"href":"https:\/\/paracherkaoui.ma\/index.php\/wp-json\/wp\/v2\/media?parent=10730"}],"wp:term":[{"taxonomy":"product_brand","embeddable":true,"href":"https:\/\/paracherkaoui.ma\/index.php\/wp-json\/wp\/v2\/product_brand?post=10730"},{"taxonomy":"product_cat","embeddable":true,"href":"https:\/\/paracherkaoui.ma\/index.php\/wp-json\/wp\/v2\/product_cat?post=10730"},{"taxonomy":"product_tag","embeddable":true,"href":"https:\/\/paracherkaoui.ma\/index.php\/wp-json\/wp\/v2\/product_tag?post=10730"}],"curies":[{"name":"wp","href":"https:\/\/api.w.org\/{rel}","templated":true}]}}