{"id":58508,"date":"2025-12-15T12:50:28","date_gmt":"2025-12-15T11:50:28","guid":{"rendered":"https:\/\/test.ecbeaute.com\/?page_id=58508"},"modified":"2025-12-15T13:02:10","modified_gmt":"2025-12-15T12:02:10","slug":"politique-de-confidentialite-2","status":"publish","type":"page","link":"https:\/\/paracherkaoui.ma\/index.php\/politique-de-confidentialite-2\/","title":{"rendered":"Politique de confidentialit\u00e9"},"content":{"rendered":"\t\t<div data-elementor-type=\"wp-page\" data-elementor-id=\"58508\" class=\"elementor elementor-58508\">\n\t\t\t\t<div class=\"wd-negative-gap elementor-element elementor-element-3cf7163 e-flex e-con-boxed e-con e-parent\" data-id=\"3cf7163\" data-element_type=\"container\">\n\t\t\t\t\t<div class=\"e-con-inner\">\n\t\t\t\t<div class=\"elementor-element elementor-element-9a131f6 elementor-widget elementor-widget-heading\" data-id=\"9a131f6\" data-element_type=\"widget\" data-widget_type=\"heading.default\">\n\t\t\t\t\t<h1 class=\"elementor-heading-title elementor-size-default\"><header style=\"margin-bottom: 1.2rem;flex-flow: column wrap;, helvetica, arial, sans-serif;font-size: 16px;font-style: normal;font-weight: 400\"><h1 style=\"margin-bottom: 0px;font-family: Medilazar;font-weight: 600;font-size: 2.25rem;max-width: 100%;font-style: normal;clear: both;line-height: 1.2;position: relative;flex: 0 0 100%\">Politique de confidentialit\u00e9<span style=\", Arial, Helvetica, sans-serif;font-size: 34px;font-style: normal;font-weight: 700\"><\/span><\/h1><\/header><\/h1>\t\t\t\t<\/div>\n\t\t\t\t<div class=\"elementor-element elementor-element-82e6564 color-scheme-inherit text-left elementor-widget elementor-widget-text-editor\" data-id=\"82e6564\" data-element_type=\"widget\" data-widget_type=\"text-editor.default\">\n\t\t\t\t\t\t\t\t\t<p><span style=\"font-weight: 400;\">Tout d\u2019abord ,Nous stockons et traitons vos informations sur des serveurs prot\u00e9g\u00e9s par des dispositifs technologiques et humains de s\u00e9curit\u00e9.<\/span><\/p><p>\u00a0<\/p><p><span style=\"font-weight: 400;\">Ensuite ,Nous demandons \u00e0 des tiers de v\u00e9rifier et certifier nos principes de confidentialit\u00e9.<\/span><\/p><p><strong>\u00a0<\/strong><\/p><p><span style=\"font-weight: 400;\">G\u00e9n\u00e9ralement Nous pouvons transmettre vos coordonn\u00e9es \u00e0 un tiers afin d\u2019effectuer la livraison de la commande.<\/span><\/p><p><strong>\u00a0<\/strong><\/p><p><span style=\"font-weight: 400;\">Finalement Nous pouvons \u00e9galement utiliser vos donn\u00e9es afin de d\u00e9tecter d\u2019\u00e9ventuels abus ou de fraude, vous envoyer des informations sur le site Web ou nos produits.<\/span><\/p><p><strong>\u00a0<\/strong><\/p><p><span style=\"font-weight: 400;\">Nous pouvons utiliser \u00e9galement vos renseignements personnels pour avis et \u00e9tudes de march\u00e9.<\/span><\/p><p><strong>\u00a0<\/strong><\/p><p><span style=\"font-weight: 400;\">on utilise vos donn\u00e9es \u00e0 des fins statistiques<\/span><\/p><p><strong>\u00a0<\/strong><\/p><p><span style=\"font-weight: 400;\">\u00e0 noter que Nous ne partagerons aucune de vos informations personnelles avec des tiers sans votre consentement explicite.<\/span><\/p><p><strong>\u00a0<\/strong><\/p><p><span style=\"font-weight: 400;\">\u00e0 noter : De la m\u00eame mani\u00e8re, nous ne vendons ni ne louons vos informations personnelles \u00e0 des tiers pour des fins de marketing sans votre consentement explicite.<\/span><\/p><p><strong>\u00a0<\/strong><\/p><p><span style=\"font-weight: 400;\">Si vous pr\u00e9f\u00e9rez ne recevoir aucune des informations suppl\u00e9mentaires d\u00e9taill\u00e9es dans le pr\u00e9sent paragraphe (ou toute partie de celui-ci) cliquez s\u2019il vous pla\u00eet sur le lien \u201cd\u00e9sinscription\u201d dans n\u2019importe quel Email que nous vous enverrons ou nous \u00e9crire \u00e0 :<\/span><\/p><p><strong>\u00a0<\/strong><\/p><p><span style=\"font-weight: 400;\">Para cherkaoui, <\/span><span style=\"font-weight: 400;\">dar lkhir, 14 Rue Camille St Sa\u00ebns, Casablanca 20300<\/span><\/p><p><strong>\u00a0<\/strong><\/p><p><b>S\u00e9curit\u00e9 :<\/b><\/p><p><span style=\"font-weight: 400;\">Nous avons mis en place des mesures techniques appropri\u00e9es de s\u00e9curit\u00e9 pour emp\u00eacher l\u2019acc\u00e8s non autoris\u00e9<\/span><\/p><p><strong>\u00a0<\/strong><\/p><p><span style=\"font-weight: 400;\">ou ill\u00e9gal \u00e0 vos informations.<\/span><\/p><p><strong>\u00a0<\/strong><\/p><p><span style=\"font-weight: 400;\">Lorsque nous recueillons des donn\u00e9es \u00e0 travers le site Web,<\/span><\/p><p><strong>\u00a0<\/strong><\/p><p><span style=\"font-weight: 400;\">nous recueillons tout d\u2019abord vos donn\u00e9es personnelles sur un serveur s\u00e9curis\u00e9.<\/span><\/p><p><strong>\u00a0<\/strong><\/p><p><span style=\"font-weight: 400;\">Nous utilisons ensuite des pare-feu sur nos serveurs.<\/span><\/p><p><strong>\u00a0<\/strong><\/p><p><span style=\"font-weight: 400;\">Lorsque nous recueillons des informations de cartes de paiement \u00e9lectronique,<\/span><\/p><p><strong>\u00a0<\/strong><\/p><p><span style=\"font-weight: 400;\">nous utilisons aussi le cryptage en utilisant la technologie Secure Socket Layer (SSL) de codage.<\/span><\/p><p><strong>\u00a0<\/strong><\/p><p><span style=\"font-weight: 400;\">on vous recommande de ne pas envoyer le detail de cartes de cr\u00e9dit<\/span><\/p><p><strong>\u00a0<\/strong><\/p><p><span style=\"font-weight: 400;\">Mais il faut savoir que vous \u00eates responsable de la protection contre l\u2019acc\u00e8s non autoris\u00e9 \u00e0 votre mot de passe et \u00e0 votre ordinateur.<\/span><\/p><p><strong>\u00a0<\/strong><\/p><p><b>Cookies<\/b><\/p><p><span style=\"font-weight: 400;\">L\u2019acceptation des cookies n\u2019est pas n\u00e9cessaire pour visiter le site Web.<\/span><\/p><p><strong>\u00a0<\/strong><\/p><p><span style=\"font-weight: 400;\">Cependant, nous voudrions souligner que pour assurer la bonne utilisation du site Web les cookies sont n\u00e9cessaires.<\/span><\/p><p><strong>\u00a0<\/strong><\/p><p><span style=\"font-weight: 400;\">Les cookies sont des fichiers texte qui servent \u00e0 identifier votre ordinateur<\/span><\/p><p><strong>\u00a0<\/strong><\/p><p><span style=\"font-weight: 400;\">il faut savoir que Les cookies s\u2019utilisent pour reconna\u00eetre votre adresse de protocole Internet,<\/span><\/p><p><strong>\u00a0<\/strong><\/p><p><span style=\"font-weight: 400;\">vous permet d\u2019\u00e9conomiser du temps lorsque vous revenez sur le site Web.<\/span><\/p><p><strong>\u00a0<\/strong><\/p><p><span style=\"font-weight: 400;\">noter bien que Votre navigateur configure pour ne pas accepter les cookies, mais cela peut restreindre votre utilisation de paracherkaoui.com.<\/span><\/p><p><strong>\u00a0<\/strong><\/p><p><span style=\"font-weight: 400;\">toute fois Si vous voulez en savoir plus d\u2019informations sur les cookies, rendez-vous \u00e0 http:\/\/www.allaboutcookies.org.<\/span><\/p><p><strong>\u00a0<\/strong><\/p><p><span style=\"font-weight: 400;\">Notre site Web utilise les services de Google Analytics et Webtrekk GmbH<\/span><\/p><p><strong>\u00a0<\/strong><\/p><p><b>Acc\u00e8s aux donn\u00e9es utilisateur :<\/b><\/p><p><span style=\"font-weight: 400;\">Vous pouvez acc\u00e9der \u00e0 vos principales donn\u00e9es en vous connectant \u00e0 votre compte sur le site Web. Vous pouvez voir les d\u00e9tails de vos commandes et toutes les Newsletter \u00e0 laquelle vous pouvez avoir souscrit.<\/span><\/p><p><strong>\u00a0<\/strong><\/p><p><b>Mentions l\u00e9gales :<\/b><\/p><p><span style=\"font-weight: 400;\">Les informations recueillies sur le site www.paracherkaoui.com<\/span><\/p><p><strong>\u00a0<\/strong><\/p><p><span style=\"font-weight: 400;\">font l\u2019objet d\u2019un traitement destin\u00e9 notamment \u00e0 la commande d\u2019un produit, le paiement et la livraison.<\/span><\/p><p><strong>\u00a0<\/strong><\/p><p><span style=\"font-weight: 400;\">Les destinataires des donn\u00e9es se limitent exclusivement aux personnes habilit\u00e9es \u00e0 conna\u00eetre vos donn\u00e9es en raison de leurs fonctions.<\/span><\/p><p><strong>\u00a0<\/strong><\/p><p><span style=\"font-weight: 400;\">Conform\u00e9ment \u00e0 la loi n\u00b0 09-08 promulgu\u00e9e par le dahir 1.09.15 du 18 f\u00e9vrier 2009,<\/span><\/p><p><strong>\u00a0<\/strong><\/p><p><span style=\"font-weight: 400;\">relative \u00e0 la protection des personnes physiques \u00e0 l\u2019\u00e9gard du traitement des donn\u00e9es \u00e0 caract\u00e8re personnel,<\/span><\/p><p><strong>\u00a0<\/strong><\/p><p><span style=\"font-weight: 400;\">vous b\u00e9n\u00e9ficiez d\u2019un droit d\u2019acc\u00e8s et de rectification aux informations qui vous concernent,<\/span><\/p><p><strong>\u00a0<\/strong><\/p><p><span style=\"font-weight: 400;\">que vous pouvez exercer en vous adressant \u00e0 notre service client serviceclient@paracherkaoui.com (7j\/7 et 24h\/24).<\/span><\/p><p><span style=\"font-weight: 400;\">Modification :<\/span><\/p><p><strong>\u00a0<\/strong><\/p><p><span style=\"font-weight: 400;\">\u00e0 noter qu\u2019on peut inclure ou exclure des clauses ce qui fait que cette politique de confidentialit\u00e9 peut changer \u00e0 tout moment.<\/span><\/p><p><strong>\u00a0<\/strong><\/p><p><b>COORDONN\u00c9ES DE LA SOCI\u00c9T\u00c9 \u2013 MENTIONS L\u00c9GALES<\/b><\/p><p><b>Pour Contacter le Service Clients de www.paracherkaoui.com<\/b><\/p><p><span style=\"font-weight: 400;\">Pour le suivi de votre commande et le service apr\u00e8s-vente, vous pouvez nous contacter :<\/span><\/p><p><strong>\u00a0<\/strong><\/p><p><span style=\"font-weight: 400;\">En Ligne, \u00e0 l\u2019adresse email suivante : serviceclient@paracherkaoui.com<\/span><\/p><p><strong>\u00a0<\/strong><\/p><p><span style=\"font-weight: 400;\">Afin d\u2019optimiser le traitement de votre appel,<\/span><\/p><p><strong>\u00a0<\/strong><\/p><p><span style=\"font-weight: 400;\">pensez \u00e0 pr\u00e9parer l\u2019email avec lequel vous avez pass\u00e9 votre commande et le num\u00e9ro de la commande concern\u00e9e.<\/span><\/p><p><strong>\u00a0<\/strong><\/p><p><span style=\"font-weight: 400;\">Par courrier : (Merci de ne faire aucun retour de colis \u00e0 cette adresse avant autorisation confirm\u00e9e du service clients )<\/span><\/p><p><strong>\u00a0<\/strong><\/p><p><span style=\"font-weight: 400;\">Monouaf Sarl \u2013 paracherkaoui.com \u2013 Service Clients<\/span><\/p><p><strong>\u00a0<\/strong><\/p><p><span style=\"font-weight: 400;\">\u2013 Para cherkaoui, <\/span><span style=\"font-weight: 400;\">dar lkhir, 14 Rue Camille St Sa\u00ebns, Casablanca 20300<\/span><\/p><p><strong>\u00a0<\/strong><\/p><p><span style=\"font-weight: 400;\">Attention : Afin d\u2019optimiser le traitement de vos demandes, pensez \u00e0 indiquer dans votre courrier votre nom, pr\u00e9nom, email avec lequel vous avez pass\u00e9 votre commande<\/span><\/p><p><strong>\u00a0<\/strong><\/p><p><span style=\"font-weight: 400;\">et le num\u00e9ro de la commande concern\u00e9e.<\/span><\/p><p><strong>\u00a0<\/strong><\/p><p><b>Autres mentions L\u00e9gales :<\/b><\/p><p><span style=\"font-weight: 400;\">Monouaf Sarl<\/span><\/p><p><span style=\"font-weight: 400;\">SARL au capital de 1.000.000 DH,<\/span><\/p><p><span style=\"font-weight: 400;\">Immatricul\u00e9e au RC Casablanca sous le num\u00e9ro 19699.<\/span><\/p><p><span style=\"font-weight: 400;\">le si\u00e8ge social se situe \u00e0 Para cherkaoui, <\/span><span style=\"font-weight: 400;\">dar lkhir, 14 Rue Camille St Sa\u00ebns, Casablanca 20300<\/span><\/p><p><span style=\"font-weight: 400;\">Identifiant fiscal :\u00a0<\/span><\/p><p><span style=\"font-weight: 400;\">ICE :<\/span><\/p><p>\u00a0<\/p>\t\t\t\t\t\t\t\t<\/div>\n\t\t\t\t\t<\/div>\n\t\t\t\t<\/div>\n\t\t\t\t<\/div>\n\t\t","protected":false},"excerpt":{"rendered":"<p>Politique de confidentialit\u00e9 Tout d\u2019abord ,Nous stockons et traitons vos informations sur des serveurs prot\u00e9g\u00e9s par des dispositifs technologiques et<\/p>\n","protected":false},"author":2,"featured_media":0,"parent":0,"menu_order":0,"comment_status":"closed","ping_status":"closed","template":"","meta":{"footnotes":""},"class_list":["post-58508","page","type-page","status-publish","hentry"],"yoast_head":"<!-- This site is optimized with the Yoast SEO plugin v26.6 - https:\/\/yoast.com\/wordpress\/plugins\/seo\/ -->\r\n<title>Politique de confidentialit\u00e9 - Paracherkaoui.ma<\/title>\r\n<meta name=\"robots\" content=\"index, follow, max-snippet:-1, max-image-preview:large, max-video-preview:-1\" \/>\r\n<link rel=\"canonical\" href=\"https:\/\/paracherkaoui.ma\/index.php\/politique-de-confidentialite-2\/\" \/>\r\n<meta property=\"og:locale\" content=\"fr_FR\" \/>\r\n<meta property=\"og:type\" content=\"article\" \/>\r\n<meta property=\"og:title\" content=\"Politique de confidentialit\u00e9 - Paracherkaoui.ma\" \/>\r\n<meta property=\"og:description\" content=\"Politique de confidentialit\u00e9 Tout d\u2019abord ,Nous stockons et traitons vos informations sur des serveurs prot\u00e9g\u00e9s par des dispositifs technologiques et\" \/>\r\n<meta property=\"og:url\" content=\"https:\/\/paracherkaoui.ma\/index.php\/politique-de-confidentialite-2\/\" \/>\r\n<meta property=\"og:site_name\" content=\"Paracherkaoui.ma\" \/>\r\n<meta property=\"article:modified_time\" content=\"2025-12-15T12:02:10+00:00\" \/>\r\n<meta name=\"twitter:card\" content=\"summary_large_image\" \/>\r\n<meta name=\"twitter:label1\" content=\"Dur\u00e9e de lecture estim\u00e9e\" \/>\n\t<meta name=\"twitter:data1\" content=\"4 minutes\" \/>\r\n<script type=\"application\/ld+json\" class=\"yoast-schema-graph\">{\"@context\":\"https:\/\/schema.org\",\"@graph\":[{\"@type\":\"WebPage\",\"@id\":\"https:\/\/paracherkaoui.ma\/index.php\/politique-de-confidentialite-2\/\",\"url\":\"https:\/\/paracherkaoui.ma\/index.php\/politique-de-confidentialite-2\/\",\"name\":\"Politique de confidentialit\u00e9 - Paracherkaoui.ma\",\"isPartOf\":{\"@id\":\"https:\/\/paracherkaoui.ma\/#website\"},\"datePublished\":\"2025-12-15T11:50:28+00:00\",\"dateModified\":\"2025-12-15T12:02:10+00:00\",\"breadcrumb\":{\"@id\":\"https:\/\/paracherkaoui.ma\/index.php\/politique-de-confidentialite-2\/#breadcrumb\"},\"inLanguage\":\"fr-FR\",\"potentialAction\":[{\"@type\":\"ReadAction\",\"target\":[\"https:\/\/paracherkaoui.ma\/index.php\/politique-de-confidentialite-2\/\"]}]},{\"@type\":\"BreadcrumbList\",\"@id\":\"https:\/\/paracherkaoui.ma\/index.php\/politique-de-confidentialite-2\/#breadcrumb\",\"itemListElement\":[{\"@type\":\"ListItem\",\"position\":1,\"name\":\"Accueil\",\"item\":\"https:\/\/paracherkaoui.ma\/\"},{\"@type\":\"ListItem\",\"position\":2,\"name\":\"Politique de confidentialit\u00e9\"}]},{\"@type\":\"WebSite\",\"@id\":\"https:\/\/paracherkaoui.ma\/#website\",\"url\":\"https:\/\/paracherkaoui.ma\/\",\"name\":\"Paracherkaoui.ma\",\"description\":\"Achetez en ligne sur Paracherkaoui.ma\",\"potentialAction\":[{\"@type\":\"SearchAction\",\"target\":{\"@type\":\"EntryPoint\",\"urlTemplate\":\"https:\/\/paracherkaoui.ma\/?s={search_term_string}\"},\"query-input\":{\"@type\":\"PropertyValueSpecification\",\"valueRequired\":true,\"valueName\":\"search_term_string\"}}],\"inLanguage\":\"fr-FR\"}]}<\/script>\r\n<!-- \/ Yoast SEO plugin. -->","yoast_head_json":{"title":"Politique de confidentialit\u00e9 - Paracherkaoui.ma","robots":{"index":"index","follow":"follow","max-snippet":"max-snippet:-1","max-image-preview":"max-image-preview:large","max-video-preview":"max-video-preview:-1"},"canonical":"https:\/\/paracherkaoui.ma\/index.php\/politique-de-confidentialite-2\/","og_locale":"fr_FR","og_type":"article","og_title":"Politique de confidentialit\u00e9 - Paracherkaoui.ma","og_description":"Politique de confidentialit\u00e9 Tout d\u2019abord ,Nous stockons et traitons vos informations sur des serveurs prot\u00e9g\u00e9s par des dispositifs technologiques et","og_url":"https:\/\/paracherkaoui.ma\/index.php\/politique-de-confidentialite-2\/","og_site_name":"Paracherkaoui.ma","article_modified_time":"2025-12-15T12:02:10+00:00","twitter_card":"summary_large_image","twitter_misc":{"Dur\u00e9e de lecture estim\u00e9e":"4 minutes"},"schema":{"@context":"https:\/\/schema.org","@graph":[{"@type":"WebPage","@id":"https:\/\/paracherkaoui.ma\/index.php\/politique-de-confidentialite-2\/","url":"https:\/\/paracherkaoui.ma\/index.php\/politique-de-confidentialite-2\/","name":"Politique de confidentialit\u00e9 - Paracherkaoui.ma","isPartOf":{"@id":"https:\/\/paracherkaoui.ma\/#website"},"datePublished":"2025-12-15T11:50:28+00:00","dateModified":"2025-12-15T12:02:10+00:00","breadcrumb":{"@id":"https:\/\/paracherkaoui.ma\/index.php\/politique-de-confidentialite-2\/#breadcrumb"},"inLanguage":"fr-FR","potentialAction":[{"@type":"ReadAction","target":["https:\/\/paracherkaoui.ma\/index.php\/politique-de-confidentialite-2\/"]}]},{"@type":"BreadcrumbList","@id":"https:\/\/paracherkaoui.ma\/index.php\/politique-de-confidentialite-2\/#breadcrumb","itemListElement":[{"@type":"ListItem","position":1,"name":"Accueil","item":"https:\/\/paracherkaoui.ma\/"},{"@type":"ListItem","position":2,"name":"Politique de confidentialit\u00e9"}]},{"@type":"WebSite","@id":"https:\/\/paracherkaoui.ma\/#website","url":"https:\/\/paracherkaoui.ma\/","name":"Paracherkaoui.ma","description":"Achetez en ligne sur Paracherkaoui.ma","potentialAction":[{"@type":"SearchAction","target":{"@type":"EntryPoint","urlTemplate":"https:\/\/paracherkaoui.ma\/?s={search_term_string}"},"query-input":{"@type":"PropertyValueSpecification","valueRequired":true,"valueName":"search_term_string"}}],"inLanguage":"fr-FR"}]}},"_links":{"self":[{"href":"https:\/\/paracherkaoui.ma\/index.php\/wp-json\/wp\/v2\/pages\/58508","targetHints":{"allow":["GET"]}}],"collection":[{"href":"https:\/\/paracherkaoui.ma\/index.php\/wp-json\/wp\/v2\/pages"}],"about":[{"href":"https:\/\/paracherkaoui.ma\/index.php\/wp-json\/wp\/v2\/types\/page"}],"author":[{"embeddable":true,"href":"https:\/\/paracherkaoui.ma\/index.php\/wp-json\/wp\/v2\/users\/2"}],"replies":[{"embeddable":true,"href":"https:\/\/paracherkaoui.ma\/index.php\/wp-json\/wp\/v2\/comments?post=58508"}],"version-history":[{"count":4,"href":"https:\/\/paracherkaoui.ma\/index.php\/wp-json\/wp\/v2\/pages\/58508\/revisions"}],"predecessor-version":[{"id":58519,"href":"https:\/\/paracherkaoui.ma\/index.php\/wp-json\/wp\/v2\/pages\/58508\/revisions\/58519"}],"wp:attachment":[{"href":"https:\/\/paracherkaoui.ma\/index.php\/wp-json\/wp\/v2\/media?parent=58508"}],"curies":[{"name":"wp","href":"https:\/\/api.w.org\/{rel}","templated":true}]}}